{"id":2535,"date":"2021-05-29T16:26:18","date_gmt":"2021-05-29T16:26:18","guid":{"rendered":"https:\/\/www.artemrede.pt\/?post_type=wm_staff&#038;p=2535"},"modified":"2021-05-29T16:55:44","modified_gmt":"2021-05-29T16:55:44","slug":"ricardo-rio","status":"publish","type":"wm_staff","link":"https:\/\/www.artemrede.pt\/pt_pt\/person\/ricardo-rio\/","title":{"rendered":"Ricardo Rio"},"content":{"rendered":"","protected":false},"excerpt":{"rendered":"<div class=\"entry-summary\">\n<div class=\"entry-summary\">\nRicardo Rio assume fun\u00e7\u00f5es como Presidente da C\u00e2mara Municipal de Braga desde 2013, foi vereador na C\u00e2mara Municipal de Braga entre 2005 e 2013 e foi membro da Assembleia Municipal de Braga, no mandato de 2001 a 2005.<br \/>\nAtualmente \u00e9 Presidente da Direc\u00e7\u00e3o da Associa\u00e7\u00e3o transfronteiri\u00e7a de munic\u00edpios \u201cEixo Atl\u00e2ntico do Noroeste Peninsular\u201d, \u00e9 Presidente do Conselho Executivo da Comunidade Intermunicipal do C\u00e1vado e preside aos Conselhos de Administra\u00e7\u00e3o das Empresas Municipais Theatro Circo e InvestBraga. \u00c9 membro da rede do Comit\u00e9 Executivo da EUROCITIES, membro do Comit\u00e9 Executivo do Global Parliament of Mayors, membro do Comit\u00e9 das Regi\u00f5es, e membro da dire\u00e7\u00e3o da ATP &#8211; Associa\u00e7\u00e3o de Turismo do Porto.\n<\/div>\n<\/div>\n","protected":false},"author":2,"featured_media":2459,"template":"templates\/intro-widgets.php","meta":{"om_disable_all_campaigns":false,"_monsterinsights_skip_tracking":false,"_monsterinsights_sitenote_active":false,"_monsterinsights_sitenote_note":"","_monsterinsights_sitenote_category":0},"tags":[],"staff_department":[224],"staff_position":[],"staff_specialty":[231],"class_list":["post-2535","wm_staff","type-wm_staff","status-publish","has-post-thumbnail","hentry","staff_department-impulso","staff_specialty-video10","entry"],"aioseo_notices":[],"uagb_featured_image_src":{"full":["https:\/\/www.artemrede.pt\/wp-content\/uploads\/2021\/05\/RICARDO-RIO-scaled-e1622308380732.jpg",300,300,false],"thumbnail":["https:\/\/www.artemrede.pt\/wp-content\/uploads\/2021\/05\/RICARDO-RIO-scaled-e1622308368382-480x270.jpg",480,270,true],"medium":["https:\/\/www.artemrede.pt\/wp-content\/uploads\/2021\/05\/RICARDO-RIO-scaled-e1622308368382-744x744.jpg",744,744,true],"medium_large":["https:\/\/www.artemrede.pt\/wp-content\/uploads\/2021\/05\/RICARDO-RIO-scaled-e1622308368382-1200x1201.jpg",1200,1201,true],"large":["https:\/\/www.artemrede.pt\/wp-content\/uploads\/2021\/05\/RICARDO-RIO-scaled-e1622308368382-1200x1201.jpg",1200,1201,true],"1536x1536":["https:\/\/www.artemrede.pt\/wp-content\/uploads\/2021\/05\/RICARDO-RIO-scaled-e1622308368382-1536x1536.jpg",1536,1536,true],"2048x2048":["https:\/\/www.artemrede.pt\/wp-content\/uploads\/2021\/05\/RICARDO-RIO-1365x2048.jpg",1365,2048,true],"trp-custom-language-flag":["https:\/\/www.artemrede.pt\/wp-content\/uploads\/2021\/05\/RICARDO-RIO-scaled-e1622308368382-12x12.jpg",12,12,true],"icelander-thumbnail":["https:\/\/www.artemrede.pt\/wp-content\/uploads\/2021\/05\/RICARDO-RIO-scaled-e1622308368382-744x372.jpg",744,372,true],"icelander-square":["https:\/\/www.artemrede.pt\/wp-content\/uploads\/2021\/05\/RICARDO-RIO-scaled-e1622308368382-448x448.jpg",448,448,true],"icelander-intro":["https:\/\/www.artemrede.pt\/wp-content\/uploads\/2021\/05\/RICARDO-RIO-scaled-e1622308368382-1707x1080.jpg",1707,1080,true]},"uagb_author_info":{"display_name":"Bruno Castro","author_link":"https:\/\/www.artemrede.pt\/pt_pt\/author\/artred_bruno\/"},"uagb_comment_info":0,"uagb_excerpt":"Ricardo Rio assume fun\u00e7\u00f5es como Presidente da C\u00e2mara Municipal de Braga desde 2013, foi vereador na C\u00e2mara Municipal de Braga entre 2005 e 2013 e foi membro da Assembleia Municipal de Braga, no mandato de 2001 a 2005. Atualmente \u00e9 Presidente da Direc\u00e7\u00e3o da Associa\u00e7\u00e3o transfronteiri\u00e7a de munic\u00edpios \u201cEixo Atl\u00e2ntico do Noroeste Peninsular\u201d, \u00e9 Presidente&hellip;","_links":{"self":[{"href":"https:\/\/www.artemrede.pt\/pt_pt\/wp-json\/wp\/v2\/wm_staff\/2535","targetHints":{"allow":["GET"]}}],"collection":[{"href":"https:\/\/www.artemrede.pt\/pt_pt\/wp-json\/wp\/v2\/wm_staff"}],"about":[{"href":"https:\/\/www.artemrede.pt\/pt_pt\/wp-json\/wp\/v2\/types\/wm_staff"}],"author":[{"embeddable":true,"href":"https:\/\/www.artemrede.pt\/pt_pt\/wp-json\/wp\/v2\/users\/2"}],"wp:featuredmedia":[{"embeddable":true,"href":"https:\/\/www.artemrede.pt\/pt_pt\/wp-json\/wp\/v2\/media\/2459"}],"wp:attachment":[{"href":"https:\/\/www.artemrede.pt\/pt_pt\/wp-json\/wp\/v2\/media?parent=2535"}],"wp:term":[{"taxonomy":"post_tag","embeddable":true,"href":"https:\/\/www.artemrede.pt\/pt_pt\/wp-json\/wp\/v2\/tags?post=2535"},{"taxonomy":"staff_department","embeddable":true,"href":"https:\/\/www.artemrede.pt\/pt_pt\/wp-json\/wp\/v2\/staff_department?post=2535"},{"taxonomy":"staff_position","embeddable":true,"href":"https:\/\/www.artemrede.pt\/pt_pt\/wp-json\/wp\/v2\/staff_position?post=2535"},{"taxonomy":"staff_specialty","embeddable":true,"href":"https:\/\/www.artemrede.pt\/pt_pt\/wp-json\/wp\/v2\/staff_specialty?post=2535"}],"curies":[{"name":"wp","href":"https:\/\/api.w.org\/{rel}","templated":true}]}}

<div class="entry-summary">
<div class="entry-summary">
Ricardo Rio assume funções como Presidente da Câmara Municipal de Braga desde 2013, foi vereador na Câmara Municipal de Braga entre 2005 e 2013 e foi membro da Assembleia Municipal de Braga, no mandato de 2001 a 2005.<br />
Atualmente é Presidente da Direcção da Associação transfronteiriça de municípios “Eixo Atlântico do Noroeste Peninsular”, é Presidente do Conselho Executivo da Comunidade Intermunicipal do Cávado e preside aos Conselhos de Administração das Empresas Municipais Theatro Circo e InvestBraga. É membro da rede do Comité Executivo da EUROCITIES, membro do Comité Executivo do Global Parliament of Mayors, membro do Comité das Regiões, e membro da direção da ATP &#8211; Associação de Turismo do Porto.
</div>
</div>

Ricardo Rio assume funções como Presidente da Câmara Municipal de Braga desde 2013, foi vereador na Câmara Municipal de Braga entre 2005 e 2013 e foi membro da Assembleia Municipal de Braga, no mandato de 2001 a 2005. Atualmente é Presidente da Direcção da Associação transfronteiriça de municípios “Eixo Atlântico do Noroeste Peninsular”, é Presidente&hellip;
