{"id":2522,"date":"2021-05-29T16:06:03","date_gmt":"2021-05-29T16:06:03","guid":{"rendered":"https:\/\/www.artemrede.pt\/?post_type=wm_staff&#038;p=2522"},"modified":"2021-05-29T18:42:06","modified_gmt":"2021-05-29T18:42:06","slug":"joao-proenca-2","status":"publish","type":"wm_staff","link":"https:\/\/www.artemrede.pt\/pt_pt\/person\/joao-proenca-2\/","title":{"rendered":"Jo\u00e3o Proen\u00e7a"},"content":{"rendered":"","protected":false},"excerpt":{"rendered":"<div class=\"entry-summary\">\n<div class=\"entry-summary\">\nAp\u00f3s a licenciatura em Rela\u00e7\u00f5es P\u00fablicas e Publicidade em 2004 pelo Instituto das Novas Profiss\u00f5es em Lisboa o seu percurso profissional entra em rota de colis\u00e3o com o mundo art\u00edstico em que cresceu, essencialmente na \u00e1rea da m\u00fasica. Cedo assumiu diversos pap\u00e9is na \u00e1rea musical desde professor, m\u00fasico, produtor, aluno, disc\u00edpulo&#8230; Formalmente a ETIC assumiu o papel de catalisador de conhecimentos e contactos que o levou a entrar aos 22 anos no mundo do espet\u00e1culo enquanto profissional t\u00e9cnico de som e produtor musical. Anos mais tarde assumiu o comando dos destinos da Juventude do seu Concelho &#8211; Sesimbra, \u00e0 frente do Gabinete Municipal de Juventude. Talvez tenha sido a sua rela\u00e7\u00e3o pr\u00f3xima com o tecido art\u00edstico desta comunidade que o levou alguns anos mais tarde a assumir o papel de Programador do Cineteatro Jo\u00e3o Mota tamb\u00e9m em Sesimbra, fun\u00e7\u00e3o que desempenha at\u00e9 aos dias de hoje. \u00c9 um fiel adepto do conceito de \u201cCultura\u201d enquanto catalisador de empatia no territ\u00f3rio.\n<\/div>\n<\/div>\n","protected":false},"author":2,"featured_media":2449,"template":"templates\/intro-widgets.php","meta":{"om_disable_all_campaigns":false,"_monsterinsights_skip_tracking":false,"_monsterinsights_sitenote_active":false,"_monsterinsights_sitenote_note":"","_monsterinsights_sitenote_category":0},"tags":[],"staff_department":[224],"staff_position":[],"staff_specialty":[239],"class_list":["post-2522","wm_staff","type-wm_staff","status-publish","has-post-thumbnail","hentry","staff_department-impulso","staff_specialty-video1","entry"],"aioseo_notices":[],"uagb_featured_image_src":{"full":["https:\/\/www.artemrede.pt\/wp-content\/uploads\/2021\/05\/JOA\u0303O-PROENC\u0327A-rotated-e1622308756849.jpg",300,300,false],"thumbnail":["https:\/\/www.artemrede.pt\/wp-content\/uploads\/2021\/05\/JOA\u0303O-PROENC\u0327A-rotated-e1622308747572-480x270.jpg",480,270,true],"medium":["https:\/\/www.artemrede.pt\/wp-content\/uploads\/2021\/05\/JOA\u0303O-PROENC\u0327A-rotated-e1622308747572-744x744.jpg",744,744,true],"medium_large":["https:\/\/www.artemrede.pt\/wp-content\/uploads\/2021\/05\/JOA\u0303O-PROENC\u0327A-rotated-e1622308756849.jpg",300,300,false],"large":["https:\/\/www.artemrede.pt\/wp-content\/uploads\/2021\/05\/JOA\u0303O-PROENC\u0327A-rotated-e1622308756849.jpg",300,300,false],"1536x1536":["https:\/\/www.artemrede.pt\/wp-content\/uploads\/2021\/05\/JOA\u0303O-PROENC\u0327A-1152x1536.jpg",1152,1536,true],"2048x2048":["https:\/\/www.artemrede.pt\/wp-content\/uploads\/2021\/05\/JOA\u0303O-PROENC\u0327A-rotated-e1622308756849.jpg",300,300,false],"trp-custom-language-flag":["https:\/\/www.artemrede.pt\/wp-content\/uploads\/2021\/05\/JOA\u0303O-PROENC\u0327A-rotated-e1622308747572-12x12.jpg",12,12,true],"icelander-thumbnail":["https:\/\/www.artemrede.pt\/wp-content\/uploads\/2021\/05\/JOA\u0303O-PROENC\u0327A-rotated-e1622308747572-744x372.jpg",744,372,true],"icelander-square":["https:\/\/www.artemrede.pt\/wp-content\/uploads\/2021\/05\/JOA\u0303O-PROENC\u0327A-rotated-e1622308747572-448x448.jpg",448,448,true],"icelander-intro":["https:\/\/www.artemrede.pt\/wp-content\/uploads\/2021\/05\/JOA\u0303O-PROENC\u0327A-rotated-e1622308747572-1158x1080.jpg",1158,1080,true]},"uagb_author_info":{"display_name":"Bruno Castro","author_link":"https:\/\/www.artemrede.pt\/pt_pt\/author\/artred_bruno\/"},"uagb_comment_info":0,"uagb_excerpt":"Ap\u00f3s a licenciatura em Rela\u00e7\u00f5es P\u00fablicas e Publicidade em 2004 pelo Instituto das Novas Profiss\u00f5es em Lisboa o seu percurso profissional entra em rota de colis\u00e3o com o mundo art\u00edstico em que cresceu, essencialmente na \u00e1rea da m\u00fasica. Cedo assumiu diversos pap\u00e9is na \u00e1rea musical desde professor, m\u00fasico, produtor, aluno, disc\u00edpulo... Formalmente a ETIC assumiu&hellip;","_links":{"self":[{"href":"https:\/\/www.artemrede.pt\/pt_pt\/wp-json\/wp\/v2\/wm_staff\/2522","targetHints":{"allow":["GET"]}}],"collection":[{"href":"https:\/\/www.artemrede.pt\/pt_pt\/wp-json\/wp\/v2\/wm_staff"}],"about":[{"href":"https:\/\/www.artemrede.pt\/pt_pt\/wp-json\/wp\/v2\/types\/wm_staff"}],"author":[{"embeddable":true,"href":"https:\/\/www.artemrede.pt\/pt_pt\/wp-json\/wp\/v2\/users\/2"}],"wp:featuredmedia":[{"embeddable":true,"href":"https:\/\/www.artemrede.pt\/pt_pt\/wp-json\/wp\/v2\/media\/2449"}],"wp:attachment":[{"href":"https:\/\/www.artemrede.pt\/pt_pt\/wp-json\/wp\/v2\/media?parent=2522"}],"wp:term":[{"taxonomy":"post_tag","embeddable":true,"href":"https:\/\/www.artemrede.pt\/pt_pt\/wp-json\/wp\/v2\/tags?post=2522"},{"taxonomy":"staff_department","embeddable":true,"href":"https:\/\/www.artemrede.pt\/pt_pt\/wp-json\/wp\/v2\/staff_department?post=2522"},{"taxonomy":"staff_position","embeddable":true,"href":"https:\/\/www.artemrede.pt\/pt_pt\/wp-json\/wp\/v2\/staff_position?post=2522"},{"taxonomy":"staff_specialty","embeddable":true,"href":"https:\/\/www.artemrede.pt\/pt_pt\/wp-json\/wp\/v2\/staff_specialty?post=2522"}],"curies":[{"name":"wp","href":"https:\/\/api.w.org\/{rel}","templated":true}]}}

João Proença

<div class="entry-summary">
<div class="entry-summary">
Após a licenciatura em Relações Públicas e Publicidade em 2004 pelo Instituto das Novas Profissões em Lisboa o seu percurso profissional entra em rota de colisão com o mundo artístico em que cresceu, essencialmente na área da música. Cedo assumiu diversos papéis na área musical desde professor, músico, produtor, aluno, discípulo&#8230; Formalmente a ETIC assumiu o papel de catalisador de conhecimentos e contactos que o levou a entrar aos 22 anos no mundo do espetáculo enquanto profissional técnico de som e produtor musical. Anos mais tarde assumiu o comando dos destinos da Juventude do seu Concelho &#8211; Sesimbra, à frente do Gabinete Municipal de Juventude. Talvez tenha sido a sua relação próxima com o tecido artístico desta comunidade que o levou alguns anos mais tarde a assumir o papel de Programador do Cineteatro João Mota também em Sesimbra, função que desempenha até aos dias de hoje. É um fiel adepto do conceito de “Cultura” enquanto catalisador de empatia no território.
</div>
</div>

Após a licenciatura em Relações Públicas e Publicidade em 2004 pelo Instituto das Novas Profissões em Lisboa o seu percurso profissional entra em rota de colisão com o mundo artístico em que cresceu, essencialmente na área da música. Cedo assumiu diversos papéis na área musical desde professor, músico, produtor, aluno, discípulo... Formalmente a ETIC assumiu&hellip;
