{"id":2462,"date":"2021-05-28T16:26:10","date_gmt":"2021-05-28T16:26:10","guid":{"rendered":"https:\/\/www.artemrede.pt\/?post_type=wm_staff&#038;p=2462"},"modified":"2021-05-29T18:35:59","modified_gmt":"2021-05-29T18:35:59","slug":"adelina-pinto","status":"publish","type":"wm_staff","link":"https:\/\/www.artemrede.pt\/pt_pt\/person\/adelina-pinto\/","title":{"rendered":"Adelina Pinto"},"content":{"rendered":"","protected":false},"excerpt":{"rendered":"<div class=\"entry-summary\">\n<div class=\"entry-summary\">\nVice-presidente e Vereadora da Educa\u00e7\u00e3o e Cultura do Munic\u00edpio de Guimar\u00e3es. Membro do Conselho Municipal de Educa\u00e7\u00e3o de Guimar\u00e3es. Presidente da Cooperativa \u201cA Oficina, Centro de Artes e Mesteres\u201d. Formadora em v\u00e1rias \u00e1reas, destacando-se Avalia\u00e7\u00e3o de Desempenho Docente, Bibliotecas Escolares e v\u00e1rias \u00e1reas para Pessoal N\u00e3o Docente. \u00c9 Coordenadora Interconcelhia da Rede de Bibliotecas Escolares desde 2009, apoiando os seguintes concelhos: Guimar\u00e3es, Vizela, Fafe, Cabeceiras de Basto, Celorico de Basto, Mondim de Basto e Ribeira de Pena. Licenciada em Hist\u00f3ria pela Universidade do Porto, P\u00f3s-gradua\u00e7\u00e3o em Desenvolvimento Curricular pela Universidade do Minho, P\u00f3s gradua\u00e7\u00e3o em Valoriza\u00e7\u00e3o T\u00e9cnica para a Administra\u00e7\u00e3o Escolar, pela Universidade Cat\u00f3lica.\n<\/div>\n<\/div>\n","protected":false},"author":2,"featured_media":2426,"template":"templates\/intro-widgets.php","meta":{"om_disable_all_campaigns":false,"_monsterinsights_skip_tracking":false,"_monsterinsights_sitenote_active":false,"_monsterinsights_sitenote_note":"","_monsterinsights_sitenote_category":0},"tags":[],"staff_department":[224],"staff_position":[],"staff_specialty":[234],"class_list":["post-2462","wm_staff","type-wm_staff","status-publish","has-post-thumbnail","hentry","staff_department-impulso","staff_specialty-video6","entry"],"aioseo_notices":[],"uagb_featured_image_src":{"full":["https:\/\/www.artemrede.pt\/wp-content\/uploads\/2021\/05\/ADELINA-PINTO-scaled-e1622309462475.jpg",300,300,false],"thumbnail":["https:\/\/www.artemrede.pt\/wp-content\/uploads\/2021\/05\/ADELINA-PINTO-scaled-e1622309451622-480x270.jpg",480,270,true],"medium":["https:\/\/www.artemrede.pt\/wp-content\/uploads\/2021\/05\/ADELINA-PINTO-scaled-e1622309451622-744x744.jpg",744,744,true],"medium_large":["https:\/\/www.artemrede.pt\/wp-content\/uploads\/2021\/05\/ADELINA-PINTO-scaled-e1622309451622-1200x1200.jpg",1200,1200,true],"large":["https:\/\/www.artemrede.pt\/wp-content\/uploads\/2021\/05\/ADELINA-PINTO-scaled-e1622309451622-1200x1200.jpg",1200,1200,true],"1536x1536":["https:\/\/www.artemrede.pt\/wp-content\/uploads\/2021\/05\/ADELINA-PINTO-scaled-e1622309451622-1536x1536.jpg",1536,1536,true],"2048x2048":["https:\/\/www.artemrede.pt\/wp-content\/uploads\/2021\/05\/ADELINA-PINTO-1367x2048.jpg",1367,2048,true],"trp-custom-language-flag":["https:\/\/www.artemrede.pt\/wp-content\/uploads\/2021\/05\/ADELINA-PINTO-scaled-e1622309451622-12x12.jpg",12,12,true],"icelander-thumbnail":["https:\/\/www.artemrede.pt\/wp-content\/uploads\/2021\/05\/ADELINA-PINTO-scaled-e1622309451622-744x372.jpg",744,372,true],"icelander-square":["https:\/\/www.artemrede.pt\/wp-content\/uploads\/2021\/05\/ADELINA-PINTO-scaled-e1622309451622-448x448.jpg",448,448,true],"icelander-intro":["https:\/\/www.artemrede.pt\/wp-content\/uploads\/2021\/05\/ADELINA-PINTO-scaled-e1622309451622-1708x1080.jpg",1708,1080,true]},"uagb_author_info":{"display_name":"Bruno Castro","author_link":"https:\/\/www.artemrede.pt\/pt_pt\/author\/artred_bruno\/"},"uagb_comment_info":0,"uagb_excerpt":"Vice-presidente e Vereadora da Educa\u00e7\u00e3o e Cultura do Munic\u00edpio de Guimar\u00e3es. Membro do Conselho Municipal de Educa\u00e7\u00e3o de Guimar\u00e3es. Presidente da Cooperativa \u201cA Oficina, Centro de Artes e Mesteres\u201d. Formadora em v\u00e1rias \u00e1reas, destacando-se Avalia\u00e7\u00e3o de Desempenho Docente, Bibliotecas Escolares e v\u00e1rias \u00e1reas para Pessoal N\u00e3o Docente. \u00c9 Coordenadora Interconcelhia da Rede de Bibliotecas Escolares&hellip;","_links":{"self":[{"href":"https:\/\/www.artemrede.pt\/pt_pt\/wp-json\/wp\/v2\/wm_staff\/2462","targetHints":{"allow":["GET"]}}],"collection":[{"href":"https:\/\/www.artemrede.pt\/pt_pt\/wp-json\/wp\/v2\/wm_staff"}],"about":[{"href":"https:\/\/www.artemrede.pt\/pt_pt\/wp-json\/wp\/v2\/types\/wm_staff"}],"author":[{"embeddable":true,"href":"https:\/\/www.artemrede.pt\/pt_pt\/wp-json\/wp\/v2\/users\/2"}],"wp:featuredmedia":[{"embeddable":true,"href":"https:\/\/www.artemrede.pt\/pt_pt\/wp-json\/wp\/v2\/media\/2426"}],"wp:attachment":[{"href":"https:\/\/www.artemrede.pt\/pt_pt\/wp-json\/wp\/v2\/media?parent=2462"}],"wp:term":[{"taxonomy":"post_tag","embeddable":true,"href":"https:\/\/www.artemrede.pt\/pt_pt\/wp-json\/wp\/v2\/tags?post=2462"},{"taxonomy":"staff_department","embeddable":true,"href":"https:\/\/www.artemrede.pt\/pt_pt\/wp-json\/wp\/v2\/staff_department?post=2462"},{"taxonomy":"staff_position","embeddable":true,"href":"https:\/\/www.artemrede.pt\/pt_pt\/wp-json\/wp\/v2\/staff_position?post=2462"},{"taxonomy":"staff_specialty","embeddable":true,"href":"https:\/\/www.artemrede.pt\/pt_pt\/wp-json\/wp\/v2\/staff_specialty?post=2462"}],"curies":[{"name":"wp","href":"https:\/\/api.w.org\/{rel}","templated":true}]}}

<div class="entry-summary">
<div class="entry-summary">
Vice-presidente e Vereadora da Educação e Cultura do Município de Guimarães. Membro do Conselho Municipal de Educação de Guimarães. Presidente da Cooperativa “A Oficina, Centro de Artes e Mesteres”. Formadora em várias áreas, destacando-se Avaliação de Desempenho Docente, Bibliotecas Escolares e várias áreas para Pessoal Não Docente. É Coordenadora Interconcelhia da Rede de Bibliotecas Escolares desde 2009, apoiando os seguintes concelhos: Guimarães, Vizela, Fafe, Cabeceiras de Basto, Celorico de Basto, Mondim de Basto e Ribeira de Pena. Licenciada em História pela Universidade do Porto, Pós-graduação em Desenvolvimento Curricular pela Universidade do Minho, Pós graduação em Valorização Técnica para a Administração Escolar, pela Universidade Católica.
</div>
</div>

Vice-presidente e Vereadora da Educação e Cultura do Município de Guimarães. Membro do Conselho Municipal de Educação de Guimarães. Presidente da Cooperativa “A Oficina, Centro de Artes e Mesteres”. Formadora em várias áreas, destacando-se Avaliação de Desempenho Docente, Bibliotecas Escolares e várias áreas para Pessoal Não Docente. É Coordenadora Interconcelhia da Rede de Bibliotecas Escolares&hellip;
