{"id":4317,"date":"2025-05-02T15:18:44","date_gmt":"2025-05-02T15:18:44","guid":{"rendered":"https:\/\/www.artemrede.pt\/?post_type=wm_projects&#038;p=4317"},"modified":"2025-12-02T16:39:39","modified_gmt":"2025-12-02T16:39:39","slug":"curupira","status":"publish","type":"wm_projects","link":"https:\/\/www.artemrede.pt\/pt_pt\/project\/curupira\/","title":{"rendered":"CURUPIRA TERNURA SELVAGEM"},"content":{"rendered":"\n\n\t\t\t\t<img loading=\"lazy\" decoding=\"async\" src=\"https:\/\/www.artemrede.pt\/wp-content\/uploads\/2025\/05\/INSTAG_RECT11.jpg\" alt=\"INSTAG_RECT11\" itemprop=\"image\" height=\"1350\" width=\"1080\" title=\"INSTAG_RECT11\" onerror=\"this.style.display='none'\"  \/>\n\t<h3>E se tudo come\u00e7asse com um mist\u00e9rio? Ser\u00e1 que o que n\u00e3o vemos, n\u00e3o existe?<br \/>\nUm dia desapareceu um ser que cuida das florestas: o Curupira. Ficou a urg\u00eancia de seguir o seu rasto &#8211;<br \/>\npistas e gestos que nos convidam a emaranhar-nos com os rios, as pedras e as plantas. No cruzamento da<br \/>\noralidade e da l\u00edngua gestual, compomos florestas onde cabem m\u00faltiplas formas de sentir, agir e comunicar<br \/>\ncom o mundo. Encontros inesperados entre corpos, hist\u00f3rias e imagin\u00e1rios.<br \/>\n<em>CURUPIRA TERNURA SELVAGEM<\/em> \u00e9 um mergulho numa experi\u00eancia po\u00e9tica, onde o encantamento e a<br \/>\nresist\u00eancia se entrela\u00e7am.<\/h3>\nEspet\u00e1culo bil\u00edngue em Portugu\u00eas e L\u00edngua Gestual Portuguesa.<br \/>\nAs sess\u00f5es s\u00e3o acess\u00edveis e todas as pessoas com neurodiverg\u00eancia s\u00e3o bem-vindas.<br \/>\nAlgumas sess\u00f5es ter\u00e3o audiodescri\u00e7\u00e3o.\n\t<p><strong>.\u00a0 \u00a0 \u00a0 \u00a0.\u00a0 \u00a0 \u00a0 \u00a0.<\/strong><\/p>\n<p><strong>DURA\u00c7\u00c3O<\/strong> 60&#8242;<\/p>\n<p><strong>P\u00daBLICO-ALVO<\/strong> 3\u00ba ao 6\u00ba ano | P\u00fablico-alvo fam\u00edlias: +8<\/p>\n<p><strong>CLASSIFICA\u00c7\u00c3O ET\u00c1RIA<\/strong> M\/6\u00a0<\/p>\n<p><strong>.\u00a0 \u00a0 \u00a0 \u00a0.\u00a0 \u00a0 \u00a0 \u00a0.<\/strong><\/p>\n\t\t\t\t<img loading=\"lazy\" decoding=\"async\" src=\"https:\/\/www.artemrede.pt\/wp-content\/uploads\/2025\/05\/Curupira-102.jpg\" alt=\"Curupira-102\" itemprop=\"image\" height=\"1280\" width=\"1920\" title=\"Curupira-102\" onerror=\"this.style.display='none'\"  \/>\n\t\t\t\t<img loading=\"lazy\" decoding=\"async\" src=\"https:\/\/www.artemrede.pt\/wp-content\/uploads\/2025\/05\/Curupira-206.jpg\" alt=\"Curupira-206\" itemprop=\"image\" height=\"1280\" width=\"1920\" title=\"Curupira-206\" onerror=\"this.style.display='none'\"  \/>\n\t\t\t\t<img loading=\"lazy\" decoding=\"async\" src=\"https:\/\/www.artemrede.pt\/wp-content\/uploads\/2025\/05\/Curupira-232-borrada-scaled.jpg\" alt=\"Curupira-232-borrada\" itemprop=\"image\" height=\"1707\" width=\"2560\" title=\"Curupira-232-borrada\" onerror=\"this.style.display='none'\"  \/>\n\t\t\t\t<img loading=\"lazy\" decoding=\"async\" src=\"https:\/\/www.artemrede.pt\/wp-content\/uploads\/2025\/05\/Curupira-289-cortada-scaled.jpg\" alt=\"Curupira-289-cortada\" itemprop=\"image\" height=\"1706\" width=\"2560\" title=\"Curupira-289-cortada\" onerror=\"this.style.display='none'\"  \/>\n\t<h4><strong>Equipa e mais detalhes&#8230;<\/strong><\/h4>\nCocria\u00e7\u00e3o | Clara Bevilaqua, Ivani Flores, Gui Calegari, Joana Pupo e Pepa Macua<br \/>\nEncena\u00e7\u00e3o e Movimento | Clara Bevilaqua e Pepa Macua<br \/>\nInterpreta\u00e7\u00e3o | Gui Calegari, Ivani Flores e Joana Pupo<br \/>\nCenografia e Figurinos | Ana Limpinho<br \/>\nPinturas | Jhon Douglas<br \/>\nDesenho de Luz | Mafalda Oliveira<br \/>\nCria\u00e7\u00e3o Sonora | Gui Calegari<br \/>\nProdu\u00e7\u00e3o e Comunica\u00e7\u00e3o | Catarina Sobral<br \/>\nApoio \u00e0 Produ\u00e7\u00e3o | Lysandra Domingues<br \/>\nDesenho Gr\u00e1fico e Ilustra\u00e7\u00e3o Eduarda Lima<br \/>\nFotografia de Processo Raquel Pimentel<br \/>\nInterpreta\u00e7\u00e3o LGP no Processo Carolina Silva, Diana Moura, HandsVoice, Laura Monchique, Miguel Ralha<br \/>\nConcep\u00e7\u00e3o do Projecto Catarina Sobral, Clara Bevilaqua, Joana Pupo<br \/>\nColabora\u00e7\u00e3o Baileia e Mente de C\u00e3o\nApoio \u00e0 Investiga\u00e7\u00e3o Quinta da Cruz\/CM Viseu e Pal\u00e1cio Gama Lobo\/CM Loul\u00e9<br \/>\nApoio \u00e0s Resid\u00eancias Art\u00edsticas Est\u00fadios V\u00edtor C\u00f3rdon, Funda\u00e7\u00e3o Calouste Gulbenkian e Teatro Stephens\/<br \/>\nCM Marinha Grande<br \/>\nApoio \u00e0 Contrata\u00e7\u00e3o Funda\u00e7\u00e3o GDA &#8211; Programa Arte Sem Barreiras<br \/>\nEste projecto tem o apoio \u00e0 cria\u00e7\u00e3o da Rep\u00fablica Portuguesa &#8211; Cultura | DGArtes &#8211; Dire\u00e7\u00e3o Geral das<br \/>\nArtes.\nUma coprodu\u00e7\u00e3o com a Artemrede e os Munic\u00edpios de Almada, Barreiro, Pombal, Torres Vedras, Montijo e<br \/>\nMontemor-o-Novo, cofinanciada pelo Fundo de Fomento Cultural da Dire\u00e7\u00e3o Geral das Artes\/Minist\u00e9rio da<br \/>\nCultura &#8211; Rep. Portuguesa.\nEste espet\u00e1culo foi inspirado em Ailton Krenak, Ant\u00f4nio Bispo dos Santos (N\u00eago Bispo), Nastassja Martin e<br \/>\nTatiana Salem Levi.<br \/>\nAgradecemos a todas as pessoas que nos acompanharam no processo de cria\u00e7\u00e3o e em todas as oficinas.\n<p>.\u00a0 \u00a0 \u00a0 \u00a0 .\u00a0 \u00a0 \u00a0 \u00a0 .<\/p>\n<strong>MENTE DE C\u00c3O<\/strong><br \/>\nCompanhia de Teatro F\u00edsico sediada em Lisboa, criada por Joana Pupo, Pepa Macua e Catarina Sobral. Tem como miss\u00e3o criar propostas arti\u0301sticas atrav\u00e9s da arte, da pedagogia e da troca de experi\u00eancias e linguagens. Colabora com<br \/>\nartistas de v\u00e1rias nacionalidades e assume um forte compromisso internacional.<br \/>\nPepa e Pupo iniciaram, em 2018, uma parceria com O Corpo Invis\u00edvel, um encontro de pr\u00e1ticas que sustenta numa forte explora\u00e7\u00e3o do corpo e da aten\u00e7\u00e3o.<br \/>\nEm 2020 a pesquisa sobre a experi\u00eancia do enraizamento e da migra\u00e7\u00e3o, conduziu a produ\u00e7\u00e3o da primeira pe\u00e7a A GRAVIDADE<br \/>\nDE UM P\u00c1SSARO, estreada em Setembro de 2021 no Teatro da Cerca de S\u00e3o Bernardo.\n<strong>BAILEIA<\/strong><br \/>\n\u00c9 uma associa\u00e7\u00e3o cultural que investe no cruzamento entre pr\u00e1ticas art\u00edsticas e educa\u00e7\u00e3o no encontro com as<br \/>\ninf\u00e2ncias e suas singularidades plurais.<br \/>\nCriada em 2016, por Clara Bevilaqua e Gui Calegari, dedica-se a aprofundar a investiga\u00e7\u00e3o na cria\u00e7\u00e3o que acontece a partir do acompanhamento dos desejos, por vezes mais subtis, das pessoas em seus primeiros anos de vida. \u00c9 a partir do olhar e inquietude desses artistas com forma\u00e7\u00f5es transdisciplinares, que a tessitura dos encontros se d\u00e1. Desde o in\u00edcio da sua cria\u00e7\u00e3o, a Baileia tece e constr\u00f3i seu caminho lado-a-lado de pessoas, espa\u00e7os e estruturas art\u00edsticas, com as quais apoiam e sustentam a constru\u00e7\u00e3o de um pensamento e filosofia<br \/>\nde trabalho.\n\t<h3><strong>Informa\u00e7\u00f5es e Bilheteiras<\/strong><\/h3>\n\t<strong>ALMADA<\/strong><br \/>\nAudit\u00f3rio Fernando Lopes Gra\u00e7a<br \/>\n6 de junho de 2025 | 10:00*<br \/>\n7 de junho de 2025 | 17:00\n\t<strong>BARREIRO<\/strong><br \/>\nAudit\u00f3rio Municipal Augusto Cabrita<br \/>\n9 de maio de 2025 | 10:00* e 14:30*<br \/>\n10 de maio de 2025 | 16:00\n\t<strong>MONTEMOR-O-NOVO<\/strong><br \/>\nCine-Teatro Curvo Semedo\u00a0<br \/>\n19 de dezembro de 2025 | 14:30*<br \/>\n20 de dezembro de 2025 | 15:00\n\t<strong>MONTIJO<\/strong><br \/>\nCinema-Teatro Joaquim d&#8217;Almeida<br \/>\n24 de outubro de 2025 | 10:00*<br \/>\n25 de outubro de 2025 | 16:30\n\t<strong>POMBAL<\/strong><br \/>\nTeatro-Cine de Pombal<br \/>\n28 de novembro de 2025 | 10:30*<br \/>\n29 de novembro de 2025 | 16:30\n\t<strong>TORRES VEDRAS<\/strong><br \/>\nTeatro-Cine de Torres Vedras<br \/>\n9 de outubro de 2025 | 10:00* e 14:00*\n\t<p>*Sess\u00e3o para escolas<\/p>\n<p>.\u00a0 \u00a0.\u00a0 \u00a0.<\/p>\nA lota\u00e7\u00e3o de cada espet\u00e1culo \u00e9 limitada e requer a reserva e\/ou levantamento pr\u00e9vio de bilhetes.<br \/>\nA aquisi\u00e7\u00e3o de bilhetes deve ser feita nas bilheteira habituais de cada espa\u00e7o de apresenta\u00e7\u00e3o. Recomendamos que se informe atempadamente sobre a aquisi\u00e7\u00e3o de bilhetes junto dos locais de apresenta\u00e7\u00e3o.<br \/>\nAgradecemos a colabora\u00e7\u00e3o de todos para seguirem as normas e recomenda\u00e7\u00f5es indicadas pelos respons\u00e1veis de cada espa\u00e7o de apresenta\u00e7\u00e3o.\n<p>Bom espet\u00e1culo!<\/p>\n\t<p>Imagem <em><strong>\u00a9Curupira Ternura Selvagem<\/strong><\/em><\/p>\n\n","protected":false},"excerpt":{"rendered":"<div class=\"entry-summary\">\n<div class=\"entry-summary\">\nVamos encontro de Curupira! Uma figura encantada da Amaz\u00f3nia que nos convida a conhecer, atrav\u00e9s dos sentidos, a floresta os rios onde habita.\n<\/div>\n<\/div>\n","protected":false},"author":3,"featured_media":4506,"template":"","meta":{"om_disable_all_campaigns":false,"_monsterinsights_skip_tracking":false,"_monsterinsights_sitenote_active":false,"_monsterinsights_sitenote_note":"","_monsterinsights_sitenote_category":0},"project_category":[271,274,345,278,277,280,285],"project_tag":[159,248,87],"class_list":["post-4317","wm_projects","type-wm_projects","status-publish","has-post-thumbnail","hentry","project_category-almada","project_category-barreiro-territorios","project_category-coproducoes-2025","project_category-montemor-o-novo-territorios","project_category-montijo-territorios","project_category-pombal-territorios","project_category-torres-vedras","project_tag-danca","project_tag-multidisciplinar","project_tag-teatro-infantil","entry"],"aioseo_notices":[],"uagb_featured_image_src":{"full":["https:\/\/www.artemrede.pt\/wp-content\/uploads\/2025\/05\/Copia-de-Curupira_Ensaio-59-scaled.jpg",2560,1707,false],"thumbnail":["https:\/\/www.artemrede.pt\/wp-content\/uploads\/2025\/05\/Copia-de-Curupira_Ensaio-59-480x270.jpg",480,270,true],"medium":["https:\/\/www.artemrede.pt\/wp-content\/uploads\/2025\/05\/Copia-de-Curupira_Ensaio-59-744x496.jpg",744,496,true],"medium_large":["https:\/\/www.artemrede.pt\/wp-content\/uploads\/2025\/05\/Copia-de-Curupira_Ensaio-59-1200x800.jpg",1200,800,true],"large":["https:\/\/www.artemrede.pt\/wp-content\/uploads\/2025\/05\/Copia-de-Curupira_Ensaio-59-1200x800.jpg",1200,800,true],"1536x1536":["https:\/\/www.artemrede.pt\/wp-content\/uploads\/2025\/05\/Copia-de-Curupira_Ensaio-59-1536x1024.jpg",1536,1024,true],"2048x2048":["https:\/\/www.artemrede.pt\/wp-content\/uploads\/2025\/05\/Copia-de-Curupira_Ensaio-59-2048x1365.jpg",2048,1365,true],"trp-custom-language-flag":["https:\/\/www.artemrede.pt\/wp-content\/uploads\/2025\/05\/Copia-de-Curupira_Ensaio-59-18x12.jpg",18,12,true],"icelander-thumbnail":["https:\/\/www.artemrede.pt\/wp-content\/uploads\/2025\/05\/Copia-de-Curupira_Ensaio-59-744x372.jpg",744,372,true],"icelander-square":["https:\/\/www.artemrede.pt\/wp-content\/uploads\/2025\/05\/Copia-de-Curupira_Ensaio-59-448x448.jpg",448,448,true],"icelander-intro":["https:\/\/www.artemrede.pt\/wp-content\/uploads\/2025\/05\/Copia-de-Curupira_Ensaio-59-1920x1080.jpg",1920,1080,true]},"uagb_author_info":{"display_name":"In\u00eas Arromba","author_link":"https:\/\/www.artemrede.pt\/pt_pt\/author\/artred_arromba\/"},"uagb_comment_info":0,"uagb_excerpt":"Vamos encontro de Curupira! Uma figura encantada da Amaz\u00f3nia que nos convida a conhecer, atrav\u00e9s dos sentidos, a floresta os rios onde habita.","_links":{"self":[{"href":"https:\/\/www.artemrede.pt\/pt_pt\/wp-json\/wp\/v2\/wm_projects\/4317","targetHints":{"allow":["GET"]}}],"collection":[{"href":"https:\/\/www.artemrede.pt\/pt_pt\/wp-json\/wp\/v2\/wm_projects"}],"about":[{"href":"https:\/\/www.artemrede.pt\/pt_pt\/wp-json\/wp\/v2\/types\/wm_projects"}],"author":[{"embeddable":true,"href":"https:\/\/www.artemrede.pt\/pt_pt\/wp-json\/wp\/v2\/users\/3"}],"wp:featuredmedia":[{"embeddable":true,"href":"https:\/\/www.artemrede.pt\/pt_pt\/wp-json\/wp\/v2\/media\/4506"}],"wp:attachment":[{"href":"https:\/\/www.artemrede.pt\/pt_pt\/wp-json\/wp\/v2\/media?parent=4317"}],"wp:term":[{"taxonomy":"project_category","embeddable":true,"href":"https:\/\/www.artemrede.pt\/pt_pt\/wp-json\/wp\/v2\/project_category?post=4317"},{"taxonomy":"project_tag","embeddable":true,"href":"https:\/\/www.artemrede.pt\/pt_pt\/wp-json\/wp\/v2\/project_tag?post=4317"}],"curies":[{"name":"wp","href":"https:\/\/api.w.org\/{rel}","templated":true}]}}

<img loading="lazy" decoding="async" src="https://www.artemrede.pt/wp-content/uploads/2025/05/INSTAG_RECT11.jpg" alt="INSTAG_RECT11" itemprop="image" height="1350" width="1080" title="INSTAG_RECT11" onerror="this.style.display='none'"  />
	<h3>E se tudo começasse com um mistério? Será que o que não vemos, não existe?<br />
Um dia desapareceu um ser que cuida das florestas: o Curupira. Ficou a urgência de seguir o seu rasto &#8211;<br />
pistas e gestos que nos convidam a emaranhar-nos com os rios, as pedras e as plantas. No cruzamento da<br />
oralidade e da língua gestual, compomos florestas onde cabem múltiplas formas de sentir, agir e comunicar<br />
com o mundo. Encontros inesperados entre corpos, histórias e imaginários.<br />
<em>CURUPIRA TERNURA SELVAGEM</em> é um mergulho numa experiência poética, onde o encantamento e a<br />
resistência se entrelaçam.</h3>
Espetáculo bilíngue em Português e Língua Gestual Portuguesa.<br />
As sessões são acessíveis e todas as pessoas com neurodivergência são bem-vindas.<br />
Algumas sessões terão audiodescrição.
	<p><strong>.       .       .</strong></p>
<p><strong>DURAÇÃO</strong> 60&#8242;</p>
<p><strong>PÚBLICO-ALVO</strong> 3º ao 6º ano | Público-alvo famílias: +8</p>
<p><strong>CLASSIFICAÇÃO ETÁRIA</strong> M/6 </p>
<p><strong>.       .       .</strong></p>
				<img loading="lazy" decoding="async" src="https://www.artemrede.pt/wp-content/uploads/2025/05/Curupira-102.jpg" alt="Curupira-102" itemprop="image" height="1280" width="1920" title="Curupira-102" onerror="this.style.display='none'"  />
				<img loading="lazy" decoding="async" src="https://www.artemrede.pt/wp-content/uploads/2025/05/Curupira-206.jpg" alt="Curupira-206" itemprop="image" height="1280" width="1920" title="Curupira-206" onerror="this.style.display='none'"  />
				<img loading="lazy" decoding="async" src="https://www.artemrede.pt/wp-content/uploads/2025/05/Curupira-232-borrada-scaled.jpg" alt="Curupira-232-borrada" itemprop="image" height="1707" width="2560" title="Curupira-232-borrada" onerror="this.style.display='none'"  />
				<img loading="lazy" decoding="async" src="https://www.artemrede.pt/wp-content/uploads/2025/05/Curupira-289-cortada-scaled.jpg" alt="Curupira-289-cortada" itemprop="image" height="1706" width="2560" title="Curupira-289-cortada" onerror="this.style.display='none'"  />
	<h4><strong>Equipa e mais detalhes&#8230;</strong></h4>
Cocriação | Clara Bevilaqua, Ivani Flores, Gui Calegari, Joana Pupo e Pepa Macua<br />
Encenação e Movimento | Clara Bevilaqua e Pepa Macua<br />
Interpretação | Gui Calegari, Ivani Flores e Joana Pupo<br />
Cenografia e Figurinos | Ana Limpinho<br />
Pinturas | Jhon Douglas<br />
Desenho de Luz | Mafalda Oliveira<br />
Criação Sonora | Gui Calegari<br />
Produção e Comunicação | Catarina Sobral<br />
Apoio à Produção | Lysandra Domingues<br />
Desenho Gráfico e Ilustração Eduarda Lima<br />
Fotografia de Processo Raquel Pimentel<br />
Interpretação LGP no Processo Carolina Silva, Diana Moura, HandsVoice, Laura Monchique, Miguel Ralha<br />
Concepção do Projecto Catarina Sobral, Clara Bevilaqua, Joana Pupo<br />
Colaboração Baileia e Mente de Cão
Apoio à Investigação Quinta da Cruz/CM Viseu e Palácio Gama Lobo/CM Loulé<br />
Apoio às Residências Artísticas Estúdios Vítor Córdon, Fundação Calouste Gulbenkian e Teatro Stephens/<br />
CM Marinha Grande<br />
Apoio à Contratação Fundação GDA &#8211; Programa Arte Sem Barreiras<br />
Este projecto tem o apoio à criação da República Portuguesa &#8211; Cultura | DGArtes &#8211; Direção Geral das<br />
Artes.
Uma coprodução com a Artemrede e os Municípios de Almada, Barreiro, Pombal, Torres Vedras, Montijo e<br />
Montemor-o-Novo, cofinanciada pelo Fundo de Fomento Cultural da Direção Geral das Artes/Ministério da<br />
Cultura &#8211; Rep. Portuguesa.
Este espetáculo foi inspirado em Ailton Krenak, Antônio Bispo dos Santos (Nêgo Bispo), Nastassja Martin e<br />
Tatiana Salem Levi.<br />
Agradecemos a todas as pessoas que nos acompanharam no processo de criação e em todas as oficinas.
<p>.        .        .</p>
<strong>MENTE DE CÃO</strong><br />
Companhia de Teatro Físico sediada em Lisboa, criada por Joana Pupo, Pepa Macua e Catarina Sobral. Tem como missão criar propostas artísticas através da arte, da pedagogia e da troca de experiências e linguagens. Colabora com<br />
artistas de várias nacionalidades e assume um forte compromisso internacional.<br />
Pepa e Pupo iniciaram, em 2018, uma parceria com O Corpo Invisível, um encontro de práticas que sustenta numa forte exploração do corpo e da atenção.<br />
Em 2020 a pesquisa sobre a experiência do enraizamento e da migração, conduziu a produção da primeira peça A GRAVIDADE<br />
DE UM PÁSSARO, estreada em Setembro de 2021 no Teatro da Cerca de São Bernardo.
<strong>BAILEIA</strong><br />
É uma associação cultural que investe no cruzamento entre práticas artísticas e educação no encontro com as<br />
infâncias e suas singularidades plurais.<br />
Criada em 2016, por Clara Bevilaqua e Gui Calegari, dedica-se a aprofundar a investigação na criação que acontece a partir do acompanhamento dos desejos, por vezes mais subtis, das pessoas em seus primeiros anos de vida. É a partir do olhar e inquietude desses artistas com formações transdisciplinares, que a tessitura dos encontros se dá. Desde o início da sua criação, a Baileia tece e constrói seu caminho lado-a-lado de pessoas, espaços e estruturas artísticas, com as quais apoiam e sustentam a construção de um pensamento e filosofia<br />
de trabalho.
	<h3><strong>Informações e Bilheteiras</strong></h3>
	<strong>ALMADA</strong><br />
Auditório Fernando Lopes Graça<br />
6 de junho de 2025 | 10:00*<br />
7 de junho de 2025 | 17:00
	<strong>BARREIRO</strong><br />
Auditório Municipal Augusto Cabrita<br />
9 de maio de 2025 | 10:00* e 14:30*<br />
10 de maio de 2025 | 16:00
	<strong>MONTEMOR-O-NOVO</strong><br />
Cine-Teatro Curvo Semedo <br />
19 de dezembro de 2025 | 14:30*<br />
20 de dezembro de 2025 | 15:00
	<strong>MONTIJO</strong><br />
Cinema-Teatro Joaquim d&#8217;Almeida<br />
24 de outubro de 2025 | 10:00*<br />
25 de outubro de 2025 | 16:30
	<strong>POMBAL</strong><br />
Teatro-Cine de Pombal<br />
28 de novembro de 2025 | 10:30*<br />
29 de novembro de 2025 | 16:30
	<strong>TORRES VEDRAS</strong><br />
Teatro-Cine de Torres Vedras<br />
9 de outubro de 2025 | 10:00* e 14:00*
	<p>*Sessão para escolas</p>
<p>.   .   .</p>
A lotação de cada espetáculo é limitada e requer a reserva e/ou levantamento prévio de bilhetes.<br />
A aquisição de bilhetes deve ser feita nas bilheteira habituais de cada espaço de apresentação. Recomendamos que se informe atempadamente sobre a aquisição de bilhetes junto dos locais de apresentação.<br />
Agradecemos a colaboração de todos para seguirem as normas e recomendações indicadas pelos responsáveis de cada espaço de apresentação.
<p>Bom espetáculo!</p>
	<p>Imagem <em><strong>©Curupira Ternura Selvagem</strong></em></p>

<div class="entry-summary">
<div class="entry-summary">
Vamos encontro de Curupira! Uma figura encantada da Amazónia que nos convida a conhecer, através dos sentidos, a floresta os rios onde habita.
</div>
</div>

Inês Arromba

Vamos encontro de Curupira! Uma figura encantada da Amazónia que nos convida a conhecer, através dos sentidos, a floresta os rios onde habita.
