{"id":2944,"date":"2021-11-09T12:37:54","date_gmt":"2021-11-09T12:37:54","guid":{"rendered":"https:\/\/www.artemrede.pt\/?post_type=wm_projects&#038;p=2944"},"modified":"2022-03-25T18:47:26","modified_gmt":"2022-03-25T18:47:26","slug":"mao-verde","status":"publish","type":"wm_projects","link":"https:\/\/www.artemrede.pt\/pt_pt\/project\/mao-verde\/","title":{"rendered":"M\u00c3O VERDE"},"content":{"rendered":"\n\n\t<h2>M\u00e3o Verde \u00e9 um concerto tem\u00e1tico, em torno das plantas, da agricultura, da alimenta\u00e7\u00e3o, dos cheiros das ervas arom\u00e1ticas, da cor das flores e com uma clara motiva\u00e7\u00e3o ecologista.<\/h2>\n<p>&nbsp;<\/p>\n\n<h3>Come\u00e7ou por ser um espet\u00e1culo a dois que, entretanto, deu origem a um disco e um livro, ou melhor a um &#8220;lisco&#8221; e um &#8220;divro&#8221; que, sendo para crian\u00e7as, n\u00e3o se quer infantil; o disco tem m\u00fasica de Pedro Geraldes e lengalengas originais escritas e cantaroladas por Capicua e o livro, al\u00e9m das lengalengas escritas no papel, tem ilustra\u00e7\u00f5es de Maria Herreros e notas did\u00e1ticas que ajudam a aprofundar o conte\u00fado das letras.<br \/>\nTer a &#8220;m\u00e3o verde&#8221; nasce da tradu\u00e7\u00e3o de uma express\u00e3o francesa, que significa ter jeito para as plantas e talento para a jardinagem.<\/h3>\nA dupla <strong>Capicua<\/strong> (voz) e <strong>Pedro Geraldes<\/strong> (guitarra, programa\u00e7\u00f5es e teclado) transforma-se agora em banda com <strong>Francisca Cortes\u00e3o<\/strong> a assegurar o baixo e tamb\u00e9m voz e <strong>Ant\u00f3nio Serginho<\/strong> a percuss\u00e3o e teclado.<br \/>\nEste quarteto fant\u00e1stico faz das rimas, hist\u00f3rias, rap e jogos de palavras uma festa, com as batidas coloridas a ganharem uma nova vida sob os diversos instrumentos tocados ao vivo.<br \/>\nCan\u00e7\u00f5es alegres (com novos originais que integram j\u00e1 o alinhamento dos espet\u00e1culos), com mensagens importantes e personagens inesquec\u00edveis, numa abordagem t\u00e3o inteligente quanto divertida, para ouvir, ler e colher, cuidar e crescer.<br \/>\nPara verdes, para maduros!\n<hr \/>\n<p><iframe loading=\"lazy\" title=\"M\u00e3o Verde (Capicua &amp; Pedro Geraldes) - &quot;A Cor da Rosa&quot;\" width=\"1200\" height=\"675\" src=\"https:\/\/www.youtube.com\/embed\/EaddBroe1UM?feature=oembed\" frameborder=\"0\" allow=\"accelerometer; autoplay; clipboard-write; encrypted-media; gyroscope; picture-in-picture\" allowfullscreen><\/iframe><\/p>\n<p>&#8211;<\/p>\n<p>Artista: M\u00e3o Verde<\/p>\n<p>G\u00e9nero Art\u00edstico: M\u00fasica<\/p>\n<p>Classifica\u00e7\u00e3o et\u00e1ria: M\/6<\/p>\n<p>Apresenta\u00e7\u00e3o em Territ\u00f3rios ARTEMREDE:<\/p>\n<p><strong>POMBAL<\/strong> \u00a0\u00a0 Teatro-Cine | 14 de novembro de 2021, domingo, \u00e0s 16:00<\/p>\n\n<p>&nbsp;<\/p>\n<p>Voz <strong>Capicua<\/strong> Guitarra, programa\u00e7\u00f5es e teclado <strong>Pedro Geraldes<\/strong> Baixo e voz <strong>Francisca Cortes\u00e3o<\/strong> Percuss\u00f5es e teclados <strong>Ant\u00f3nio Serginho<\/strong> T\u00e9cnica de luz <strong>Virg\u00ednia Esteves<\/strong> T\u00e9cnico de som (frente e palco) <strong>Eduardo Maltez<\/strong> Roadie <strong>Emanuel Rocha<\/strong> Runner e assistente pessoal <strong>Maria Fontes<\/strong> Road manager<strong> M\u00e1rio Castro<\/strong> Booking e produ\u00e7\u00e3o executiva <strong>Radar dos Sons <\/strong>Uma encomenda do S\u00e3o Luiz Teatro Municipal (dezembro 2015)<\/p>\n<p>&nbsp;<\/p>\n\t<h3>Informa\u00e7\u00f5es e bilheteira<\/h3>\n\t\n<strong>Teatro-Cine de Pombal<\/strong><br \/>\n(+351) 236 210 542 | teatrocine@cm-pombal.pt<br \/>\nBilheteira Online: cultura.cm-pombal.pt\n\t<p>Imagem \u00a9Miguel Refresco \/ Curva Contra Curva<\/p>\n\n","protected":false},"excerpt":{"rendered":"<div class=\"entry-summary\">\n<div class=\"entry-summary\">\nEste quarteto fant\u00e1stico faz das rimas, hist\u00f3rias, rap e jogos de palavras uma festa!\n<\/div>\n<\/div>\n","protected":false},"author":3,"featured_media":2945,"template":"","meta":{"om_disable_all_campaigns":false,"_monsterinsights_skip_tracking":false,"_monsterinsights_sitenote_active":false,"_monsterinsights_sitenote_note":"","_monsterinsights_sitenote_category":0},"project_category":[258,262,164,255,256],"project_tag":[158],"class_list":["post-2944","wm_projects","type-wm_projects","status-publish","has-post-thumbnail","hentry","project_category-criancas-e-jovens","project_category-musica-temporada-2021-2022","project_category-pombal-visionarios","project_category-semana-europeia-21","project_category-temporada-2021-2022","project_tag-musica","entry"],"aioseo_notices":[],"uagb_featured_image_src":{"full":["https:\/\/www.artemrede.pt\/wp-content\/uploads\/2021\/11\/MiguelRefresco_MVBanda1.jpg",1500,1000,false],"thumbnail":["https:\/\/www.artemrede.pt\/wp-content\/uploads\/2021\/11\/MiguelRefresco_MVBanda1-480x270.jpg",480,270,true],"medium":["https:\/\/www.artemrede.pt\/wp-content\/uploads\/2021\/11\/MiguelRefresco_MVBanda1-744x496.jpg",744,496,true],"medium_large":["https:\/\/www.artemrede.pt\/wp-content\/uploads\/2021\/11\/MiguelRefresco_MVBanda1-1200x800.jpg",1200,800,true],"large":["https:\/\/www.artemrede.pt\/wp-content\/uploads\/2021\/11\/MiguelRefresco_MVBanda1-1200x800.jpg",1200,800,true],"1536x1536":["https:\/\/www.artemrede.pt\/wp-content\/uploads\/2021\/11\/MiguelRefresco_MVBanda1.jpg",1500,1000,false],"2048x2048":["https:\/\/www.artemrede.pt\/wp-content\/uploads\/2021\/11\/MiguelRefresco_MVBanda1.jpg",1500,1000,false],"trp-custom-language-flag":["https:\/\/www.artemrede.pt\/wp-content\/uploads\/2021\/11\/MiguelRefresco_MVBanda1-16x12.jpg",16,12,true],"icelander-thumbnail":["https:\/\/www.artemrede.pt\/wp-content\/uploads\/2021\/11\/MiguelRefresco_MVBanda1-744x372.jpg",744,372,true],"icelander-square":["https:\/\/www.artemrede.pt\/wp-content\/uploads\/2021\/11\/MiguelRefresco_MVBanda1-448x448.jpg",448,448,true],"icelander-intro":["https:\/\/www.artemrede.pt\/wp-content\/uploads\/2021\/11\/MiguelRefresco_MVBanda1.jpg",1500,1000,false]},"uagb_author_info":{"display_name":"In\u00eas Arromba","author_link":"https:\/\/www.artemrede.pt\/pt_pt\/author\/artred_arromba\/"},"uagb_comment_info":0,"uagb_excerpt":"Este quarteto fant\u00e1stico faz das rimas, hist\u00f3rias, rap e jogos de palavras uma festa!","_links":{"self":[{"href":"https:\/\/www.artemrede.pt\/pt_pt\/wp-json\/wp\/v2\/wm_projects\/2944","targetHints":{"allow":["GET"]}}],"collection":[{"href":"https:\/\/www.artemrede.pt\/pt_pt\/wp-json\/wp\/v2\/wm_projects"}],"about":[{"href":"https:\/\/www.artemrede.pt\/pt_pt\/wp-json\/wp\/v2\/types\/wm_projects"}],"author":[{"embeddable":true,"href":"https:\/\/www.artemrede.pt\/pt_pt\/wp-json\/wp\/v2\/users\/3"}],"wp:featuredmedia":[{"embeddable":true,"href":"https:\/\/www.artemrede.pt\/pt_pt\/wp-json\/wp\/v2\/media\/2945"}],"wp:attachment":[{"href":"https:\/\/www.artemrede.pt\/pt_pt\/wp-json\/wp\/v2\/media?parent=2944"}],"wp:term":[{"taxonomy":"project_category","embeddable":true,"href":"https:\/\/www.artemrede.pt\/pt_pt\/wp-json\/wp\/v2\/project_category?post=2944"},{"taxonomy":"project_tag","embeddable":true,"href":"https:\/\/www.artemrede.pt\/pt_pt\/wp-json\/wp\/v2\/project_tag?post=2944"}],"curies":[{"name":"wp","href":"https:\/\/api.w.org\/{rel}","templated":true}]}}

MÃO VERDE

<h2>Mão Verde é um concerto temático, em torno das plantas, da agricultura, da alimentação, dos cheiros das ervas aromáticas, da cor das flores e com uma clara motivação ecologista.</h2>
<p>&nbsp;</p>

<h3>Começou por ser um espetáculo a dois que, entretanto, deu origem a um disco e um livro, ou melhor a um &#8220;lisco&#8221; e um &#8220;divro&#8221; que, sendo para crianças, não se quer infantil; o disco tem música de Pedro Geraldes e lengalengas originais escritas e cantaroladas por Capicua e o livro, além das lengalengas escritas no papel, tem ilustrações de Maria Herreros e notas didáticas que ajudam a aprofundar o conteúdo das letras.<br />
Ter a &#8220;mão verde&#8221; nasce da tradução de uma expressão francesa, que significa ter jeito para as plantas e talento para a jardinagem.</h3>
A dupla <strong>Capicua</strong> (voz) e <strong>Pedro Geraldes</strong> (guitarra, programações e teclado) transforma-se agora em banda com <strong>Francisca Cortesão</strong> a assegurar o baixo e também voz e <strong>António Serginho</strong> a percussão e teclado.<br />
Este quarteto fantástico faz das rimas, histórias, rap e jogos de palavras uma festa, com as batidas coloridas a ganharem uma nova vida sob os diversos instrumentos tocados ao vivo.<br />
Canções alegres (com novos originais que integram já o alinhamento dos espetáculos), com mensagens importantes e personagens inesquecíveis, numa abordagem tão inteligente quanto divertida, para ouvir, ler e colher, cuidar e crescer.<br />
Para verdes, para maduros!
<hr />
<p><iframe loading="lazy" title="Mão Verde (Capicua &amp; Pedro Geraldes) - &quot;A Cor da Rosa&quot;" width="1200" height="675" src="https://www.youtube.com/embed/EaddBroe1UM?feature=oembed" frameborder="0" allow="accelerometer; autoplay; clipboard-write; encrypted-media; gyroscope; picture-in-picture" allowfullscreen></iframe></p>
<p>&#8211;</p>
<p>Artista: Mão Verde</p>
<p>Género Artístico: Música</p>
<p>Classificação etária: M/6</p>
<p>Apresentação em Territórios ARTEMREDE:</p>
<p><strong>POMBAL</strong>    Teatro-Cine | 14 de novembro de 2021, domingo, às 16:00</p>

<p>&nbsp;</p>
<p>Voz <strong>Capicua</strong> Guitarra, programações e teclado <strong>Pedro Geraldes</strong> Baixo e voz <strong>Francisca Cortesão</strong> Percussões e teclados <strong>António Serginho</strong> Técnica de luz <strong>Virgínia Esteves</strong> Técnico de som (frente e palco) <strong>Eduardo Maltez</strong> Roadie <strong>Emanuel Rocha</strong> Runner e assistente pessoal <strong>Maria Fontes</strong> Road manager<strong> Mário Castro</strong> Booking e produção executiva <strong>Radar dos Sons </strong>Uma encomenda do São Luiz Teatro Municipal (dezembro 2015)</p>
<p>&nbsp;</p>
	<h3>Informações e bilheteira</h3>
	
<strong>Teatro-Cine de Pombal</strong><br />
(+351) 236 210 542 | teatrocine@cm-pombal.pt<br />
Bilheteira Online: cultura.cm-pombal.pt
	<p>Imagem ©Miguel Refresco / Curva Contra Curva</p>

<div class="entry-summary">
<div class="entry-summary">
Este quarteto fantástico faz das rimas, histórias, rap e jogos de palavras uma festa!
</div>
</div>

Inês Arromba

Este quarteto fantástico faz das rimas, histórias, rap e jogos de palavras uma festa!
