{"id":2860,"date":"2021-09-27T17:14:39","date_gmt":"2021-09-27T17:14:39","guid":{"rendered":"https:\/\/www.artemrede.pt\/?post_type=wm_projects&#038;p=2860"},"modified":"2022-07-12T19:10:08","modified_gmt":"2022-07-12T19:10:08","slug":"concerto-para-uma-arvore","status":"publish","type":"wm_projects","link":"https:\/\/www.artemrede.pt\/pt_pt\/project\/concerto-para-uma-arvore\/","title":{"rendered":"CONCERTO PARA UMA \u00c1RVORE &#038; 7 POEMAS PARA UM NOVO MUNDO"},"content":{"rendered":"\n\n\t<h2>Concerto para uma \u00e1rvore e 7 Poemas para um Mundo Novo marcam o in\u00edcio de uma pesquisa \u00e0 volta de objetos sonoros e instrumentos musicais experimentais criados a partir de \u00e1rvores e outros materiais naturais. Nesta pesquisa procura-se que a beleza e a imensid\u00e3o da natureza nos traga alguma eleva\u00e7\u00e3o e nobreza de esp\u00edrito, contribuindo humildemente para um estado mental coletivo acima da exalta\u00e7\u00e3o e intoler\u00e2ncia que temos vivido no espa\u00e7o p\u00fablico. A arte como cura.<\/h2>\n<h4>O instrumento H\u00e1rvore foi criado a partir de um carvalho cortado numa limpeza de terrenos na Serra de Montemuro. Durante a quarentena esta pequena \u00e1rvore foi-se lentamente transformando num instrumento musical, com cordas esticadas entre os seus ramos e sinos em lugar de flores.<\/h4>\n<h4>7 Poemas para um Mundo Novo \u00e9 um conjunto de sete pequenos filmes inspirados pela pandemia global de 2020, pela nossa rela\u00e7\u00e3o com o planeta e a natureza e pela pesquisa e cria\u00e7\u00e3o de instrumentos musicais experimentais a partir de \u00e1rvores e outros materiais naturais.<br \/>\nCada filme \u00e9 baseado num poema de um autor portugu\u00eas que para o efeito foi especialmente convidado, partindo da sua reflex\u00e3o sobre o per\u00edodo de quarentena e o Mundo que sonha ou que teme que a\u00ed venha, um manifesto para um Mundo Novo.<br \/>\nForam ainda convidados sete atores\/atrizes para lerem estes poemas. Um dos poemas \u00e9 de um autor que j\u00e1 n\u00e3o est\u00e1 vivo, como forma de homenagear os mortos da pandemia.<\/h4>\n<hr \/>\n<p><iframe loading=\"lazy\" title=\"Concerto para uma \u00e1rvore (Lisboa Soa, Galeria Monumental)\" width=\"1200\" height=\"675\" src=\"https:\/\/www.youtube.com\/embed\/qMatIBGtSCM?feature=oembed\" frameborder=\"0\" allow=\"accelerometer; autoplay; clipboard-write; encrypted-media; gyroscope; picture-in-picture\" allowfullscreen><\/iframe><\/p>\n<p>&#8211;<\/p>\n<p>Artista: Fernando Mota \/ A Caravana Passa<\/p>\n<p>G\u00e9nero Art\u00edstico: Multidisciplinar | M\u00fasica, v\u00eddeo arte<\/p>\n<p>Classifica\u00e7\u00e3o et\u00e1ria: M\/6<\/p>\n<p>Apresenta\u00e7\u00e3o em Territ\u00f3rios ARTEMREDE:<\/p>\n<strong>LISBOA<\/strong> \u00a0\u00a0 Biblioteca de Marvila | 19 de novembro de 2021, sexta-feira, \u00e0s 21:00*<br \/>\n<strong>MONTIJO<\/strong> \u00a0 Largo do Cinema-Teatro Joaquim de Almeida | 16 de julho de 2022, s\u00e1bado, \u00e0s 21:30<br \/>\n<strong>SOBRAL DE MONTE AGRA\u00c7O<\/strong> \u00a0\u00a0 Cine-Teatro | 30 de outubro de 2021, s\u00e1bado, \u00e0s 21:30\n<p>*Uma escolha de programa\u00e7\u00e3o dos grupos de <strong>Vision\u00e1rios de Marvila<\/strong>.<\/p>\n<p><strong>CONCERTO PARA UMA \u00c1RVORE<\/strong> M\u00fasica e interpreta\u00e7\u00e3o<strong> Fernando Mota<\/strong> Opera\u00e7\u00e3o t\u00e9cnica <strong>Catarina C\u00f4dea<\/strong> (Lisboa) | A definir (Sobral de Monte Agra\u00e7o) | A definir (Montijo) Produ\u00e7\u00e3o <strong>Violeta Mandillo<\/strong><\/p>\n<p><strong>7 POEMAS PARA UM MUNDO NOVO<\/strong> | um projeto de <strong>Fernando Mota, M\u00e1rio Melo Costa e Violeta Mandillo<\/strong> com textos de <strong>Andreia C. Faria, Ant\u00f3nio Barahona, Joana B\u00e9rtholo, Jos\u00e9 Lu\u00eds Peixoto, Marcos Foz, M\u00e1rio Cesariny e Vasco Gato<\/strong> vozes de <strong>Angelo Torres, Ana Sofia Paiva, Cl\u00e1udia Andrade, Diogo D\u00f3ria, Lu\u00eds Miguel Cintra, Nat\u00e1lia Luiza, Tiago Mota<\/strong> M\u00fasica, espa\u00e7o sonoro e interpreta\u00e7\u00e3o <strong>Fernando Mota<\/strong> Realiza\u00e7\u00e3o e dire\u00e7\u00e3o de fotografia <strong>M\u00e1rio Melo Costa<\/strong> Produ\u00e7\u00e3o <strong>Violeta Mandillo<\/strong> Capta\u00e7\u00e3o de som <strong>Jos\u00e9 Grossinho Gaffer Jos\u00e9 Manuel Rodrigues<\/strong> P\u00f3s-produ\u00e7\u00e3o <strong>Jo\u00e3o Nunes<\/strong> Assessoria de imprensa <strong>Wake Up!<\/strong> <strong>Comunica\u00e7\u00e3o<\/strong><\/p>\n<p>Agradecimentos Ana Carina Estroia, Ana Mandillo, Biblioteca Municipal de Beja, Casa da Cerca, Eduardo Correia, Funda\u00e7\u00e3o Lapa do Lobo, Jos\u00e9 Silva, Jos\u00e9 Silva Tavares, Largo Resid\u00eancias, Manuel Apar\u00edcio, M\u00e1rio Guerra &#8211; Poesia Incompleta, M\u00e1rio Ra\u00ednha Campos, Moz Carrapa, Teatro Regional da Serra do Montemuro<\/p>\n<p>Agradecimento especial Miguel Melo, Tiago Mota Apoios C\u00e2mara Municipal de Vila Velha de R\u00f3d\u00e3o, Ninho Saloio, Parques de Sintra &#8211; Monte da Lua, S.A., Dire\u00e7\u00e3o Regional de Cultura do Alentejo<\/p>\n<p>Uma produ\u00e7\u00e3o <strong>A CARAVANA<\/strong> com o apoio da<strong> C\u00e2mara Municipal de Lisboa &#8211; Fundo de Emerg\u00eancia Social &#8211; Cultura<\/strong><\/p>\n<p><strong>\u00a0<\/strong><\/p>\n\t<h3>Informa\u00e7\u00f5es e bilheteira<\/h3>\n\t<p><strong>LISBOA<\/strong><\/p>\n<strong>Audit\u00f3rio da Biblioteca de Marvila<\/strong><br \/>\nReservas obrigat\u00f3rias em bib.marvila@cm-lisboa.pt<br \/>\n+ Info em (+351) 218 173 000<br \/>\n(ter\u00e7a a s\u00e1bado, das 10h \u00e0s 13h e das 14h \u00e0s 15h \/ dias dos espet\u00e1culos a partir das 19h)\n\t<p><strong>MONTIJO<\/strong><\/p>\n<strong>Cinema-Teatro Joaquim d&#8217;Almeida<\/strong><br \/>\nTelefone: (+351) 212 327 882 | ctjabilheteira@mun-montijo.pt<br \/>\n\u00c9 aconselhada a aquisi\u00e7\u00e3o antecipada de bilhetes;<br \/>\nTodas as reservas devem ser levantadas at\u00e9 48 horas antes do espet\u00e1culo;<br \/>\nEm dias de espet\u00e1culo, abre 2 horas antes do in\u00edcio do mesmo.\n<p>&nbsp;<\/p>\n\t<p><strong>SOBRAL DE MONTE AGRA\u00c7O<\/strong><\/p>\n<strong>Cine-Teatro<\/strong><br \/>\nDias 28 e 29\/10: 16h-19h<br \/>\nDia 30\/10: 16h-19h e 90&#8242; antes do in\u00edcio<br \/>\nTel. (+351) 261 948 321\n<p>As reservas s\u00e3o v\u00e1lidas at\u00e9 30&#8242; antes do in\u00edcio do espet\u00e1culo.<\/p>\n\t<p>&nbsp;<\/p>\n<p>Imagem <em>\u00a9 <\/em>M\u00e1rio Melo Costa<\/p>\n\n","protected":false},"excerpt":{"rendered":"<div class=\"entry-summary\">\n<div class=\"entry-summary\">\nConcerto para uma \u00e1rvore e 7 Poemas para um Mundo Novo marcam o in\u00edcio de uma pesquisa \u00e0 volta de objetos sonoros e instrumentos musicais experimentais criados a partir de \u00e1rvores e outros materiais naturais. Nesta pesquisa procura-se que a&hellip;\n<\/div>\n<\/div>\n","protected":false},"author":3,"featured_media":2867,"template":"","meta":{"om_disable_all_campaigns":false,"_monsterinsights_skip_tracking":false,"_monsterinsights_sitenote_active":false,"_monsterinsights_sitenote_note":"","_monsterinsights_sitenote_category":0},"project_category":[163,261,255,256,162],"project_tag":[158,247],"class_list":["post-2860","wm_projects","type-wm_projects","status-publish","has-post-thumbnail","hentry","project_category-lisboa","project_category-multidisciplinar-temporada-2021-2022","project_category-semana-europeia-21","project_category-temporada-2021-2022","project_category-visionarios","project_tag-musica","project_tag-video-arte-2","entry"],"aioseo_notices":[],"uagb_featured_image_src":{"full":["https:\/\/www.artemrede.pt\/wp-content\/uploads\/2021\/09\/Fernando-Mota_Roda\u0303o_Mario-Melo-Costa_menos.jpg",931,1396,false],"thumbnail":["https:\/\/www.artemrede.pt\/wp-content\/uploads\/2021\/09\/Fernando-Mota_Roda\u0303o_Mario-Melo-Costa_menos-480x270.jpg",480,270,true],"medium":["https:\/\/www.artemrede.pt\/wp-content\/uploads\/2021\/09\/Fernando-Mota_Roda\u0303o_Mario-Melo-Costa_menos-744x1116.jpg",744,1116,true],"medium_large":["https:\/\/www.artemrede.pt\/wp-content\/uploads\/2021\/09\/Fernando-Mota_Roda\u0303o_Mario-Melo-Costa_menos.jpg",931,1396,false],"large":["https:\/\/www.artemrede.pt\/wp-content\/uploads\/2021\/09\/Fernando-Mota_Roda\u0303o_Mario-Melo-Costa_menos.jpg",931,1396,false],"1536x1536":["https:\/\/www.artemrede.pt\/wp-content\/uploads\/2021\/09\/Fernando-Mota_Roda\u0303o_Mario-Melo-Costa_menos.jpg",931,1396,false],"2048x2048":["https:\/\/www.artemrede.pt\/wp-content\/uploads\/2021\/09\/Fernando-Mota_Roda\u0303o_Mario-Melo-Costa_menos.jpg",931,1396,false],"trp-custom-language-flag":["https:\/\/www.artemrede.pt\/wp-content\/uploads\/2021\/09\/Fernando-Mota_Roda\u0303o_Mario-Melo-Costa_menos-8x12.jpg",8,12,true],"icelander-thumbnail":["https:\/\/www.artemrede.pt\/wp-content\/uploads\/2021\/09\/Fernando-Mota_Roda\u0303o_Mario-Melo-Costa_menos-744x372.jpg",744,372,true],"icelander-square":["https:\/\/www.artemrede.pt\/wp-content\/uploads\/2021\/09\/Fernando-Mota_Roda\u0303o_Mario-Melo-Costa_menos-448x448.jpg",448,448,true],"icelander-intro":["https:\/\/www.artemrede.pt\/wp-content\/uploads\/2021\/09\/Fernando-Mota_Roda\u0303o_Mario-Melo-Costa_menos-931x1080.jpg",931,1080,true]},"uagb_author_info":{"display_name":"In\u00eas Arromba","author_link":"https:\/\/www.artemrede.pt\/pt_pt\/author\/artred_arromba\/"},"uagb_comment_info":0,"uagb_excerpt":"Concerto para uma \u00e1rvore e 7 Poemas para um Mundo Novo marcam o in\u00edcio de uma pesquisa \u00e0 volta de objetos sonoros e instrumentos musicais experimentais criados a partir de \u00e1rvores e outros materiais naturais. Nesta pesquisa procura-se que a&hellip;","_links":{"self":[{"href":"https:\/\/www.artemrede.pt\/pt_pt\/wp-json\/wp\/v2\/wm_projects\/2860","targetHints":{"allow":["GET"]}}],"collection":[{"href":"https:\/\/www.artemrede.pt\/pt_pt\/wp-json\/wp\/v2\/wm_projects"}],"about":[{"href":"https:\/\/www.artemrede.pt\/pt_pt\/wp-json\/wp\/v2\/types\/wm_projects"}],"author":[{"embeddable":true,"href":"https:\/\/www.artemrede.pt\/pt_pt\/wp-json\/wp\/v2\/users\/3"}],"wp:featuredmedia":[{"embeddable":true,"href":"https:\/\/www.artemrede.pt\/pt_pt\/wp-json\/wp\/v2\/media\/2867"}],"wp:attachment":[{"href":"https:\/\/www.artemrede.pt\/pt_pt\/wp-json\/wp\/v2\/media?parent=2860"}],"wp:term":[{"taxonomy":"project_category","embeddable":true,"href":"https:\/\/www.artemrede.pt\/pt_pt\/wp-json\/wp\/v2\/project_category?post=2860"},{"taxonomy":"project_tag","embeddable":true,"href":"https:\/\/www.artemrede.pt\/pt_pt\/wp-json\/wp\/v2\/project_tag?post=2860"}],"curies":[{"name":"wp","href":"https:\/\/api.w.org\/{rel}","templated":true}]}}

CONCERTO PARA UMA ÁRVORE &#038; 7 POEMAS PARA UM NOVO MUNDO

<h2>Concerto para uma árvore e 7 Poemas para um Mundo Novo marcam o início de uma pesquisa à volta de objetos sonoros e instrumentos musicais experimentais criados a partir de árvores e outros materiais naturais. Nesta pesquisa procura-se que a beleza e a imensidão da natureza nos traga alguma elevação e nobreza de espírito, contribuindo humildemente para um estado mental coletivo acima da exaltação e intolerância que temos vivido no espaço público. A arte como cura.</h2>
<h4>O instrumento Hárvore foi criado a partir de um carvalho cortado numa limpeza de terrenos na Serra de Montemuro. Durante a quarentena esta pequena árvore foi-se lentamente transformando num instrumento musical, com cordas esticadas entre os seus ramos e sinos em lugar de flores.</h4>
<h4>7 Poemas para um Mundo Novo é um conjunto de sete pequenos filmes inspirados pela pandemia global de 2020, pela nossa relação com o planeta e a natureza e pela pesquisa e criação de instrumentos musicais experimentais a partir de árvores e outros materiais naturais.<br />
Cada filme é baseado num poema de um autor português que para o efeito foi especialmente convidado, partindo da sua reflexão sobre o período de quarentena e o Mundo que sonha ou que teme que aí venha, um manifesto para um Mundo Novo.<br />
Foram ainda convidados sete atores/atrizes para lerem estes poemas. Um dos poemas é de um autor que já não está vivo, como forma de homenagear os mortos da pandemia.</h4>
<hr />
<p><iframe loading="lazy" title="Concerto para uma árvore (Lisboa Soa, Galeria Monumental)" width="1200" height="675" src="https://www.youtube.com/embed/qMatIBGtSCM?feature=oembed" frameborder="0" allow="accelerometer; autoplay; clipboard-write; encrypted-media; gyroscope; picture-in-picture" allowfullscreen></iframe></p>
<p>&#8211;</p>
<p>Artista: Fernando Mota / A Caravana Passa</p>
<p>Género Artístico: Multidisciplinar | Música, vídeo arte</p>
<p>Classificação etária: M/6</p>
<p>Apresentação em Territórios ARTEMREDE:</p>
<strong>LISBOA</strong>    Biblioteca de Marvila | 19 de novembro de 2021, sexta-feira, às 21:00*<br />
<strong>MONTIJO</strong>   Largo do Cinema-Teatro Joaquim de Almeida | 16 de julho de 2022, sábado, às 21:30<br />
<strong>SOBRAL DE MONTE AGRAÇO</strong>    Cine-Teatro | 30 de outubro de 2021, sábado, às 21:30
<p>*Uma escolha de programação dos grupos de <strong>Visionários de Marvila</strong>.</p>
<p><strong>CONCERTO PARA UMA ÁRVORE</strong> Música e interpretação<strong> Fernando Mota</strong> Operação técnica <strong>Catarina Côdea</strong> (Lisboa) | A definir (Sobral de Monte Agraço) | A definir (Montijo) Produção <strong>Violeta Mandillo</strong></p>
<p><strong>7 POEMAS PARA UM MUNDO NOVO</strong> | um projeto de <strong>Fernando Mota, Mário Melo Costa e Violeta Mandillo</strong> com textos de <strong>Andreia C. Faria, António Barahona, Joana Bértholo, José Luís Peixoto, Marcos Foz, Mário Cesariny e Vasco Gato</strong> vozes de <strong>Angelo Torres, Ana Sofia Paiva, Cláudia Andrade, Diogo Dória, Luís Miguel Cintra, Natália Luiza, Tiago Mota</strong> Música, espaço sonoro e interpretação <strong>Fernando Mota</strong> Realização e direção de fotografia <strong>Mário Melo Costa</strong> Produção <strong>Violeta Mandillo</strong> Captação de som <strong>José Grossinho Gaffer José Manuel Rodrigues</strong> Pós-produção <strong>João Nunes</strong> Assessoria de imprensa <strong>Wake Up!</strong> <strong>Comunicação</strong></p>
<p>Agradecimentos Ana Carina Estroia, Ana Mandillo, Biblioteca Municipal de Beja, Casa da Cerca, Eduardo Correia, Fundação Lapa do Lobo, José Silva, José Silva Tavares, Largo Residências, Manuel Aparício, Mário Guerra &#8211; Poesia Incompleta, Mário Raínha Campos, Moz Carrapa, Teatro Regional da Serra do Montemuro</p>
<p>Agradecimento especial Miguel Melo, Tiago Mota Apoios Câmara Municipal de Vila Velha de Ródão, Ninho Saloio, Parques de Sintra &#8211; Monte da Lua, S.A., Direção Regional de Cultura do Alentejo</p>
<p>Uma produção <strong>A CARAVANA</strong> com o apoio da<strong> Câmara Municipal de Lisboa &#8211; Fundo de Emergência Social &#8211; Cultura</strong></p>
<p><strong> </strong></p>
	<h3>Informações e bilheteira</h3>
	<p><strong>LISBOA</strong></p>
<strong>Auditório da Biblioteca de Marvila</strong><br />
Reservas obrigatórias em bib.marvila@cm-lisboa.pt<br />
+ Info em (+351) 218 173 000<br />
(terça a sábado, das 10h às 13h e das 14h às 15h / dias dos espetáculos a partir das 19h)
	<p><strong>MONTIJO</strong></p>
<strong>Cinema-Teatro Joaquim d&#8217;Almeida</strong><br />
Telefone: (+351) 212 327 882 | ctjabilheteira@mun-montijo.pt<br />
É aconselhada a aquisição antecipada de bilhetes;<br />
Todas as reservas devem ser levantadas até 48 horas antes do espetáculo;<br />
Em dias de espetáculo, abre 2 horas antes do início do mesmo.
<p>&nbsp;</p>
	<p><strong>SOBRAL DE MONTE AGRAÇO</strong></p>
<strong>Cine-Teatro</strong><br />
Dias 28 e 29/10: 16h-19h<br />
Dia 30/10: 16h-19h e 90&#8242; antes do início<br />
Tel. (+351) 261 948 321
<p>As reservas são válidas até 30&#8242; antes do início do espetáculo.</p>
	<p>&nbsp;</p>
<p>Imagem <em>© </em>Mário Melo Costa</p>

<div class="entry-summary">
<div class="entry-summary">
Concerto para uma árvore e 7 Poemas para um Mundo Novo marcam o início de uma pesquisa à volta de objetos sonoros e instrumentos musicais experimentais criados a partir de árvores e outros materiais naturais. Nesta pesquisa procura-se que a&hellip;
</div>
</div>

Inês Arromba

Concerto para uma árvore e 7 Poemas para um Mundo Novo marcam o início de uma pesquisa à volta de objetos sonoros e instrumentos musicais experimentais criados a partir de árvores e outros materiais naturais. Nesta pesquisa procura-se que a&hellip;
