{"id":2815,"date":"2021-09-10T12:15:13","date_gmt":"2021-09-10T12:15:13","guid":{"rendered":"https:\/\/www.artemrede.pt\/?post_type=wm_projects&#038;p=2815"},"modified":"2021-11-09T15:15:55","modified_gmt":"2021-11-09T15:15:55","slug":"saltar-das-paredes","status":"publish","type":"wm_projects","link":"https:\/\/www.artemrede.pt\/pt_pt\/project\/saltar-das-paredes\/","title":{"rendered":"SALTAR DAS PAREDES"},"content":{"rendered":"\n\n\t<h2>&#8220;Para este projecto de imediato me surgiu a ideia de contar com a presen\u00e7a de alguns elementos que pudessem preencher cada papel que imaginei. Num jogo de combina\u00e7\u00f5es e complementos. N\u00e3o \u00e9 por acaso que a escolha recai sobre nomes da mesma fam\u00edlia.<br \/>\nDescrevendo uma \u00e1rvore geneal\u00f3gica eu sou neta da Maria Keil, e a Catarina e o Ivo s\u00e3o bisnetos.<br \/>\nA Catarina seguiu um mesmo percurso que eu, dan\u00e7a. O Ivo d\u00e1 os seus primeiros passos em artes circenses. E a escolha do m\u00fasico este sim com experi\u00eancia em tocar em espa\u00e7os n\u00e3o convencionais, rua.&#8221;<br \/>\n&#8211; Leonor Keil<\/h2>\n<p>Este projeto foi uma encomenda do LARGO resid\u00eancias feita \u00e0 Leonor Keil no \u00e2mbito do festival Next Stop (festival multicultural 2018 no Metropolitano de Lisboa), como forma de homenagear a obra azulejar da sua av\u00f3 Maria Keil, presente nas esta\u00e7\u00f5es no Metropolitano.<\/p>\n<hr \/>\n<p><iframe loading=\"lazy\" title=\"SALTAR DAS PAREDES espect&amp;aacute;culo de dan&amp;ccedil;a - Leonor Keil\" src=\"https:\/\/player.vimeo.com\/video\/473416450?dnt=1&amp;app_id=122963&amp;h=f0cef4b23b\" width=\"1200\" height=\"675\" frameborder=\"0\" allow=\"autoplay; fullscreen; picture-in-picture\" allowfullscreen><\/iframe><\/p>\n<p>&#8211;<\/p>\n<p>Artista: Leonor Keil \/ Largo Resid\u00eancias<\/p>\n<p>G\u00e9nero Art\u00edstico: Dan\u00e7a Contempor\u00e2nea e Artes Circenses<\/p>\n<p>Classifica\u00e7\u00e3o et\u00e1ria: M\/6<\/p>\n<p>Apresenta\u00e7\u00e3o em Territ\u00f3rios ARTEMREDE:<\/p>\n\n\n\n\t<h3>Informa\u00e7\u00f5es e bilheteira<\/h3>\n\t\nPara mais informa\u00e7\u00f5es contacte:<br \/>\nCine-Teatro S\u00e3o Pedro<br \/>\n(+351) 249 889 010\n\t<p>&nbsp;<\/p>\n<p>\u00a9 Direitos Reservados<\/p>\n\n","protected":false},"excerpt":{"rendered":"<div class=\"entry-summary\">\n<div class=\"entry-summary\">\n&#8220;O azulejo \u00e9 essencialmente uma presen\u00e7a, um brilho <br \/>\no azulejo n\u00e3o se v\u00ea, mas sente-se &#8221;<br \/>\n&#8211; Maria Keil\n<\/div>\n<\/div>\n","protected":false},"author":3,"featured_media":2816,"template":"","meta":{"om_disable_all_campaigns":false,"_monsterinsights_skip_tracking":false,"_monsterinsights_sitenote_active":false,"_monsterinsights_sitenote_note":"","_monsterinsights_sitenote_category":0},"project_category":[259,186,256,162],"project_tag":[159],"class_list":["post-2815","wm_projects","type-wm_projects","status-publish","has-post-thumbnail","hentry","project_category-danca-temporada-2021-2022","project_category-sesimbra-visionarios","project_category-temporada-2021-2022","project_category-visionarios","project_tag-danca","entry"],"aioseo_notices":[],"uagb_featured_image_src":{"full":["https:\/\/www.artemrede.pt\/wp-content\/uploads\/2021\/09\/MetroNextStopSaltardasparedes033.jpg",1500,1000,false],"thumbnail":["https:\/\/www.artemrede.pt\/wp-content\/uploads\/2021\/09\/MetroNextStopSaltardasparedes033-480x270.jpg",480,270,true],"medium":["https:\/\/www.artemrede.pt\/wp-content\/uploads\/2021\/09\/MetroNextStopSaltardasparedes033-744x496.jpg",744,496,true],"medium_large":["https:\/\/www.artemrede.pt\/wp-content\/uploads\/2021\/09\/MetroNextStopSaltardasparedes033-1200x800.jpg",1200,800,true],"large":["https:\/\/www.artemrede.pt\/wp-content\/uploads\/2021\/09\/MetroNextStopSaltardasparedes033-1200x800.jpg",1200,800,true],"1536x1536":["https:\/\/www.artemrede.pt\/wp-content\/uploads\/2021\/09\/MetroNextStopSaltardasparedes033.jpg",1500,1000,false],"2048x2048":["https:\/\/www.artemrede.pt\/wp-content\/uploads\/2021\/09\/MetroNextStopSaltardasparedes033.jpg",1500,1000,false],"trp-custom-language-flag":["https:\/\/www.artemrede.pt\/wp-content\/uploads\/2021\/09\/MetroNextStopSaltardasparedes033-16x12.jpg",16,12,true],"icelander-thumbnail":["https:\/\/www.artemrede.pt\/wp-content\/uploads\/2021\/09\/MetroNextStopSaltardasparedes033-744x372.jpg",744,372,true],"icelander-square":["https:\/\/www.artemrede.pt\/wp-content\/uploads\/2021\/09\/MetroNextStopSaltardasparedes033-448x448.jpg",448,448,true],"icelander-intro":["https:\/\/www.artemrede.pt\/wp-content\/uploads\/2021\/09\/MetroNextStopSaltardasparedes033.jpg",1500,1000,false]},"uagb_author_info":{"display_name":"In\u00eas Arromba","author_link":"https:\/\/www.artemrede.pt\/pt_pt\/author\/artred_arromba\/"},"uagb_comment_info":0,"uagb_excerpt":"\"O azulejo \u00e9 essencialmente uma presen\u00e7a, um brilho [...] o azulejo n\u00e3o se v\u00ea, mas sente-se [...]\" - Maria Keil","_links":{"self":[{"href":"https:\/\/www.artemrede.pt\/pt_pt\/wp-json\/wp\/v2\/wm_projects\/2815","targetHints":{"allow":["GET"]}}],"collection":[{"href":"https:\/\/www.artemrede.pt\/pt_pt\/wp-json\/wp\/v2\/wm_projects"}],"about":[{"href":"https:\/\/www.artemrede.pt\/pt_pt\/wp-json\/wp\/v2\/types\/wm_projects"}],"author":[{"embeddable":true,"href":"https:\/\/www.artemrede.pt\/pt_pt\/wp-json\/wp\/v2\/users\/3"}],"wp:featuredmedia":[{"embeddable":true,"href":"https:\/\/www.artemrede.pt\/pt_pt\/wp-json\/wp\/v2\/media\/2816"}],"wp:attachment":[{"href":"https:\/\/www.artemrede.pt\/pt_pt\/wp-json\/wp\/v2\/media?parent=2815"}],"wp:term":[{"taxonomy":"project_category","embeddable":true,"href":"https:\/\/www.artemrede.pt\/pt_pt\/wp-json\/wp\/v2\/project_category?post=2815"},{"taxonomy":"project_tag","embeddable":true,"href":"https:\/\/www.artemrede.pt\/pt_pt\/wp-json\/wp\/v2\/project_tag?post=2815"}],"curies":[{"name":"wp","href":"https:\/\/api.w.org\/{rel}","templated":true}]}}

<h2>&#8220;Para este projecto de imediato me surgiu a ideia de contar com a presença de alguns elementos que pudessem preencher cada papel que imaginei. Num jogo de combinações e complementos. Não é por acaso que a escolha recai sobre nomes da mesma família.<br />
Descrevendo uma árvore genealógica eu sou neta da Maria Keil, e a Catarina e o Ivo são bisnetos.<br />
A Catarina seguiu um mesmo percurso que eu, dança. O Ivo dá os seus primeiros passos em artes circenses. E a escolha do músico este sim com experiência em tocar em espaços não convencionais, rua.&#8221;<br />
&#8211; Leonor Keil</h2>
<p>Este projeto foi uma encomenda do LARGO residências feita à Leonor Keil no âmbito do festival Next Stop (festival multicultural 2018 no Metropolitano de Lisboa), como forma de homenagear a obra azulejar da sua avó Maria Keil, presente nas estações no Metropolitano.</p>
<hr />
<p><iframe loading="lazy" title="SALTAR DAS PAREDES espect&amp;aacute;culo de dan&amp;ccedil;a - Leonor Keil" src="https://player.vimeo.com/video/473416450?dnt=1&amp;app_id=122963&amp;h=f0cef4b23b" width="1200" height="675" frameborder="0" allow="autoplay; fullscreen; picture-in-picture" allowfullscreen></iframe></p>
<p>&#8211;</p>
<p>Artista: Leonor Keil / Largo Residências</p>
<p>Género Artístico: Dança Contemporânea e Artes Circenses</p>
<p>Classificação etária: M/6</p>
<p>Apresentação em Territórios ARTEMREDE:</p>



	<h3>Informações e bilheteira</h3>
	
Para mais informações contacte:<br />
Cine-Teatro São Pedro<br />
(+351) 249 889 010
	<p>&nbsp;</p>
<p>© Direitos Reservados</p>

<div class="entry-summary">
<div class="entry-summary">
&#8220;O azulejo é essencialmente uma presença, um brilho <br />
o azulejo não se vê, mas sente-se &#8221;<br />
&#8211; Maria Keil
</div>
</div>

Inês Arromba

"O azulejo é essencialmente uma presença, um brilho [...] o azulejo não se vê, mas sente-se [...]" - Maria Keil
