{"id":2316,"date":"2021-03-29T15:00:04","date_gmt":"2021-03-29T15:00:04","guid":{"rendered":"https:\/\/www.artemrede.pt\/?post_type=wm_projects&#038;p=2316"},"modified":"2021-06-18T15:50:48","modified_gmt":"2021-06-18T15:50:48","slug":"no-fim-da-linha","status":"publish","type":"wm_projects","link":"https:\/\/www.artemrede.pt\/pt_pt\/project\/no-fim-da-linha\/","title":{"rendered":"NO FIM DA LINHA"},"content":{"rendered":"\n\n\t<h2>Uma escritora sente-se bloqueada e n\u00e3o consegue escrever uma linha. O seu editor exige-lhe uma nova obra e ela sente-se incapaz de o fazer. Recebe uma visita de uma jornalista que a vem entrevistar, mas nem tudo o que parece \u00e9.<br \/>\nUma com\u00e9dia inteligente que vai surpreendendo o p\u00fablico \u00e0 medida que se desenrola a rela\u00e7\u00e3o entre estas duas mulheres num jogo de for\u00e7as e manipula\u00e7\u00e3o da verdade.<\/h2>\n<hr \/>\n<p><iframe loading=\"lazy\" title=\"No fim da linha\" width=\"1200\" height=\"675\" src=\"https:\/\/www.youtube.com\/embed\/tG_wlPL4JfE?feature=oembed\" frameborder=\"0\" allow=\"accelerometer; autoplay; clipboard-write; encrypted-media; gyroscope; picture-in-picture\" allowfullscreen><\/iframe><\/p>\n<p>&#8211;<\/p>\n<p>Artista: A Lagarto Amarelo<\/p>\n<p>G\u00e9nero Art\u00edstico: Teatro<\/p>\n<p>Classifica\u00e7\u00e3o et\u00e1ria: M\/12<\/p>\n<p>Apresenta\u00e7\u00e3o em Territ\u00f3rios ARTEMREDE:<\/p>\n<p><strong>SOBRAL DE MONTE AGRA\u00c7O<\/strong> Cine-Teatro\u00a0 | 19 de junho de 2021, s\u00e1bado, \u00e0s 21:30<\/p>\n\n\n\t<strong>Informa\u00e7\u00f5es e Reservas:<\/strong><br \/>\nBilheteira do Cine-Teatro ou pelo telefone (+351) 261 948 321.\n\t<p>Imagens \u00a9 Lu\u00eds Aniceto \/ V\u00edtor Cid<\/p>\n\n","protected":false},"excerpt":{"rendered":"<div class=\"entry-summary\">\n<div class=\"entry-summary\">\nUma adapta\u00e7\u00e3o do texto \u201cAu bout du rouleau\u201d de Jean-Pierre Martine.\n<\/div>\n<\/div>\n","protected":false},"author":3,"featured_media":2317,"template":"","meta":{"om_disable_all_campaigns":false,"_monsterinsights_skip_tracking":false,"_monsterinsights_sitenote_active":false,"_monsterinsights_sitenote_note":"","_monsterinsights_sitenote_category":0},"project_category":[212,47],"project_tag":[157],"class_list":["post-2316","wm_projects","type-wm_projects","status-publish","has-post-thumbnail","hentry","project_category-teatro","project_category-temporada-2020-2021","project_tag-teatro","entry"],"aioseo_notices":[],"uagb_featured_image_src":{"full":["https:\/\/www.artemrede.pt\/wp-content\/uploads\/2021\/03\/NoFimdaLinhalagartoamarelo03-scaled.jpg",2560,1709,false],"thumbnail":["https:\/\/www.artemrede.pt\/wp-content\/uploads\/2021\/03\/NoFimdaLinhalagartoamarelo03-480x270.jpg",480,270,true],"medium":["https:\/\/www.artemrede.pt\/wp-content\/uploads\/2021\/03\/NoFimdaLinhalagartoamarelo03-744x497.jpg",744,497,true],"medium_large":["https:\/\/www.artemrede.pt\/wp-content\/uploads\/2021\/03\/NoFimdaLinhalagartoamarelo03-1200x801.jpg",1200,801,true],"large":["https:\/\/www.artemrede.pt\/wp-content\/uploads\/2021\/03\/NoFimdaLinhalagartoamarelo03-1200x801.jpg",1200,801,true],"1536x1536":["https:\/\/www.artemrede.pt\/wp-content\/uploads\/2021\/03\/NoFimdaLinhalagartoamarelo03-1536x1025.jpg",1536,1025,true],"2048x2048":["https:\/\/www.artemrede.pt\/wp-content\/uploads\/2021\/03\/NoFimdaLinhalagartoamarelo03-2048x1367.jpg",2048,1367,true],"trp-custom-language-flag":["https:\/\/www.artemrede.pt\/wp-content\/uploads\/2021\/03\/NoFimdaLinhalagartoamarelo03-16x12.jpg",16,12,true],"icelander-thumbnail":["https:\/\/www.artemrede.pt\/wp-content\/uploads\/2021\/03\/NoFimdaLinhalagartoamarelo03-744x372.jpg",744,372,true],"icelander-square":["https:\/\/www.artemrede.pt\/wp-content\/uploads\/2021\/03\/NoFimdaLinhalagartoamarelo03-448x448.jpg",448,448,true],"icelander-intro":["https:\/\/www.artemrede.pt\/wp-content\/uploads\/2021\/03\/NoFimdaLinhalagartoamarelo03-1920x1080.jpg",1920,1080,true]},"uagb_author_info":{"display_name":"In\u00eas Arromba","author_link":"https:\/\/www.artemrede.pt\/pt_pt\/author\/artred_arromba\/"},"uagb_comment_info":0,"uagb_excerpt":"Uma adapta\u00e7\u00e3o do texto \u201cAu bout du rouleau\u201d de Jean-Pierre Martine.","_links":{"self":[{"href":"https:\/\/www.artemrede.pt\/pt_pt\/wp-json\/wp\/v2\/wm_projects\/2316","targetHints":{"allow":["GET"]}}],"collection":[{"href":"https:\/\/www.artemrede.pt\/pt_pt\/wp-json\/wp\/v2\/wm_projects"}],"about":[{"href":"https:\/\/www.artemrede.pt\/pt_pt\/wp-json\/wp\/v2\/types\/wm_projects"}],"author":[{"embeddable":true,"href":"https:\/\/www.artemrede.pt\/pt_pt\/wp-json\/wp\/v2\/users\/3"}],"wp:featuredmedia":[{"embeddable":true,"href":"https:\/\/www.artemrede.pt\/pt_pt\/wp-json\/wp\/v2\/media\/2317"}],"wp:attachment":[{"href":"https:\/\/www.artemrede.pt\/pt_pt\/wp-json\/wp\/v2\/media?parent=2316"}],"wp:term":[{"taxonomy":"project_category","embeddable":true,"href":"https:\/\/www.artemrede.pt\/pt_pt\/wp-json\/wp\/v2\/project_category?post=2316"},{"taxonomy":"project_tag","embeddable":true,"href":"https:\/\/www.artemrede.pt\/pt_pt\/wp-json\/wp\/v2\/project_tag?post=2316"}],"curies":[{"name":"wp","href":"https:\/\/api.w.org\/{rel}","templated":true}]}}

<h2>Uma escritora sente-se bloqueada e não consegue escrever uma linha. O seu editor exige-lhe uma nova obra e ela sente-se incapaz de o fazer. Recebe uma visita de uma jornalista que a vem entrevistar, mas nem tudo o que parece é.<br />
Uma comédia inteligente que vai surpreendendo o público à medida que se desenrola a relação entre estas duas mulheres num jogo de forças e manipulação da verdade.</h2>
<hr />
<p><iframe loading="lazy" title="No fim da linha" width="1200" height="675" src="https://www.youtube.com/embed/tG_wlPL4JfE?feature=oembed" frameborder="0" allow="accelerometer; autoplay; clipboard-write; encrypted-media; gyroscope; picture-in-picture" allowfullscreen></iframe></p>
<p>&#8211;</p>
<p>Artista: A Lagarto Amarelo</p>
<p>Género Artístico: Teatro</p>
<p>Classificação etária: M/12</p>
<p>Apresentação em Territórios ARTEMREDE:</p>
<p><strong>SOBRAL DE MONTE AGRAÇO</strong> Cine-Teatro  | 19 de junho de 2021, sábado, às 21:30</p>


	<strong>Informações e Reservas:</strong><br />
Bilheteira do Cine-Teatro ou pelo telefone (+351) 261 948 321.
	<p>Imagens © Luís Aniceto / Vítor Cid</p>

<div class="entry-summary">
<div class="entry-summary">
Uma adaptação do texto “Au bout du rouleau” de Jean-Pierre Martine.
</div>
</div>

Inês Arromba

Uma adaptação do texto “Au bout du rouleau” de Jean-Pierre Martine.
