{"id":2306,"date":"2021-03-28T21:01:26","date_gmt":"2021-03-28T21:01:26","guid":{"rendered":"https:\/\/www.artemrede.pt\/?post_type=wm_projects&#038;p=2306"},"modified":"2022-02-03T11:00:46","modified_gmt":"2022-02-03T11:00:46","slug":"vamos-comprar-um-poeta","status":"publish","type":"wm_projects","link":"https:\/\/www.artemrede.pt\/pt_pt\/project\/vamos-comprar-um-poeta\/","title":{"rendered":"VAMOS COMPRAR UM POETA"},"content":{"rendered":"\n\n\t<h2>Com o mesmo nome do livro do premiado Afonso Cruz, Vamos comprar um poeta \u00e9 um projeto de caracter\u00edsticas peculiares que desafia as bibliotecas escolares e\/ou municipais a transformar os seus espa\u00e7os num local inusitado de representa\u00e7\u00e3o, apresentando ao p\u00fablico juvenil, a &#8220;experi\u00eancia ex\u00f3tica da menina que decidiu adquirir um poeta&#8221;.<\/h2>\n<hr \/>\n<p>Vamos comprar um poeta \u00e9 um espet\u00e1culo-manifesto concebido propositadamente para ocupar bibliotecas escolares e\/ou municipais e contar ao p\u00fablico juvenil, a hist\u00f3ria inusitada da menina que, com 13 ou 14 anos, decide fazer uma peti\u00e7\u00e3o aos pais para adquirir um poeta. Por isso, \u00e9 pensado para acontecer em proximidade com as escolas e com as bibliotecas locais (escolares ou municipais, dependendo da especificidade de cada contexto).<\/p>\n\n\n<p>&#8211;<\/p>\n<p>Artista: Adriana Isabel Marques de Campos<\/p>\n<p>G\u00e9nero Art\u00edstico: Poesia e teatro<\/p>\n<p>Classifica\u00e7\u00e3o et\u00e1ria: M\/12<\/p>\n<p>Apresenta\u00e7\u00e3o em Territ\u00f3rios ARTEMREDE:<\/p>\n<strong>LISBOA<\/strong> Biblioteca de Marvila | 19 de junho de 2021, s\u00e1bado, \u00e0s 11:00<br \/>\n<strong>SOBRAL DE MONTE AGRA\u00c7O<\/strong> Biblioteca Municipal | 28 de maio de 2022, s\u00e1bado, \u00e0s 16:00 &#8211; <strong>NOVA DATA!<\/strong>\n\n\n<h3>\n\t\tInforma\u00e7\u00f5es e Bilheteiras\n\t<\/h3>\n\t<strong>Biblioteca de Marvila<\/strong><br \/>\n(+351) 218 173 000 | bib.marvila@cm-lisboa.pt\n\t<strong>Sobral de Monte Agra\u00e7o<\/strong><br \/>\nEm atualiza\u00e7\u00e3o.\n\t<p>\u00a9 Carlos Gomes | DOIS<\/p>\n\n","protected":false},"excerpt":{"rendered":"<div class=\"entry-summary\">\n<div class=\"entry-summary\">\nCom o mesmo nome do livro do premiado Afonso Cruz, Vamos comprar um poeta \u00e9 um projeto de caracter\u00edsticas peculiares que desafia as bibliotecas escolares e\/ou municipais a transformar os seus espa\u00e7os num local inusitado de representa\u00e7\u00e3o, apresentando ao p\u00fablico&hellip;\n<\/div>\n<\/div>\n","protected":false},"author":3,"featured_media":2307,"template":"","meta":{"om_disable_all_campaigns":false,"_monsterinsights_skip_tracking":false,"_monsterinsights_sitenote_active":false,"_monsterinsights_sitenote_note":"","_monsterinsights_sitenote_category":0},"project_category":[107,109,47],"project_tag":[],"class_list":["post-2306","wm_projects","type-wm_projects","status-publish","has-post-thumbnail","hentry","project_category-criancas-jovens","project_category-multidisciplinar","project_category-temporada-2020-2021","entry"],"aioseo_notices":[],"uagb_featured_image_src":{"full":["https:\/\/www.artemrede.pt\/wp-content\/uploads\/2021\/03\/IMG_8536_\u00a9-Carlos-Gomes-DOIS.jpg",1920,1280,false],"thumbnail":["https:\/\/www.artemrede.pt\/wp-content\/uploads\/2021\/03\/IMG_8536_\u00a9-Carlos-Gomes-DOIS-480x270.jpg",480,270,true],"medium":["https:\/\/www.artemrede.pt\/wp-content\/uploads\/2021\/03\/IMG_8536_\u00a9-Carlos-Gomes-DOIS-744x496.jpg",744,496,true],"medium_large":["https:\/\/www.artemrede.pt\/wp-content\/uploads\/2021\/03\/IMG_8536_\u00a9-Carlos-Gomes-DOIS-1200x800.jpg",1200,800,true],"large":["https:\/\/www.artemrede.pt\/wp-content\/uploads\/2021\/03\/IMG_8536_\u00a9-Carlos-Gomes-DOIS-1200x800.jpg",1200,800,true],"1536x1536":["https:\/\/www.artemrede.pt\/wp-content\/uploads\/2021\/03\/IMG_8536_\u00a9-Carlos-Gomes-DOIS-1536x1024.jpg",1536,1024,true],"2048x2048":["https:\/\/www.artemrede.pt\/wp-content\/uploads\/2021\/03\/IMG_8536_\u00a9-Carlos-Gomes-DOIS.jpg",1920,1280,false],"trp-custom-language-flag":["https:\/\/www.artemrede.pt\/wp-content\/uploads\/2021\/03\/IMG_8536_\u00a9-Carlos-Gomes-DOIS-16x12.jpg",16,12,true],"icelander-thumbnail":["https:\/\/www.artemrede.pt\/wp-content\/uploads\/2021\/03\/IMG_8536_\u00a9-Carlos-Gomes-DOIS-744x372.jpg",744,372,true],"icelander-square":["https:\/\/www.artemrede.pt\/wp-content\/uploads\/2021\/03\/IMG_8536_\u00a9-Carlos-Gomes-DOIS-448x448.jpg",448,448,true],"icelander-intro":["https:\/\/www.artemrede.pt\/wp-content\/uploads\/2021\/03\/IMG_8536_\u00a9-Carlos-Gomes-DOIS-1920x1080.jpg",1920,1080,true]},"uagb_author_info":{"display_name":"In\u00eas Arromba","author_link":"https:\/\/www.artemrede.pt\/pt_pt\/author\/artred_arromba\/"},"uagb_comment_info":0,"uagb_excerpt":"Com o mesmo nome do livro do premiado Afonso Cruz, Vamos comprar um poeta \u00e9 um projeto de caracter\u00edsticas peculiares que desafia as bibliotecas escolares e\/ou municipais a transformar os seus espa\u00e7os num local inusitado de representa\u00e7\u00e3o, apresentando ao p\u00fablico&hellip;","_links":{"self":[{"href":"https:\/\/www.artemrede.pt\/pt_pt\/wp-json\/wp\/v2\/wm_projects\/2306","targetHints":{"allow":["GET"]}}],"collection":[{"href":"https:\/\/www.artemrede.pt\/pt_pt\/wp-json\/wp\/v2\/wm_projects"}],"about":[{"href":"https:\/\/www.artemrede.pt\/pt_pt\/wp-json\/wp\/v2\/types\/wm_projects"}],"author":[{"embeddable":true,"href":"https:\/\/www.artemrede.pt\/pt_pt\/wp-json\/wp\/v2\/users\/3"}],"wp:featuredmedia":[{"embeddable":true,"href":"https:\/\/www.artemrede.pt\/pt_pt\/wp-json\/wp\/v2\/media\/2307"}],"wp:attachment":[{"href":"https:\/\/www.artemrede.pt\/pt_pt\/wp-json\/wp\/v2\/media?parent=2306"}],"wp:term":[{"taxonomy":"project_category","embeddable":true,"href":"https:\/\/www.artemrede.pt\/pt_pt\/wp-json\/wp\/v2\/project_category?post=2306"},{"taxonomy":"project_tag","embeddable":true,"href":"https:\/\/www.artemrede.pt\/pt_pt\/wp-json\/wp\/v2\/project_tag?post=2306"}],"curies":[{"name":"wp","href":"https:\/\/api.w.org\/{rel}","templated":true}]}}

<h2>Com o mesmo nome do livro do premiado Afonso Cruz, Vamos comprar um poeta é um projeto de características peculiares que desafia as bibliotecas escolares e/ou municipais a transformar os seus espaços num local inusitado de representação, apresentando ao público juvenil, a &#8220;experiência exótica da menina que decidiu adquirir um poeta&#8221;.</h2>
<hr />
<p>Vamos comprar um poeta é um espetáculo-manifesto concebido propositadamente para ocupar bibliotecas escolares e/ou municipais e contar ao público juvenil, a história inusitada da menina que, com 13 ou 14 anos, decide fazer uma petição aos pais para adquirir um poeta. Por isso, é pensado para acontecer em proximidade com as escolas e com as bibliotecas locais (escolares ou municipais, dependendo da especificidade de cada contexto).</p>


<p>&#8211;</p>
<p>Artista: Adriana Isabel Marques de Campos</p>
<p>Género Artístico: Poesia e teatro</p>
<p>Classificação etária: M/12</p>
<p>Apresentação em Territórios ARTEMREDE:</p>
<strong>LISBOA</strong> Biblioteca de Marvila | 19 de junho de 2021, sábado, às 11:00<br />
<strong>SOBRAL DE MONTE AGRAÇO</strong> Biblioteca Municipal | 28 de maio de 2022, sábado, às 16:00 &#8211; <strong>NOVA DATA!</strong>


<h3>
		Informações e Bilheteiras
	</h3>
	<strong>Biblioteca de Marvila</strong><br />
(+351) 218 173 000 | bib.marvila@cm-lisboa.pt
	<strong>Sobral de Monte Agraço</strong><br />
Em atualização.
	<p>© Carlos Gomes | DOIS</p>

<div class="entry-summary">
<div class="entry-summary">
Com o mesmo nome do livro do premiado Afonso Cruz, Vamos comprar um poeta é um projeto de características peculiares que desafia as bibliotecas escolares e/ou municipais a transformar os seus espaços num local inusitado de representação, apresentando ao público&hellip;
</div>
</div>

Inês Arromba

Com o mesmo nome do livro do premiado Afonso Cruz, Vamos comprar um poeta é um projeto de características peculiares que desafia as bibliotecas escolares e/ou municipais a transformar os seus espaços num local inusitado de representação, apresentando ao público&hellip;
