{"id":2298,"date":"2021-03-28T19:02:22","date_gmt":"2021-03-28T19:02:22","guid":{"rendered":"https:\/\/www.artemrede.pt\/?post_type=wm_projects&#038;p=2298"},"modified":"2021-05-18T18:06:32","modified_gmt":"2021-05-18T18:06:32","slug":"momentos-com-historia","status":"publish","type":"wm_projects","link":"https:\/\/www.artemrede.pt\/pt_pt\/project\/momentos-com-historia\/","title":{"rendered":"MOMENTOS COM HIST\u00d3RIA"},"content":{"rendered":"\n\n\t<h2>Nesta sess\u00e3o, apresenta-nos <em>O Menino que queria ser um gato<\/em>, uma hist\u00f3ria, contada na linguagem do teatro de fantoche, sobre um menino que passa a acreditar que \u00e9 um gato!<\/h2>\n<hr \/>\n<p>Cada mala cont\u00e9m um tema ou hist\u00f3ria. Subordinado ao tema surgem livros, objetos, marionetas e atividades pr\u00f3prias, adequadas \u00e0 popula\u00e7\u00e3o infantil ou juvenil e que exploram as potencialidades do livro e da leitura, de forma din\u00e2mica e interativa. Ao ritmo das can\u00e7\u00f5es e com as palavras contadas, crian\u00e7as, jovens ou adultos s\u00e3o transportados numa viagem imagin\u00e1ria.<\/p>\n\n<p>&nbsp;<\/p>\n<p>&nbsp;<\/p>\n<p>&nbsp;<\/p>\n<p>&nbsp;<\/p>\n<p>&nbsp;<\/p>\n<p>&nbsp;<\/p>\n<p>&nbsp;<\/p>\n<p>&#8211;<\/p>\n<p>Artista: Patr\u00edcia Reis<\/p>\n<p>G\u00e9nero Art\u00edstico: Performance e Anima\u00e7\u00e3o do livro e da leitura<\/p>\n<p>P\u00fablico-Alvo: dos 3 aos 11 anos<\/p>\n<p>Apresenta\u00e7\u00e3o em Territ\u00f3rios ARTEMREDE:<\/p>\n<p><strong>LISBOA<\/strong> Biblioteca de Marvila | 15 de maio de 2021, \u00e0s 11:00<\/p>\n\n\n<p>&nbsp;<\/p>\n<p>Imagem \u00a9 Paulo Pires<\/p>\n\n","protected":false},"excerpt":{"rendered":"<div class=\"entry-summary\">\n<div class=\"entry-summary\">\nUma Contadora de Hist\u00f3rias e Cantigas faz sair de uma mala de viagens muitas hist\u00f3rias que despertam os sentidos e a imagina\u00e7\u00e3o de todos quantos participam.\n<\/div>\n<\/div>\n","protected":false},"author":3,"featured_media":2301,"template":"","meta":{"om_disable_all_campaigns":false,"_monsterinsights_skip_tracking":false,"_monsterinsights_sitenote_active":false,"_monsterinsights_sitenote_note":"","_monsterinsights_sitenote_category":0},"project_category":[107,108,47],"project_tag":[],"class_list":["post-2298","wm_projects","type-wm_projects","status-publish","has-post-thumbnail","hentry","project_category-criancas-jovens","project_category-marionetas","project_category-temporada-2020-2021","entry"],"aioseo_notices":[],"uagb_featured_image_src":{"full":["https:\/\/www.artemrede.pt\/wp-content\/uploads\/2021\/03\/MomentoscomHistriasmarioneta.jpg",308,261,false],"thumbnail":["https:\/\/www.artemrede.pt\/wp-content\/uploads\/2021\/03\/MomentoscomHistriasmarioneta.jpg",308,261,false],"medium":["https:\/\/www.artemrede.pt\/wp-content\/uploads\/2021\/03\/MomentoscomHistriasmarioneta.jpg",308,261,false],"medium_large":["https:\/\/www.artemrede.pt\/wp-content\/uploads\/2021\/03\/MomentoscomHistriasmarioneta.jpg",308,261,false],"large":["https:\/\/www.artemrede.pt\/wp-content\/uploads\/2021\/03\/MomentoscomHistriasmarioneta.jpg",308,261,false],"1536x1536":["https:\/\/www.artemrede.pt\/wp-content\/uploads\/2021\/03\/MomentoscomHistriasmarioneta.jpg",308,261,false],"2048x2048":["https:\/\/www.artemrede.pt\/wp-content\/uploads\/2021\/03\/MomentoscomHistriasmarioneta.jpg",308,261,false],"trp-custom-language-flag":["https:\/\/www.artemrede.pt\/wp-content\/uploads\/2021\/03\/MomentoscomHistriasmarioneta-14x12.jpg",14,12,true],"icelander-thumbnail":["https:\/\/www.artemrede.pt\/wp-content\/uploads\/2021\/03\/MomentoscomHistriasmarioneta.jpg",308,261,false],"icelander-square":["https:\/\/www.artemrede.pt\/wp-content\/uploads\/2021\/03\/MomentoscomHistriasmarioneta.jpg",308,261,false],"icelander-intro":["https:\/\/www.artemrede.pt\/wp-content\/uploads\/2021\/03\/MomentoscomHistriasmarioneta.jpg",308,261,false]},"uagb_author_info":{"display_name":"In\u00eas Arromba","author_link":"https:\/\/www.artemrede.pt\/pt_pt\/author\/artred_arromba\/"},"uagb_comment_info":0,"uagb_excerpt":"Uma Contadora de Hist\u00f3rias e Cantigas faz sair de uma mala de viagens muitas hist\u00f3rias que despertam os sentidos e a imagina\u00e7\u00e3o de todos quantos participam.","_links":{"self":[{"href":"https:\/\/www.artemrede.pt\/pt_pt\/wp-json\/wp\/v2\/wm_projects\/2298","targetHints":{"allow":["GET"]}}],"collection":[{"href":"https:\/\/www.artemrede.pt\/pt_pt\/wp-json\/wp\/v2\/wm_projects"}],"about":[{"href":"https:\/\/www.artemrede.pt\/pt_pt\/wp-json\/wp\/v2\/types\/wm_projects"}],"author":[{"embeddable":true,"href":"https:\/\/www.artemrede.pt\/pt_pt\/wp-json\/wp\/v2\/users\/3"}],"wp:featuredmedia":[{"embeddable":true,"href":"https:\/\/www.artemrede.pt\/pt_pt\/wp-json\/wp\/v2\/media\/2301"}],"wp:attachment":[{"href":"https:\/\/www.artemrede.pt\/pt_pt\/wp-json\/wp\/v2\/media?parent=2298"}],"wp:term":[{"taxonomy":"project_category","embeddable":true,"href":"https:\/\/www.artemrede.pt\/pt_pt\/wp-json\/wp\/v2\/project_category?post=2298"},{"taxonomy":"project_tag","embeddable":true,"href":"https:\/\/www.artemrede.pt\/pt_pt\/wp-json\/wp\/v2\/project_tag?post=2298"}],"curies":[{"name":"wp","href":"https:\/\/api.w.org\/{rel}","templated":true}]}}

MOMENTOS COM HISTÓRIA

<h2>Nesta sessão, apresenta-nos <em>O Menino que queria ser um gato</em>, uma história, contada na linguagem do teatro de fantoche, sobre um menino que passa a acreditar que é um gato!</h2>
<hr />
<p>Cada mala contém um tema ou história. Subordinado ao tema surgem livros, objetos, marionetas e atividades próprias, adequadas à população infantil ou juvenil e que exploram as potencialidades do livro e da leitura, de forma dinâmica e interativa. Ao ritmo das canções e com as palavras contadas, crianças, jovens ou adultos são transportados numa viagem imaginária.</p>

<p>&nbsp;</p>
<p>&nbsp;</p>
<p>&nbsp;</p>
<p>&nbsp;</p>
<p>&nbsp;</p>
<p>&nbsp;</p>
<p>&nbsp;</p>
<p>&#8211;</p>
<p>Artista: Patrícia Reis</p>
<p>Género Artístico: Performance e Animação do livro e da leitura</p>
<p>Público-Alvo: dos 3 aos 11 anos</p>
<p>Apresentação em Territórios ARTEMREDE:</p>
<p><strong>LISBOA</strong> Biblioteca de Marvila | 15 de maio de 2021, às 11:00</p>


<p>&nbsp;</p>
<p>Imagem © Paulo Pires</p>

<div class="entry-summary">
<div class="entry-summary">
Uma Contadora de Histórias e Cantigas faz sair de uma mala de viagens muitas histórias que despertam os sentidos e a imaginação de todos quantos participam.
</div>
</div>

Inês Arromba

Uma Contadora de Histórias e Cantigas faz sair de uma mala de viagens muitas histórias que despertam os sentidos e a imaginação de todos quantos participam.
