{"id":2296,"date":"2021-03-25T18:22:47","date_gmt":"2021-03-25T18:22:47","guid":{"rendered":"https:\/\/www.artemrede.pt\/?post_type=wm_projects&#038;p=2296"},"modified":"2021-05-18T18:16:19","modified_gmt":"2021-05-18T18:16:19","slug":"as-criancas","status":"publish","type":"wm_projects","link":"https:\/\/www.artemrede.pt\/pt_pt\/project\/as-criancas\/","title":{"rendered":"\u00c0S CRIAN\u00c7AS"},"content":{"rendered":"\n\n\t<h2>Um espet\u00e1culo composto por tr\u00eas contos do livro Contos Negros para os Filhos dos Brancos, de Blaise Cendrars, &#8220;O P\u00e1ssaro da Cascata&#8221;, &#8220;Porque \u00e9 que Ningu\u00e9m Leva o Caim\u00e3o para o p\u00f4r na \u00c1gua&#8221; e &#8220;O Vento&#8221;.<\/h2>\n<hr \/>\n<p>No primeiro, a Crian\u00e7a lida com a no\u00e7\u00e3o de perda quando, ao ganhar algo, isso \u00e9-lhe retirado por v\u00e1rios elementos da Natureza. De seguida, um Ca\u00e7ador apercebe-se de qu\u00e3o valiosa \u00e9 a bondade, e da import\u00e2ncia de preservar a confian\u00e7a no outro. No \u00faltimo conto, revelam-se as diferentes facetas do vento, as suas qualidades e os seus segredos. Em \u00c0s Crian\u00e7as, as palavras e a express\u00e3o corporal dialogam nas vozes e nos corpos de um bailarino e de uma atriz, estimulando a criatividade e o pensamento das crian\u00e7as ao possibilitar-lhes um imagin\u00e1rio rico em imagens e sensa\u00e7\u00f5es por entre as canas de bambu.<\/p>\n<p><iframe loading=\"lazy\" title=\"Excerto da pe\u00e7a \u00c0s Crian\u00e7as\" width=\"1200\" height=\"675\" src=\"https:\/\/www.youtube.com\/embed\/WdY9kmX_8fc?feature=oembed\" frameborder=\"0\" allow=\"accelerometer; autoplay; clipboard-write; encrypted-media; gyroscope; picture-in-picture\" allowfullscreen><\/iframe><\/p>\n<p>&#8211;<\/p>\n<p>Artista: Teatro ABC.PI<\/p>\n<p>G\u00e9nero Art\u00edstico: Teatro + Oficina<\/p>\n<p>Classifica\u00e7\u00e3o et\u00e1ria: M\/3<\/p>\n<p><strong>Oficina de express\u00e3o dram\u00e1tica ou movimento: <\/strong>Dura\u00e7\u00e3o de 1 hora | Lota\u00e7\u00e3o m\u00e1xima para 12 participantes | P\u00fablico-alvo crian\u00e7as e jovens<\/p>\n<p>Apresenta\u00e7\u00e3o em Territ\u00f3rios ARTEMREDE:<\/p>\n<p><strong>LISBOA<\/strong> Biblioteca de Marvila | A definir<\/p>\n\n\nOficina de express\u00e3o dram\u00e1tica &#8211; Orienta\u00e7\u00e3o<strong> Adriana Melo<br \/>\n<\/strong>Oficina de movimentos &#8211; Orienta\u00e7\u00e3o Magnum <strong>Soares<\/strong><strong><br \/>\n<\/strong>\n\n<p>&nbsp;<\/p>\n<p>&nbsp;<\/p>\n\n","protected":false},"excerpt":{"rendered":"<div class=\"entry-summary\">\n<div class=\"entry-summary\">\nTr\u00eas hist\u00f3rias sobre a vida na comunidade e a sua inser\u00e7\u00e3o no meio que a envolve.\n<\/div>\n<\/div>\n","protected":false},"author":3,"featured_media":2297,"template":"","meta":{"om_disable_all_campaigns":false,"_monsterinsights_skip_tracking":false,"_monsterinsights_sitenote_active":false,"_monsterinsights_sitenote_note":"","_monsterinsights_sitenote_category":0},"project_category":[107,109,47],"project_tag":[209],"class_list":["post-2296","wm_projects","type-wm_projects","status-publish","has-post-thumbnail","hentry","project_category-criancas-jovens","project_category-multidisciplinar","project_category-temporada-2020-2021","project_tag-teatro-criancas-e-jovens","entry"],"aioseo_notices":[],"uagb_featured_image_src":{"full":["https:\/\/www.artemrede.pt\/wp-content\/uploads\/2021\/03\/MTA_Teatro-ABC.PI-Associacao-Cultural-AS-CRIANCAS-016.jpg",2048,1365,false],"thumbnail":["https:\/\/www.artemrede.pt\/wp-content\/uploads\/2021\/03\/MTA_Teatro-ABC.PI-Associacao-Cultural-AS-CRIANCAS-016-480x270.jpg",480,270,true],"medium":["https:\/\/www.artemrede.pt\/wp-content\/uploads\/2021\/03\/MTA_Teatro-ABC.PI-Associacao-Cultural-AS-CRIANCAS-016-744x496.jpg",744,496,true],"medium_large":["https:\/\/www.artemrede.pt\/wp-content\/uploads\/2021\/03\/MTA_Teatro-ABC.PI-Associacao-Cultural-AS-CRIANCAS-016-1200x800.jpg",1200,800,true],"large":["https:\/\/www.artemrede.pt\/wp-content\/uploads\/2021\/03\/MTA_Teatro-ABC.PI-Associacao-Cultural-AS-CRIANCAS-016-1200x800.jpg",1200,800,true],"1536x1536":["https:\/\/www.artemrede.pt\/wp-content\/uploads\/2021\/03\/MTA_Teatro-ABC.PI-Associacao-Cultural-AS-CRIANCAS-016-1536x1024.jpg",1536,1024,true],"2048x2048":["https:\/\/www.artemrede.pt\/wp-content\/uploads\/2021\/03\/MTA_Teatro-ABC.PI-Associacao-Cultural-AS-CRIANCAS-016.jpg",2048,1365,false],"trp-custom-language-flag":["https:\/\/www.artemrede.pt\/wp-content\/uploads\/2021\/03\/MTA_Teatro-ABC.PI-Associacao-Cultural-AS-CRIANCAS-016-16x12.jpg",16,12,true],"icelander-thumbnail":["https:\/\/www.artemrede.pt\/wp-content\/uploads\/2021\/03\/MTA_Teatro-ABC.PI-Associacao-Cultural-AS-CRIANCAS-016-744x372.jpg",744,372,true],"icelander-square":["https:\/\/www.artemrede.pt\/wp-content\/uploads\/2021\/03\/MTA_Teatro-ABC.PI-Associacao-Cultural-AS-CRIANCAS-016-448x448.jpg",448,448,true],"icelander-intro":["https:\/\/www.artemrede.pt\/wp-content\/uploads\/2021\/03\/MTA_Teatro-ABC.PI-Associacao-Cultural-AS-CRIANCAS-016-1920x1080.jpg",1920,1080,true]},"uagb_author_info":{"display_name":"In\u00eas Arromba","author_link":"https:\/\/www.artemrede.pt\/pt_pt\/author\/artred_arromba\/"},"uagb_comment_info":0,"uagb_excerpt":"Tr\u00eas hist\u00f3rias sobre a vida na comunidade e a sua inser\u00e7\u00e3o no meio que a envolve.","_links":{"self":[{"href":"https:\/\/www.artemrede.pt\/pt_pt\/wp-json\/wp\/v2\/wm_projects\/2296","targetHints":{"allow":["GET"]}}],"collection":[{"href":"https:\/\/www.artemrede.pt\/pt_pt\/wp-json\/wp\/v2\/wm_projects"}],"about":[{"href":"https:\/\/www.artemrede.pt\/pt_pt\/wp-json\/wp\/v2\/types\/wm_projects"}],"author":[{"embeddable":true,"href":"https:\/\/www.artemrede.pt\/pt_pt\/wp-json\/wp\/v2\/users\/3"}],"wp:featuredmedia":[{"embeddable":true,"href":"https:\/\/www.artemrede.pt\/pt_pt\/wp-json\/wp\/v2\/media\/2297"}],"wp:attachment":[{"href":"https:\/\/www.artemrede.pt\/pt_pt\/wp-json\/wp\/v2\/media?parent=2296"}],"wp:term":[{"taxonomy":"project_category","embeddable":true,"href":"https:\/\/www.artemrede.pt\/pt_pt\/wp-json\/wp\/v2\/project_category?post=2296"},{"taxonomy":"project_tag","embeddable":true,"href":"https:\/\/www.artemrede.pt\/pt_pt\/wp-json\/wp\/v2\/project_tag?post=2296"}],"curies":[{"name":"wp","href":"https:\/\/api.w.org\/{rel}","templated":true}]}}

ÀS CRIANÇAS

<h2>Um espetáculo composto por três contos do livro Contos Negros para os Filhos dos Brancos, de Blaise Cendrars, &#8220;O Pássaro da Cascata&#8221;, &#8220;Porque é que Ninguém Leva o Caimão para o pôr na Água&#8221; e &#8220;O Vento&#8221;.</h2>
<hr />
<p>No primeiro, a Criança lida com a noção de perda quando, ao ganhar algo, isso é-lhe retirado por vários elementos da Natureza. De seguida, um Caçador apercebe-se de quão valiosa é a bondade, e da importância de preservar a confiança no outro. No último conto, revelam-se as diferentes facetas do vento, as suas qualidades e os seus segredos. Em Às Crianças, as palavras e a expressão corporal dialogam nas vozes e nos corpos de um bailarino e de uma atriz, estimulando a criatividade e o pensamento das crianças ao possibilitar-lhes um imaginário rico em imagens e sensações por entre as canas de bambu.</p>
<p><iframe loading="lazy" title="Excerto da peça Às Crianças" width="1200" height="675" src="https://www.youtube.com/embed/WdY9kmX_8fc?feature=oembed" frameborder="0" allow="accelerometer; autoplay; clipboard-write; encrypted-media; gyroscope; picture-in-picture" allowfullscreen></iframe></p>
<p>&#8211;</p>
<p>Artista: Teatro ABC.PI</p>
<p>Género Artístico: Teatro + Oficina</p>
<p>Classificação etária: M/3</p>
<p><strong>Oficina de expressão dramática ou movimento: </strong>Duração de 1 hora | Lotação máxima para 12 participantes | Público-alvo crianças e jovens</p>
<p>Apresentação em Territórios ARTEMREDE:</p>
<p><strong>LISBOA</strong> Biblioteca de Marvila | A definir</p>


Oficina de expressão dramática &#8211; Orientação<strong> Adriana Melo<br />
</strong>Oficina de movimentos &#8211; Orientação Magnum <strong>Soares</strong><strong><br />
</strong>

<p>&nbsp;</p>
<p>&nbsp;</p>

<div class="entry-summary">
<div class="entry-summary">
Três histórias sobre a vida na comunidade e a sua inserção no meio que a envolve.
</div>
</div>

Inês Arromba

Três histórias sobre a vida na comunidade e a sua inserção no meio que a envolve.
