{"id":2281,"date":"2021-03-23T17:27:41","date_gmt":"2021-03-23T17:27:41","guid":{"rendered":"https:\/\/www.artemrede.pt\/?post_type=wm_projects&#038;p=2281"},"modified":"2021-09-14T16:42:13","modified_gmt":"2021-09-14T16:42:13","slug":"esta-noite-grita_se","status":"publish","type":"wm_projects","link":"https:\/\/www.artemrede.pt\/pt_pt\/project\/esta-noite-grita_se\/","title":{"rendered":"Esta noite grita-se"},"content":{"rendered":"\n\n\t<h2>O Esta noite grita-se \u00e9 um Festim de leituras interpretadas de pe\u00e7as de teatro. Come\u00e7ou informalmente, ap\u00f3s um processo de sele\u00e7\u00e3o de textos em 2016, com apresenta\u00e7\u00f5es p\u00fablicas no in\u00edcio de 2017, mostrando o encanto da equipa da Cepa Torta pela leitura dos textos e evidenciando o potencial do texto dram\u00e1tico sem recurso \u00e0 encena\u00e7\u00e3o. Assim, tentaram ouvir de perto as palavras dos autores, procurando uma maneira diferente de dizer e fazer escutar.<\/h2>\n<hr \/>\n<p><strong>BILINGUE<\/strong>, de Jos\u00e9 Maria Vieira<\/p>\n<p><img loading=\"lazy\" decoding=\"async\" title=\"\u00a9Sonia Godinho Fotografia\" src=\"https:\/\/www.artemrede.pt\/wp-content\/uploads\/2021\/03\/IMG_6784_\u00a9-Sonia-Godinho-Fotografia-480x270.jpg\" alt=\"\" width=\"480\" height=\"270\" \/>Neste texto de 2015, o autor espelha a ang\u00fastia que sobra do per\u00edodo p\u00f3s-dram\u00e1tico: &#8220;Afastemos o nevoeiro da ironia com ajuda do real. Onde est\u00e1 ele? O que sobrou depois da destrui\u00e7\u00e3o?&#8221;. \u00c9 de um texto p\u00f3s-cat\u00e1strofe que se trata. Fragmentado, com personagens apenas identificadas por letras, sem g\u00e9nero definido, o drama decorre entre cenas onde n\u00e3o existem indica\u00e7\u00f5es c\u00e9nicas, que poderiam passar-se em qualquer lugar e em que a ret\u00f3rica nos lembra constantemente que os significantes n\u00e3o s\u00e3o os significados e que as emo\u00e7\u00f5es que sentimos e que tentamos descrever s\u00e3o, na verdade, diferentes para cada um de n\u00f3s. O brilhantismo na maneira como a forma contamina o conte\u00fado e o cinismo presente no confronto das personagens, criam as condi\u00e7\u00f5es para que o texto promova uma profunda reflex\u00e3o sobre as quest\u00f5es da identidade e do seu reflexo na produ\u00e7\u00e3o art\u00edstica dos nossos tempos.<\/p>\n<p>____________________________________________________________________________________________________________________________________<\/p>\n<p><strong>BOA NOITE, M\u00c3E<\/strong> de Marsha Norman<\/p>\n<p><img loading=\"lazy\" decoding=\"async\" src=\"https:\/\/www.artemrede.pt\/wp-content\/uploads\/2021\/03\/\u00a9-Sonia-Godinho-Fotografia-5-480x270.jpg\" alt=\"\" width=\"480\" height=\"270\" \/>Esta pe\u00e7a, escrita em 1981, estreou em 1983 no American Repertory Theatre, tendo permanecido um ano em cena e valido a Marsha Norman um pr\u00e9mio Pulitzer de teatro. Trata-se de um drama intenso e claustrof\u00f3bico, relatando a noite em que uma mulher divorciada e que sofre de epilepsia resolve contar \u00e0 sua m\u00e3e e companheira de casa, que se ir\u00e1 matar. A conversa entre as duas mulheres, de um sofrimento latente, revisita o passado acordando velhos fantasmas e fazendo revela\u00e7\u00f5es. \u00c9 assumidamente um texto cat\u00e1rtico, que quer implicar o espectador na agonia deste par tr\u00e1gico que algures no passado trilhou o caminho para a fatalidade que se aproxima. Na tradi\u00e7\u00e3o americana de nomes como Tennessee Williams ou Sam Shepard, Marsha Norman conduz o foco dram\u00e1tico de forma irrepreens\u00edvel, levando-nos a querer constantemente interromper aquela conversa, a querer fazer perguntas, enfim, a procurar saber tamb\u00e9m como fazer para alterar o destino.<\/p>\n<p>&#8211;<\/p>\n<p>Artista: Companhia Cepa Torta<\/p>\n<p>G\u00e9nero Art\u00edstico: Teatro<\/p>\n<p>Classifica\u00e7\u00e3o et\u00e1ria: BILINGUE &#8211; M\/12 | BOA NOITE, M\u00c3E &#8211; M\/18<\/p>\n<p>Apresenta\u00e7\u00e3o em Territ\u00f3rios ARTEMREDE:<\/p>\n<p><strong>BILINGUE &#8211; <\/strong><strong>MOITA<\/strong> \u00a0 F\u00f3rum Cultural Jos\u00e9 Manuel Figueiredo | 27 de mar\u00e7o de 2021, s\u00e1bado, \u00e0s 21:30 &#8211; Transmiss\u00e3o Online no Canal Youtube do Munic\u00edpio da Moita<\/p>\n<p><strong>BOA NOITE, M\u00c3E &#8211; <\/strong><strong>ALMADA<\/strong> Convento dos Capuchos | 17 de setembro de 2021, sexta-feira, \u00e0s 21:00<\/p>\n<p>&nbsp;<\/p>\n<strong>FICHA ART\u00cdSTICA E T\u00c9CNICA<\/strong><br \/>\n<em>BILINGUE<\/em><br \/>\nTexto <strong>Jos\u00e9 Maria Vieira Mendes<\/strong> Dire\u00e7\u00e3o <strong>Miguel Maia e Filipe Abreu<\/strong> Interpreta\u00e7\u00e3o\u00a0<strong>Filipe Abreu Leonardo Garibaldi Lu\u00eds Gonzaga Moreira Miguel Feraso Cabral Patr\u00edcia Deus<\/strong>\n<em>BOA NOITE, M\u00c3E<\/em><br \/>\nTradu\u00e7\u00e3o <strong>\u00c2ngela Pinto<\/strong> Dire\u00e7\u00e3o <strong>Filipe Abreu e Miguel Maia<\/strong> Interpreta\u00e7\u00e3o <strong>Lucinda Loureiro, Maria Jo\u00e3o Falc\u00e3o e Miguel Maia<\/strong> Produ\u00e7\u00e3o <strong>Companhia Cepa Torta<\/strong> Fotografia <strong>S\u00f3nia Godinho Fotografia<\/strong> Comunica\u00e7\u00e3o e assessoria de imprensa <strong>Mariana Santos<\/strong> Design <strong>Edoardo U. Trave<\/strong> (com o apoio de Ana Maia Marques) Apoios \/ Parceiros<strong> C\u00e2mara Municipal de Lisboa, Funda\u00e7\u00e3o Calouste Gulbenkian, BLX &#8211; Bibliotecas de Lisboa, Junta de Freguesia de Marvila, One your first stop, Antena 2, Inquietarte e Tenda Produ\u00e7\u00f5es<\/strong>\n<p>Um agradecimento \u00e0 Tenda Produ\u00e7\u00f5es &#8211; cuja tradu\u00e7\u00e3o da \u00c2ngela Pinto, que aqui lemos, estreou em 2017 no Teatro da Trindade INATEL.<\/p>\n<h2>\n\t\tInforma\u00e7\u00f5es e Bilheteiras\n\t<\/h2>\n\t\n\nA aquisi\u00e7\u00e3o de bilhetes deve ser feita nas bilheteira habituais de cada espa\u00e7o de apresenta\u00e7\u00e3o. Recomendamos que se informe atempadamente sobre a aquisi\u00e7\u00e3o de bilhetes para os contactos disponibilizados abaixo.<br \/>\nAgradecemos a colabora\u00e7\u00e3o de todos para seguirem as normas e recomenda\u00e7\u00f5es indicadas pelos respons\u00e1veis de cada espa\u00e7o de apresenta\u00e7\u00e3o.\n<p>Bom espet\u00e1culo!<\/p>\n\t<p>Imagens \u00a9 Sonia Godinho Fotografia<\/p>\n\n","protected":false},"excerpt":{"rendered":"<div class=\"entry-summary\">\n<div class=\"entry-summary\">\nFestim de leituras interpretadas de pe\u00e7as de teatro\n<\/div>\n<\/div>\n","protected":false},"author":3,"featured_media":2282,"template":"","meta":{"om_disable_all_campaigns":false,"_monsterinsights_skip_tracking":false,"_monsterinsights_sitenote_active":false,"_monsterinsights_sitenote_note":"","_monsterinsights_sitenote_category":0},"project_category":[183,109,47,162],"project_tag":[190],"class_list":["post-2281","wm_projects","type-wm_projects","status-publish","has-post-thumbnail","hentry","project_category-moita-visionarios","project_category-multidisciplinar","project_category-temporada-2020-2021","project_category-visionarios","project_tag-leituras-interpretadas-teatro","entry"],"aioseo_notices":[],"uagb_featured_image_src":{"full":["https:\/\/www.artemrede.pt\/wp-content\/uploads\/2021\/03\/Esta-noite-grita-se-Bilingue-facebook1_\u00a9Sonia-Godinho.jpg",1884,1256,false],"thumbnail":["https:\/\/www.artemrede.pt\/wp-content\/uploads\/2021\/03\/Esta-noite-grita-se-Bilingue-facebook1_\u00a9Sonia-Godinho-480x270.jpg",480,270,true],"medium":["https:\/\/www.artemrede.pt\/wp-content\/uploads\/2021\/03\/Esta-noite-grita-se-Bilingue-facebook1_\u00a9Sonia-Godinho-744x496.jpg",744,496,true],"medium_large":["https:\/\/www.artemrede.pt\/wp-content\/uploads\/2021\/03\/Esta-noite-grita-se-Bilingue-facebook1_\u00a9Sonia-Godinho-1200x800.jpg",1200,800,true],"large":["https:\/\/www.artemrede.pt\/wp-content\/uploads\/2021\/03\/Esta-noite-grita-se-Bilingue-facebook1_\u00a9Sonia-Godinho-1200x800.jpg",1200,800,true],"1536x1536":["https:\/\/www.artemrede.pt\/wp-content\/uploads\/2021\/03\/Esta-noite-grita-se-Bilingue-facebook1_\u00a9Sonia-Godinho-1536x1024.jpg",1536,1024,true],"2048x2048":["https:\/\/www.artemrede.pt\/wp-content\/uploads\/2021\/03\/Esta-noite-grita-se-Bilingue-facebook1_\u00a9Sonia-Godinho.jpg",1884,1256,false],"trp-custom-language-flag":["https:\/\/www.artemrede.pt\/wp-content\/uploads\/2021\/03\/Esta-noite-grita-se-Bilingue-facebook1_\u00a9Sonia-Godinho-16x12.jpg",16,12,true],"icelander-thumbnail":["https:\/\/www.artemrede.pt\/wp-content\/uploads\/2021\/03\/Esta-noite-grita-se-Bilingue-facebook1_\u00a9Sonia-Godinho-744x372.jpg",744,372,true],"icelander-square":["https:\/\/www.artemrede.pt\/wp-content\/uploads\/2021\/03\/Esta-noite-grita-se-Bilingue-facebook1_\u00a9Sonia-Godinho-448x448.jpg",448,448,true],"icelander-intro":["https:\/\/www.artemrede.pt\/wp-content\/uploads\/2021\/03\/Esta-noite-grita-se-Bilingue-facebook1_\u00a9Sonia-Godinho-1884x1080.jpg",1884,1080,true]},"uagb_author_info":{"display_name":"In\u00eas Arromba","author_link":"https:\/\/www.artemrede.pt\/pt_pt\/author\/artred_arromba\/"},"uagb_comment_info":0,"uagb_excerpt":"Festim de leituras interpretadas de pe\u00e7as de teatro","_links":{"self":[{"href":"https:\/\/www.artemrede.pt\/pt_pt\/wp-json\/wp\/v2\/wm_projects\/2281","targetHints":{"allow":["GET"]}}],"collection":[{"href":"https:\/\/www.artemrede.pt\/pt_pt\/wp-json\/wp\/v2\/wm_projects"}],"about":[{"href":"https:\/\/www.artemrede.pt\/pt_pt\/wp-json\/wp\/v2\/types\/wm_projects"}],"author":[{"embeddable":true,"href":"https:\/\/www.artemrede.pt\/pt_pt\/wp-json\/wp\/v2\/users\/3"}],"wp:featuredmedia":[{"embeddable":true,"href":"https:\/\/www.artemrede.pt\/pt_pt\/wp-json\/wp\/v2\/media\/2282"}],"wp:attachment":[{"href":"https:\/\/www.artemrede.pt\/pt_pt\/wp-json\/wp\/v2\/media?parent=2281"}],"wp:term":[{"taxonomy":"project_category","embeddable":true,"href":"https:\/\/www.artemrede.pt\/pt_pt\/wp-json\/wp\/v2\/project_category?post=2281"},{"taxonomy":"project_tag","embeddable":true,"href":"https:\/\/www.artemrede.pt\/pt_pt\/wp-json\/wp\/v2\/project_tag?post=2281"}],"curies":[{"name":"wp","href":"https:\/\/api.w.org\/{rel}","templated":true}]}}

<h2>O Esta noite grita-se é um Festim de leituras interpretadas de peças de teatro. Começou informalmente, após um processo de seleção de textos em 2016, com apresentações públicas no início de 2017, mostrando o encanto da equipa da Cepa Torta pela leitura dos textos e evidenciando o potencial do texto dramático sem recurso à encenação. Assim, tentaram ouvir de perto as palavras dos autores, procurando uma maneira diferente de dizer e fazer escutar.</h2>
<hr />
<p><strong>BILINGUE</strong>, de José Maria Vieira</p>
<p><img loading="lazy" decoding="async" title="©Sonia Godinho Fotografia" src="https://www.artemrede.pt/wp-content/uploads/2021/03/IMG_6784_©-Sonia-Godinho-Fotografia-480x270.jpg" alt="" width="480" height="270" />Neste texto de 2015, o autor espelha a angústia que sobra do período pós-dramático: &#8220;Afastemos o nevoeiro da ironia com ajuda do real. Onde está ele? O que sobrou depois da destruição?&#8221;. É de um texto pós-catástrofe que se trata. Fragmentado, com personagens apenas identificadas por letras, sem género definido, o drama decorre entre cenas onde não existem indicações cénicas, que poderiam passar-se em qualquer lugar e em que a retórica nos lembra constantemente que os significantes não são os significados e que as emoções que sentimos e que tentamos descrever são, na verdade, diferentes para cada um de nós. O brilhantismo na maneira como a forma contamina o conteúdo e o cinismo presente no confronto das personagens, criam as condições para que o texto promova uma profunda reflexão sobre as questões da identidade e do seu reflexo na produção artística dos nossos tempos.</p>
<p>____________________________________________________________________________________________________________________________________</p>
<p><strong>BOA NOITE, MÃE</strong> de Marsha Norman</p>
<p><img loading="lazy" decoding="async" src="https://www.artemrede.pt/wp-content/uploads/2021/03/©-Sonia-Godinho-Fotografia-5-480x270.jpg" alt="" width="480" height="270" />Esta peça, escrita em 1981, estreou em 1983 no American Repertory Theatre, tendo permanecido um ano em cena e valido a Marsha Norman um prémio Pulitzer de teatro. Trata-se de um drama intenso e claustrofóbico, relatando a noite em que uma mulher divorciada e que sofre de epilepsia resolve contar à sua mãe e companheira de casa, que se irá matar. A conversa entre as duas mulheres, de um sofrimento latente, revisita o passado acordando velhos fantasmas e fazendo revelações. É assumidamente um texto catártico, que quer implicar o espectador na agonia deste par trágico que algures no passado trilhou o caminho para a fatalidade que se aproxima. Na tradição americana de nomes como Tennessee Williams ou Sam Shepard, Marsha Norman conduz o foco dramático de forma irrepreensível, levando-nos a querer constantemente interromper aquela conversa, a querer fazer perguntas, enfim, a procurar saber também como fazer para alterar o destino.</p>
<p>&#8211;</p>
<p>Artista: Companhia Cepa Torta</p>
<p>Género Artístico: Teatro</p>
<p>Classificação etária: BILINGUE &#8211; M/12 | BOA NOITE, MÃE &#8211; M/18</p>
<p>Apresentação em Territórios ARTEMREDE:</p>
<p><strong>BILINGUE &#8211; </strong><strong>MOITA</strong>   Fórum Cultural José Manuel Figueiredo | 27 de março de 2021, sábado, às 21:30 &#8211; Transmissão Online no Canal Youtube do Município da Moita</p>
<p><strong>BOA NOITE, MÃE &#8211; </strong><strong>ALMADA</strong> Convento dos Capuchos | 17 de setembro de 2021, sexta-feira, às 21:00</p>
<p>&nbsp;</p>
<strong>FICHA ARTÍSTICA E TÉCNICA</strong><br />
<em>BILINGUE</em><br />
Texto <strong>José Maria Vieira Mendes</strong> Direção <strong>Miguel Maia e Filipe Abreu</strong> Interpretação <strong>Filipe Abreu Leonardo Garibaldi Luís Gonzaga Moreira Miguel Feraso Cabral Patrícia Deus</strong>
<em>BOA NOITE, MÃE</em><br />
Tradução <strong>Ângela Pinto</strong> Direção <strong>Filipe Abreu e Miguel Maia</strong> Interpretação <strong>Lucinda Loureiro, Maria João Falcão e Miguel Maia</strong> Produção <strong>Companhia Cepa Torta</strong> Fotografia <strong>Sónia Godinho Fotografia</strong> Comunicação e assessoria de imprensa <strong>Mariana Santos</strong> Design <strong>Edoardo U. Trave</strong> (com o apoio de Ana Maia Marques) Apoios / Parceiros<strong> Câmara Municipal de Lisboa, Fundação Calouste Gulbenkian, BLX &#8211; Bibliotecas de Lisboa, Junta de Freguesia de Marvila, One your first stop, Antena 2, Inquietarte e Tenda Produções</strong>
<p>Um agradecimento à Tenda Produções &#8211; cuja tradução da Ângela Pinto, que aqui lemos, estreou em 2017 no Teatro da Trindade INATEL.</p>
<h2>
		Informações e Bilheteiras
	</h2>
	

A aquisição de bilhetes deve ser feita nas bilheteira habituais de cada espaço de apresentação. Recomendamos que se informe atempadamente sobre a aquisição de bilhetes para os contactos disponibilizados abaixo.<br />
Agradecemos a colaboração de todos para seguirem as normas e recomendações indicadas pelos responsáveis de cada espaço de apresentação.
<p>Bom espetáculo!</p>
	<p>Imagens © Sonia Godinho Fotografia</p>

<div class="entry-summary">
<div class="entry-summary">
Festim de leituras interpretadas de peças de teatro
</div>
</div>

Inês Arromba

Festim de leituras interpretadas de peças de teatro
