{"id":2257,"date":"2021-03-19T16:01:59","date_gmt":"2021-03-19T16:01:59","guid":{"rendered":"https:\/\/www.artemrede.pt\/?post_type=wm_projects&#038;p=2257"},"modified":"2021-09-30T17:09:15","modified_gmt":"2021-09-30T17:09:15","slug":"sorriso-4","status":"publish","type":"wm_projects","link":"https:\/\/www.artemrede.pt\/pt_pt\/project\/sorriso-4\/","title":{"rendered":"SOLIT\u00c1RIA"},"content":{"rendered":"\n\n\t<h2>Neste espa\u00e7o-laborat\u00f3rio desenrola-se um confronto solit\u00e1rio entre homem e m\u00e1quina, entre o real e o virtual, e \u00e9 este confronto que nos leva \u00e0 experimenta\u00e7\u00e3o e \u00e0 procura de narrativas novas.<br \/>\nSolit\u00e1ria \u00e9 um espet\u00e1culo-performance em que o movimento cin\u00e9tico do corpo e a forma como ocupa o espa\u00e7o vazio ir\u00e1 construir uma narrativa visual e sonora.<\/h2>\n<hr \/>\n<p><iframe loading=\"lazy\" title=\"SOLIT\u00c1RIA [Teaser] \/ Alma d&#039;Arame\" width=\"1200\" height=\"675\" src=\"https:\/\/www.youtube.com\/embed\/K3MNZzWpjfg?feature=oembed\" frameborder=\"0\" allow=\"accelerometer; autoplay; clipboard-write; encrypted-media; gyroscope; picture-in-picture\" allowfullscreen><\/iframe><\/p>\n<p>&#8211;<\/p>\n<p>Artista: Alma d&#8217;Arame<\/p>\n<p>G\u00e9nero Art\u00edstico: Teatro Contempor\u00e2neo de Marionetas e V\u00eddeo<\/p>\n<p>Classifica\u00e7\u00e3o et\u00e1ria: M\/12<\/p>\n<p>Apresenta\u00e7\u00e3o em Territ\u00f3rios ARTEMREDE:<\/p>\n<strong>ALCANENA\u00a0\u00a0\u00a0<\/strong> Cine-Teatro S\u00e3o Pedro | 25 de outubro de 2021, segunda-feira, 11:00 &#8211; <strong>Sess\u00e3o escolas<\/strong><br \/>\n<strong>POMBAL<\/strong> \u00a0\u00a0 Teatro-Cine | 15 de maio de 2021, s\u00e1bado, \u00e0s 21:30\n\n<p>Uma programa\u00e7\u00e3o dos grupos de Vision\u00e1rios de Alcanena e Pombal.<\/p>\n\n<p>&nbsp;<\/p>\n<p>&nbsp;<\/p>\n\n","protected":false},"excerpt":{"rendered":"<div class=\"entry-summary\">\n<div class=\"entry-summary\">\nNeste espa\u00e7o-laborat\u00f3rio desenrola-se um confronto solit\u00e1rio entre homem e m\u00e1quina, entre o real e o virtual, e \u00e9 este confronto que nos leva \u00e0 experimenta\u00e7\u00e3o e \u00e0 procura de narrativas novas. Solit\u00e1ria \u00e9 um espet\u00e1culo-performance em que o movimento cin\u00e9tico&hellip;\n<\/div>\n<\/div>\n","protected":false},"author":3,"featured_media":2258,"template":"","meta":{"om_disable_all_campaigns":false,"_monsterinsights_skip_tracking":false,"_monsterinsights_sitenote_active":false,"_monsterinsights_sitenote_note":"","_monsterinsights_sitenote_category":0},"project_category":[195,192,108,109,201,47,162],"project_tag":[81,94],"class_list":["post-2257","wm_projects","type-wm_projects","status-publish","has-post-thumbnail","hentry","project_category-alcanena-manobras2020_primavera","project_category-manobras2020_primavera","project_category-marionetas","project_category-multidisciplinar","project_category-pombal-manobras2020_primavera","project_category-temporada-2020-2021","project_category-visionarios","project_tag-marionetas","project_tag-video","entry"],"aioseo_notices":[],"uagb_featured_image_src":{"full":["https:\/\/www.artemrede.pt\/wp-content\/uploads\/2021\/03\/MG_4384-scaled.jpeg",1706,2560,false],"thumbnail":["https:\/\/www.artemrede.pt\/wp-content\/uploads\/2021\/03\/MG_4384-480x270.jpeg",480,270,true],"medium":["https:\/\/www.artemrede.pt\/wp-content\/uploads\/2021\/03\/MG_4384-744x1116.jpeg",744,1116,true],"medium_large":["https:\/\/www.artemrede.pt\/wp-content\/uploads\/2021\/03\/MG_4384-1200x1800.jpeg",1200,1800,true],"large":["https:\/\/www.artemrede.pt\/wp-content\/uploads\/2021\/03\/MG_4384-1200x1800.jpeg",1200,1800,true],"1536x1536":["https:\/\/www.artemrede.pt\/wp-content\/uploads\/2021\/03\/MG_4384-1024x1536.jpeg",1024,1536,true],"2048x2048":["https:\/\/www.artemrede.pt\/wp-content\/uploads\/2021\/03\/MG_4384-1365x2048.jpeg",1365,2048,true],"trp-custom-language-flag":["https:\/\/www.artemrede.pt\/wp-content\/uploads\/2021\/03\/MG_4384-8x12.jpeg",8,12,true],"icelander-thumbnail":["https:\/\/www.artemrede.pt\/wp-content\/uploads\/2021\/03\/MG_4384-744x372.jpeg",744,372,true],"icelander-square":["https:\/\/www.artemrede.pt\/wp-content\/uploads\/2021\/03\/MG_4384-448x448.jpeg",448,448,true],"icelander-intro":["https:\/\/www.artemrede.pt\/wp-content\/uploads\/2021\/03\/MG_4384-1920x1080.jpeg",1920,1080,true]},"uagb_author_info":{"display_name":"In\u00eas Arromba","author_link":"https:\/\/www.artemrede.pt\/pt_pt\/author\/artred_arromba\/"},"uagb_comment_info":0,"uagb_excerpt":"Neste espa\u00e7o-laborat\u00f3rio desenrola-se um confronto solit\u00e1rio entre homem e m\u00e1quina, entre o real e o virtual, e \u00e9 este confronto que nos leva \u00e0 experimenta\u00e7\u00e3o e \u00e0 procura de narrativas novas. Solit\u00e1ria \u00e9 um espet\u00e1culo-performance em que o movimento cin\u00e9tico&hellip;","_links":{"self":[{"href":"https:\/\/www.artemrede.pt\/pt_pt\/wp-json\/wp\/v2\/wm_projects\/2257","targetHints":{"allow":["GET"]}}],"collection":[{"href":"https:\/\/www.artemrede.pt\/pt_pt\/wp-json\/wp\/v2\/wm_projects"}],"about":[{"href":"https:\/\/www.artemrede.pt\/pt_pt\/wp-json\/wp\/v2\/types\/wm_projects"}],"author":[{"embeddable":true,"href":"https:\/\/www.artemrede.pt\/pt_pt\/wp-json\/wp\/v2\/users\/3"}],"wp:featuredmedia":[{"embeddable":true,"href":"https:\/\/www.artemrede.pt\/pt_pt\/wp-json\/wp\/v2\/media\/2258"}],"wp:attachment":[{"href":"https:\/\/www.artemrede.pt\/pt_pt\/wp-json\/wp\/v2\/media?parent=2257"}],"wp:term":[{"taxonomy":"project_category","embeddable":true,"href":"https:\/\/www.artemrede.pt\/pt_pt\/wp-json\/wp\/v2\/project_category?post=2257"},{"taxonomy":"project_tag","embeddable":true,"href":"https:\/\/www.artemrede.pt\/pt_pt\/wp-json\/wp\/v2\/project_tag?post=2257"}],"curies":[{"name":"wp","href":"https:\/\/api.w.org\/{rel}","templated":true}]}}

SOLITÁRIA

<h2>Neste espaço-laboratório desenrola-se um confronto solitário entre homem e máquina, entre o real e o virtual, e é este confronto que nos leva à experimentação e à procura de narrativas novas.<br />
Solitária é um espetáculo-performance em que o movimento cinético do corpo e a forma como ocupa o espaço vazio irá construir uma narrativa visual e sonora.</h2>
<hr />
<p><iframe loading="lazy" title="SOLITÁRIA [Teaser] / Alma d&#039;Arame" width="1200" height="675" src="https://www.youtube.com/embed/K3MNZzWpjfg?feature=oembed" frameborder="0" allow="accelerometer; autoplay; clipboard-write; encrypted-media; gyroscope; picture-in-picture" allowfullscreen></iframe></p>
<p>&#8211;</p>
<p>Artista: Alma d&#8217;Arame</p>
<p>Género Artístico: Teatro Contemporâneo de Marionetas e Vídeo</p>
<p>Classificação etária: M/12</p>
<p>Apresentação em Territórios ARTEMREDE:</p>
<strong>ALCANENA   </strong> Cine-Teatro São Pedro | 25 de outubro de 2021, segunda-feira, 11:00 &#8211; <strong>Sessão escolas</strong><br />
<strong>POMBAL</strong>    Teatro-Cine | 15 de maio de 2021, sábado, às 21:30

<p>Uma programação dos grupos de Visionários de Alcanena e Pombal.</p>

<p>&nbsp;</p>
<p>&nbsp;</p>

<div class="entry-summary">
<div class="entry-summary">
Neste espaço-laboratório desenrola-se um confronto solitário entre homem e máquina, entre o real e o virtual, e é este confronto que nos leva à experimentação e à procura de narrativas novas. Solitária é um espetáculo-performance em que o movimento cinético&hellip;
</div>
</div>

Inês Arromba

Neste espaço-laboratório desenrola-se um confronto solitário entre homem e máquina, entre o real e o virtual, e é este confronto que nos leva à experimentação e à procura de narrativas novas. Solitária é um espetáculo-performance em que o movimento cinético&hellip;
