{"id":2071,"date":"2020-10-21T11:51:59","date_gmt":"2020-10-21T11:51:59","guid":{"rendered":"https:\/\/www.artemrede.pt\/?post_type=wm_projects&#038;p=2071"},"modified":"2021-04-15T17:28:14","modified_gmt":"2021-04-15T17:28:14","slug":"clowns","status":"publish","type":"wm_projects","link":"https:\/\/www.artemrede.pt\/pt_pt\/project\/clowns\/","title":{"rendered":"CLOWNS"},"content":{"rendered":"\n\n\t<h2>Um espet\u00e1culo de tr\u00eas artistas que vivem no territ\u00f3rio do sudoeste alentejano e costa vicentina, de nacionalidades e abordagens distintas \u00e0 linguagem do clown, que se encontram com Giacomo Scalisi para questionar o que significa ser clown nos dias de hoje. Uma reflex\u00e3o conjunta sobre a dicotomia de identidades entre o homem e o artista, que talvez resulte num espet\u00e1culo tragic\u00f3mico ou, pelo menos, imprevis\u00edvel.<\/h2>\n<hr \/>\n\n<p>&#8211;<\/p>\n<p>Artista: Giacomo Scalisi<\/p>\n<p>G\u00e9nero Art\u00edstico: Clown<\/p>\nClassifica\u00e7\u00e3o et\u00e1ria: M\/12<br \/>\n\n<p>Apresenta\u00e7\u00e3o em Territ\u00f3rios ARTEMREDE:<\/p>\n<p><strong>LISBOA<\/strong> Audit\u00f3rio da Biblioteca de Marvila | 19 de novembro de 2020, quinta-feira, \u00e0s 21:00<\/p>\n<p>&nbsp;<\/p>\nFICHA ART\u00cdSTICA E T\u00c9CNICA<br \/>\nDire\u00e7\u00e3o art\u00edstica e encena\u00e7\u00e3o <strong>Giacomo Scalisi<\/strong> Cocria\u00e7\u00e3o<strong> Enano, Leo Lobo e Thorsten Gr\u00fctjen &#8211; &#8220;Tosta Mista&#8221;<\/strong> Dire\u00e7\u00e3o t\u00e9cnica <strong>MADAIL.EU &#8211; Joaquim Mada\u00edl<\/strong> Produ\u00e7\u00e3o e difus\u00e3o <strong>MADAIL.EU &#8211; Maria Miguel Coelho<\/strong>\nUm projeto <strong>COSANOSTRA | Lavrar o Mar<\/strong><br \/>\nCria\u00e7\u00e3o com o apoio de CRESC Algarve 2020 | Portugal 2020 | Uni\u00e3o Europeia | Rep\u00fablica Portuguesa| Turismo de Portugal | Turismo Algarve | 365 Algarve | CM Aljezur | CM Monchique\n<p>&nbsp;<\/p>\n<p>&nbsp;<\/p>\n<p>&nbsp;<\/p>\n<p>&nbsp;<\/p>\n\n","protected":false},"excerpt":{"rendered":"<div class=\"entry-summary\">\n<div class=\"entry-summary\">\nUm espet\u00e1culo de tr\u00eas artistas que vivem no territ\u00f3rio do sudoeste alentejano e costa vicentina, de nacionalidades e abordagens distintas \u00e0 linguagem do clown, que se encontram com Giacomo Scalisi para questionar o que significa ser clown nos dias de&hellip;\n<\/div>\n<\/div>\n","protected":false},"author":3,"featured_media":2072,"template":"","meta":{"om_disable_all_campaigns":false,"_monsterinsights_skip_tracking":false,"_monsterinsights_sitenote_active":false,"_monsterinsights_sitenote_note":"","_monsterinsights_sitenote_category":0},"project_category":[163,109,47,162],"project_tag":[156,155],"class_list":["post-2071","wm_projects","type-wm_projects","status-publish","has-post-thumbnail","hentry","project_category-lisboa","project_category-multidisciplinar","project_category-temporada-2020-2021","project_category-visionarios","project_tag-clowns","project_tag-jovens-e-adultos","entry"],"aioseo_notices":[],"uagb_featured_image_src":{"full":["https:\/\/www.artemrede.pt\/wp-content\/uploads\/2020\/10\/Copiade02ClownsMCQphotoJMariano.jpg",1498,1000,false],"thumbnail":["https:\/\/www.artemrede.pt\/wp-content\/uploads\/2020\/10\/Copiade02ClownsMCQphotoJMariano-480x270.jpg",480,270,true],"medium":["https:\/\/www.artemrede.pt\/wp-content\/uploads\/2020\/10\/Copiade02ClownsMCQphotoJMariano-744x497.jpg",744,497,true],"medium_large":["https:\/\/www.artemrede.pt\/wp-content\/uploads\/2020\/10\/Copiade02ClownsMCQphotoJMariano-1200x801.jpg",1200,801,true],"large":["https:\/\/www.artemrede.pt\/wp-content\/uploads\/2020\/10\/Copiade02ClownsMCQphotoJMariano-1200x801.jpg",1200,801,true],"1536x1536":["https:\/\/www.artemrede.pt\/wp-content\/uploads\/2020\/10\/Copiade02ClownsMCQphotoJMariano.jpg",1498,1000,false],"2048x2048":["https:\/\/www.artemrede.pt\/wp-content\/uploads\/2020\/10\/Copiade02ClownsMCQphotoJMariano.jpg",1498,1000,false],"trp-custom-language-flag":["https:\/\/www.artemrede.pt\/wp-content\/uploads\/2020\/10\/Copiade02ClownsMCQphotoJMariano.jpg",18,12,false],"icelander-thumbnail":["https:\/\/www.artemrede.pt\/wp-content\/uploads\/2020\/10\/Copiade02ClownsMCQphotoJMariano-744x372.jpg",744,372,true],"icelander-square":["https:\/\/www.artemrede.pt\/wp-content\/uploads\/2020\/10\/Copiade02ClownsMCQphotoJMariano-448x448.jpg",448,448,true],"icelander-intro":["https:\/\/www.artemrede.pt\/wp-content\/uploads\/2020\/10\/Copiade02ClownsMCQphotoJMariano.jpg",1498,1000,false]},"uagb_author_info":{"display_name":"In\u00eas Arromba","author_link":"https:\/\/www.artemrede.pt\/pt_pt\/author\/artred_arromba\/"},"uagb_comment_info":0,"uagb_excerpt":"Um espet\u00e1culo de tr\u00eas artistas que vivem no territ\u00f3rio do sudoeste alentejano e costa vicentina, de nacionalidades e abordagens distintas \u00e0 linguagem do clown, que se encontram com Giacomo Scalisi para questionar o que significa ser clown nos dias de&hellip;","_links":{"self":[{"href":"https:\/\/www.artemrede.pt\/pt_pt\/wp-json\/wp\/v2\/wm_projects\/2071","targetHints":{"allow":["GET"]}}],"collection":[{"href":"https:\/\/www.artemrede.pt\/pt_pt\/wp-json\/wp\/v2\/wm_projects"}],"about":[{"href":"https:\/\/www.artemrede.pt\/pt_pt\/wp-json\/wp\/v2\/types\/wm_projects"}],"author":[{"embeddable":true,"href":"https:\/\/www.artemrede.pt\/pt_pt\/wp-json\/wp\/v2\/users\/3"}],"wp:featuredmedia":[{"embeddable":true,"href":"https:\/\/www.artemrede.pt\/pt_pt\/wp-json\/wp\/v2\/media\/2072"}],"wp:attachment":[{"href":"https:\/\/www.artemrede.pt\/pt_pt\/wp-json\/wp\/v2\/media?parent=2071"}],"wp:term":[{"taxonomy":"project_category","embeddable":true,"href":"https:\/\/www.artemrede.pt\/pt_pt\/wp-json\/wp\/v2\/project_category?post=2071"},{"taxonomy":"project_tag","embeddable":true,"href":"https:\/\/www.artemrede.pt\/pt_pt\/wp-json\/wp\/v2\/project_tag?post=2071"}],"curies":[{"name":"wp","href":"https:\/\/api.w.org\/{rel}","templated":true}]}}

<h2>Um espetáculo de três artistas que vivem no território do sudoeste alentejano e costa vicentina, de nacionalidades e abordagens distintas à linguagem do clown, que se encontram com Giacomo Scalisi para questionar o que significa ser clown nos dias de hoje. Uma reflexão conjunta sobre a dicotomia de identidades entre o homem e o artista, que talvez resulte num espetáculo tragicómico ou, pelo menos, imprevisível.</h2>
<hr />

<p>&#8211;</p>
<p>Artista: Giacomo Scalisi</p>
<p>Género Artístico: Clown</p>
Classificação etária: M/12<br />

<p>Apresentação em Territórios ARTEMREDE:</p>
<p><strong>LISBOA</strong> Auditório da Biblioteca de Marvila | 19 de novembro de 2020, quinta-feira, às 21:00</p>
<p>&nbsp;</p>
FICHA ARTÍSTICA E TÉCNICA<br />
Direção artística e encenação <strong>Giacomo Scalisi</strong> Cocriação<strong> Enano, Leo Lobo e Thorsten Grütjen &#8211; &#8220;Tosta Mista&#8221;</strong> Direção técnica <strong>MADAIL.EU &#8211; Joaquim Madaíl</strong> Produção e difusão <strong>MADAIL.EU &#8211; Maria Miguel Coelho</strong>
Um projeto <strong>COSANOSTRA | Lavrar o Mar</strong><br />
Criação com o apoio de CRESC Algarve 2020 | Portugal 2020 | União Europeia | República Portuguesa| Turismo de Portugal | Turismo Algarve | 365 Algarve | CM Aljezur | CM Monchique
<p>&nbsp;</p>
<p>&nbsp;</p>
<p>&nbsp;</p>
<p>&nbsp;</p>

<div class="entry-summary">
<div class="entry-summary">
Um espetáculo de três artistas que vivem no território do sudoeste alentejano e costa vicentina, de nacionalidades e abordagens distintas à linguagem do clown, que se encontram com Giacomo Scalisi para questionar o que significa ser clown nos dias de&hellip;
</div>
</div>

Inês Arromba

Um espetáculo de três artistas que vivem no território do sudoeste alentejano e costa vicentina, de nacionalidades e abordagens distintas à linguagem do clown, que se encontram com Giacomo Scalisi para questionar o que significa ser clown nos dias de&hellip;
