{"id":2040,"date":"2020-10-08T10:38:21","date_gmt":"2020-10-08T10:38:21","guid":{"rendered":"https:\/\/www.artemrede.pt\/?post_type=wm_projects&#038;p=2040"},"modified":"2022-01-12T10:42:38","modified_gmt":"2022-01-12T10:42:38","slug":"encontros-com-nelson","status":"publish","type":"wm_projects","link":"https:\/\/www.artemrede.pt\/pt_pt\/project\/encontros-com-nelson\/","title":{"rendered":"Encontros com Nelson"},"content":{"rendered":"\n\n\t<h2>Nelson Rocha, apaixonado colecionador de artesanato portugu\u00eas, guia-nos pelo Museu de Arte Popular Portuguesa em Pombal, onde ficar\u00e1 guardada a sua preciosa cole\u00e7\u00e3o e a mem\u00f3ria que quer que guardemos dele: um homem que se encontra no encontro com os outros.<\/h2>\n<hr \/>\n<p>No 4\u00ba Manobras, os filmes\/performances fixam-se nos horizontes de Alcanena e Pombal, com apresenta\u00e7\u00f5es que v\u00e3o ao fundo da identidade local. <em>Carta Branca<\/em> e <em>Encontros com Nelson<\/em> s\u00e3o o quinto e sexto objetos audiovisuais criados pelo realizador Ant\u00f3nio-Pedro para o festival, depois das experi\u00eancias, nos anos anteriores, em Abrantes, Sobral de Monte Agra\u00e7o, Tomar e Alcoba\u00e7a.<\/p>\n\n<p>&#8211;<\/p>\n<p>Artista: Ca\u00f3tica \/ Ant\u00f3nio-Pedro<\/p>\n<p>G\u00e9nero Art\u00edstico: Cinema<\/p>\n<p>Classifica\u00e7\u00e3o et\u00e1ria: M\/3<\/p>\n<p>Apresenta\u00e7\u00e3o em Territ\u00f3rios ARTEMREDE:<\/p>\n<p><strong>POMBAL<\/strong> \u00a0 Celeiro do Marqu\u00eas &#8211; Museu de Arte Popular Portuguesa | 24 de outubro de 2020, s\u00e1bado, \u00e0s 18:00 e \u00e0s 19:00<\/p>\nFicha T\u00e9cnica e Art\u00edstica<br \/>\nCom Nelson Lobo Rocha e Pedro Riobom Imagem Vasco Salt\u00e3o e Maria Rem\u00e9dio Som Ant\u00f3nio-Pedro Montagem Ant\u00f3nio-Pedro e Lu\u00edsa Mello Mistura de som Moz Carrapa Produ\u00e7\u00e3o Executiva Catarina Carvalho Corre\u00e7\u00e3o de cor Caroline Bergeron Produ\u00e7\u00e3o Ca\u00f3tica\nAgradecimentos Carla Mota, Cid\u00e1lia Botas e Pedro Riobom<br \/>\nApoios Rep\u00fablica Portuguesa &#8211; Cultura \/ Dire\u00e7\u00e3o-Geral das Artes e C\u00e2mara Municipal de Lisboa.\n<p>&nbsp;<\/p>\n<p>&nbsp;<\/p>\n\n\n","protected":false},"excerpt":{"rendered":"<div class=\"entry-summary\">\n<div class=\"entry-summary\">\nDos morcegos aos curtumes, da arte popular \u00e0s pessoas. Os Objetos Visuais de Ant\u00f3nio-Pedro continuam a olhar para as est\u00f3rias escondidas nos territ\u00f3rios Artemrede.\n<\/div>\n<\/div>\n","protected":false},"author":3,"featured_media":2041,"template":"","meta":{"om_disable_all_campaigns":false,"_monsterinsights_skip_tracking":false,"_monsterinsights_sitenote_active":false,"_monsterinsights_sitenote_note":"","_monsterinsights_sitenote_category":0},"project_category":[123,109,124,47],"project_tag":[151,152],"class_list":["post-2040","wm_projects","type-wm_projects","status-publish","has-post-thumbnail","hentry","project_category-manobras2020_outono","project_category-multidisciplinar","project_category-pombal","project_category-temporada-2020-2021","project_tag-filme","project_tag-objetos-visuais","entry"],"aioseo_notices":[],"uagb_featured_image_src":{"full":["https:\/\/www.artemrede.pt\/wp-content\/uploads\/2020\/10\/PEDRO-RIOBOM-E-CARLA_IMAGEM-ANTONIO-PEDRO-scaled.jpg",2560,1707,false],"thumbnail":["https:\/\/www.artemrede.pt\/wp-content\/uploads\/2020\/10\/PEDRO-RIOBOM-E-CARLA_IMAGEM-ANTONIO-PEDRO-480x270.jpg",480,270,true],"medium":["https:\/\/www.artemrede.pt\/wp-content\/uploads\/2020\/10\/PEDRO-RIOBOM-E-CARLA_IMAGEM-ANTONIO-PEDRO-744x496.jpg",744,496,true],"medium_large":["https:\/\/www.artemrede.pt\/wp-content\/uploads\/2020\/10\/PEDRO-RIOBOM-E-CARLA_IMAGEM-ANTONIO-PEDRO-1200x800.jpg",1200,800,true],"large":["https:\/\/www.artemrede.pt\/wp-content\/uploads\/2020\/10\/PEDRO-RIOBOM-E-CARLA_IMAGEM-ANTONIO-PEDRO-1200x800.jpg",1200,800,true],"1536x1536":["https:\/\/www.artemrede.pt\/wp-content\/uploads\/2020\/10\/PEDRO-RIOBOM-E-CARLA_IMAGEM-ANTONIO-PEDRO-1536x1024.jpg",1536,1024,true],"2048x2048":["https:\/\/www.artemrede.pt\/wp-content\/uploads\/2020\/10\/PEDRO-RIOBOM-E-CARLA_IMAGEM-ANTONIO-PEDRO-2048x1365.jpg",2048,1365,true],"trp-custom-language-flag":["https:\/\/www.artemrede.pt\/wp-content\/uploads\/2020\/10\/PEDRO-RIOBOM-E-CARLA_IMAGEM-ANTONIO-PEDRO-scaled.jpg",18,12,false],"icelander-thumbnail":["https:\/\/www.artemrede.pt\/wp-content\/uploads\/2020\/10\/PEDRO-RIOBOM-E-CARLA_IMAGEM-ANTONIO-PEDRO-744x372.jpg",744,372,true],"icelander-square":["https:\/\/www.artemrede.pt\/wp-content\/uploads\/2020\/10\/PEDRO-RIOBOM-E-CARLA_IMAGEM-ANTONIO-PEDRO-448x448.jpg",448,448,true],"icelander-intro":["https:\/\/www.artemrede.pt\/wp-content\/uploads\/2020\/10\/PEDRO-RIOBOM-E-CARLA_IMAGEM-ANTONIO-PEDRO-1920x1080.jpg",1920,1080,true]},"uagb_author_info":{"display_name":"In\u00eas Arromba","author_link":"https:\/\/www.artemrede.pt\/pt_pt\/author\/artred_arromba\/"},"uagb_comment_info":0,"uagb_excerpt":"Dos morcegos aos curtumes, da arte popular \u00e0s pessoas. Os Objetos Visuais de Ant\u00f3nio-Pedro continuam a olhar para as est\u00f3rias escondidas nos territ\u00f3rios Artemrede.","_links":{"self":[{"href":"https:\/\/www.artemrede.pt\/pt_pt\/wp-json\/wp\/v2\/wm_projects\/2040","targetHints":{"allow":["GET"]}}],"collection":[{"href":"https:\/\/www.artemrede.pt\/pt_pt\/wp-json\/wp\/v2\/wm_projects"}],"about":[{"href":"https:\/\/www.artemrede.pt\/pt_pt\/wp-json\/wp\/v2\/types\/wm_projects"}],"author":[{"embeddable":true,"href":"https:\/\/www.artemrede.pt\/pt_pt\/wp-json\/wp\/v2\/users\/3"}],"wp:featuredmedia":[{"embeddable":true,"href":"https:\/\/www.artemrede.pt\/pt_pt\/wp-json\/wp\/v2\/media\/2041"}],"wp:attachment":[{"href":"https:\/\/www.artemrede.pt\/pt_pt\/wp-json\/wp\/v2\/media?parent=2040"}],"wp:term":[{"taxonomy":"project_category","embeddable":true,"href":"https:\/\/www.artemrede.pt\/pt_pt\/wp-json\/wp\/v2\/project_category?post=2040"},{"taxonomy":"project_tag","embeddable":true,"href":"https:\/\/www.artemrede.pt\/pt_pt\/wp-json\/wp\/v2\/project_tag?post=2040"}],"curies":[{"name":"wp","href":"https:\/\/api.w.org\/{rel}","templated":true}]}}

<h2>Nelson Rocha, apaixonado colecionador de artesanato português, guia-nos pelo Museu de Arte Popular Portuguesa em Pombal, onde ficará guardada a sua preciosa coleção e a memória que quer que guardemos dele: um homem que se encontra no encontro com os outros.</h2>
<hr />
<p>No 4º Manobras, os filmes/performances fixam-se nos horizontes de Alcanena e Pombal, com apresentações que vão ao fundo da identidade local. <em>Carta Branca</em> e <em>Encontros com Nelson</em> são o quinto e sexto objetos audiovisuais criados pelo realizador António-Pedro para o festival, depois das experiências, nos anos anteriores, em Abrantes, Sobral de Monte Agraço, Tomar e Alcobaça.</p>

<p>&#8211;</p>
<p>Artista: Caótica / António-Pedro</p>
<p>Género Artístico: Cinema</p>
<p>Classificação etária: M/3</p>
<p>Apresentação em Territórios ARTEMREDE:</p>
<p><strong>POMBAL</strong>   Celeiro do Marquês &#8211; Museu de Arte Popular Portuguesa | 24 de outubro de 2020, sábado, às 18:00 e às 19:00</p>
Ficha Técnica e Artística<br />
Com Nelson Lobo Rocha e Pedro Riobom Imagem Vasco Saltão e Maria Remédio Som António-Pedro Montagem António-Pedro e Luísa Mello Mistura de som Moz Carrapa Produção Executiva Catarina Carvalho Correção de cor Caroline Bergeron Produção Caótica
Agradecimentos Carla Mota, Cidália Botas e Pedro Riobom<br />
Apoios República Portuguesa &#8211; Cultura / Direção-Geral das Artes e Câmara Municipal de Lisboa.
<p>&nbsp;</p>
<p>&nbsp;</p>

<div class="entry-summary">
<div class="entry-summary">
Dos morcegos aos curtumes, da arte popular às pessoas. Os Objetos Visuais de António-Pedro continuam a olhar para as estórias escondidas nos territórios Artemrede.
</div>
</div>

Inês Arromba

Dos morcegos aos curtumes, da arte popular às pessoas. Os Objetos Visuais de António-Pedro continuam a olhar para as estórias escondidas nos territórios Artemrede.
