{"id":1795,"date":"2020-08-02T22:12:46","date_gmt":"2020-08-02T22:12:46","guid":{"rendered":"https:\/\/www.artemrede.pt\/?post_type=wm_projects&#038;p=1795"},"modified":"2020-08-02T22:12:48","modified_gmt":"2020-08-02T22:12:48","slug":"odisseia","status":"publish","type":"wm_projects","link":"https:\/\/www.artemrede.pt\/pt_pt\/project\/odisseia\/","title":{"rendered":"Odisseia"},"content":{"rendered":"\n<img loading=\"lazy\" decoding=\"async\" src=\"https:\/\/www.artemrede.pt\/wp-content\/uploads\/2020\/08\/odisseia.jpg\" alt=\"Logotipo do projeto Odisseia\" itemprop=\"image\" height=\"595\" width=\"900\" title=\"odisseia\" onerror=\"this.style.display='none'\">\n\t<p>ODISSEIA \u00e9 um projeto de forma\u00e7\u00e3o e capacita\u00e7\u00e3o art\u00edsticas promovido pela Artemrede em seis munic\u00edpios associados \u2013 Almada, Barreiro, Moita, Oeiras, Santar\u00e9m e Sesimbra \u2013 e que tem como participantes diretos jovens entre os 16 e os 25 anos residentes nestes territ\u00f3rios.<\/p>\n<p>ODISSEIA \u00e9 um projeto a tr\u00eas anos \u2013 2016 a 2018 \u2013 constitu\u00eddo por tr\u00eas componentes art\u00edsticas \u2013 Teatro \/ Dramaturgia, Artes de Rua e Cinema \/ M\u00fasica -, cada uma das quais orientada por uma equipa art\u00edstica distinta. Cada uma destas componentes desdobra-se em duas fases: forma\u00e7\u00e3o certificada e a cria\u00e7\u00e3o de um objeto art\u00edstico nas \u00e1reas identificadas.<\/p>\n<p>Os artistas respons\u00e1veis pelas diferentes componentes do projeto s\u00e3o o ator e encenador Rui Catal\u00e3o, a companhia de artes de rua Radar 360 e o realizador e m\u00fasico Ant\u00f3nio-Pedro. Deste projeto resultar\u00e3o tr\u00eas objetos art\u00edsticos: o espet\u00e1culo de teatro&nbsp;<em>E Agora N\u00f3s!<\/em>, o espet\u00e1culo de artes de rua&nbsp;<em>Hist\u00f3rias em Viagem<\/em>&nbsp;e o filme-concerto&nbsp;<em>Curtas-Migrat\u00f3rias<\/em>.<\/p>\n<p>Para a concretiza\u00e7\u00e3o deste projeto a Artemrede conta com a parceria da cooperativa de solidariedade social RUMO no acompanhamento social e na avalia\u00e7\u00e3o, assim como com uma rede alargada de parceiros locais, com trabalho desenvolvido na \u00e1rea social e\/ou cultural, em cada um dos munic\u00edpios envolvidos.<\/p>\n<p>ODISSEIA \u00e9 cofinanciado pela Funda\u00e7\u00e3o Calouste Gulbenkian, no \u00e2mbito da 2\u00aa edi\u00e7\u00e3o do programa PARTIS.<\/p>\n","protected":false},"excerpt":{"rendered":"<div class=\"entry-summary\">\n<div class=\"entry-summary\">\nODISSEIA foi um projeto de forma\u00e7\u00e3o e capacita\u00e7\u00e3o art\u00edsticas promovido pela Artemrede ao abrigo do programa PARTIS Gulbenkian.\n<\/div>\n<\/div>\n","protected":false},"author":2,"featured_media":1796,"template":"","meta":{"om_disable_all_campaigns":false,"_monsterinsights_skip_tracking":false,"_monsterinsights_sitenote_active":false,"_monsterinsights_sitenote_note":"","_monsterinsights_sitenote_category":0},"project_category":[50],"project_tag":[],"class_list":["post-1795","wm_projects","type-wm_projects","status-publish","has-post-thumbnail","hentry","project_category-projetos-concluidos","entry"],"aioseo_notices":[],"uagb_featured_image_src":{"full":["https:\/\/www.artemrede.pt\/wp-content\/uploads\/2020\/08\/odisseia.jpg",900,595,false],"thumbnail":["https:\/\/www.artemrede.pt\/wp-content\/uploads\/2020\/08\/odisseia-480x270.jpg",480,270,true],"medium":["https:\/\/www.artemrede.pt\/wp-content\/uploads\/2020\/08\/odisseia-744x492.jpg",744,492,true],"medium_large":["https:\/\/www.artemrede.pt\/wp-content\/uploads\/2020\/08\/odisseia.jpg",900,595,false],"large":["https:\/\/www.artemrede.pt\/wp-content\/uploads\/2020\/08\/odisseia.jpg",900,595,false],"1536x1536":["https:\/\/www.artemrede.pt\/wp-content\/uploads\/2020\/08\/odisseia.jpg",900,595,false],"2048x2048":["https:\/\/www.artemrede.pt\/wp-content\/uploads\/2020\/08\/odisseia.jpg",900,595,false],"trp-custom-language-flag":["https:\/\/www.artemrede.pt\/wp-content\/uploads\/2020\/08\/odisseia.jpg",18,12,false],"icelander-thumbnail":["https:\/\/www.artemrede.pt\/wp-content\/uploads\/2020\/08\/odisseia-744x372.jpg",744,372,true],"icelander-square":["https:\/\/www.artemrede.pt\/wp-content\/uploads\/2020\/08\/odisseia-448x448.jpg",448,448,true],"icelander-intro":["https:\/\/www.artemrede.pt\/wp-content\/uploads\/2020\/08\/odisseia.jpg",900,595,false]},"uagb_author_info":{"display_name":"Bruno Castro","author_link":"https:\/\/www.artemrede.pt\/pt_pt\/author\/artred_bruno\/"},"uagb_comment_info":0,"uagb_excerpt":"ODISSEIA foi um projeto de forma\u00e7\u00e3o e capacita\u00e7\u00e3o art\u00edsticas promovido pela Artemrede ao abrigo do programa PARTIS Gulbenkian.","_links":{"self":[{"href":"https:\/\/www.artemrede.pt\/pt_pt\/wp-json\/wp\/v2\/wm_projects\/1795","targetHints":{"allow":["GET"]}}],"collection":[{"href":"https:\/\/www.artemrede.pt\/pt_pt\/wp-json\/wp\/v2\/wm_projects"}],"about":[{"href":"https:\/\/www.artemrede.pt\/pt_pt\/wp-json\/wp\/v2\/types\/wm_projects"}],"author":[{"embeddable":true,"href":"https:\/\/www.artemrede.pt\/pt_pt\/wp-json\/wp\/v2\/users\/2"}],"wp:featuredmedia":[{"embeddable":true,"href":"https:\/\/www.artemrede.pt\/pt_pt\/wp-json\/wp\/v2\/media\/1796"}],"wp:attachment":[{"href":"https:\/\/www.artemrede.pt\/pt_pt\/wp-json\/wp\/v2\/media?parent=1795"}],"wp:term":[{"taxonomy":"project_category","embeddable":true,"href":"https:\/\/www.artemrede.pt\/pt_pt\/wp-json\/wp\/v2\/project_category?post=1795"},{"taxonomy":"project_tag","embeddable":true,"href":"https:\/\/www.artemrede.pt\/pt_pt\/wp-json\/wp\/v2\/project_tag?post=1795"}],"curies":[{"name":"wp","href":"https:\/\/api.w.org\/{rel}","templated":true}]}}

<img loading="lazy" decoding="async" src="https://www.artemrede.pt/wp-content/uploads/2020/08/odisseia.jpg" alt="Logotipo do projeto Odisseia" itemprop="image" height="595" width="900" title="odisseia" onerror="this.style.display='none'">
	<p>ODISSEIA é um projeto de formação e capacitação artísticas promovido pela Artemrede em seis municípios associados – Almada, Barreiro, Moita, Oeiras, Santarém e Sesimbra – e que tem como participantes diretos jovens entre os 16 e os 25 anos residentes nestes territórios.</p>
<p>ODISSEIA é um projeto a três anos – 2016 a 2018 – constituído por três componentes artísticas – Teatro / Dramaturgia, Artes de Rua e Cinema / Música -, cada uma das quais orientada por uma equipa artística distinta. Cada uma destas componentes desdobra-se em duas fases: formação certificada e a criação de um objeto artístico nas áreas identificadas.</p>
<p>Os artistas responsáveis pelas diferentes componentes do projeto são o ator e encenador Rui Catalão, a companhia de artes de rua Radar 360 e o realizador e músico António-Pedro. Deste projeto resultarão três objetos artísticos: o espetáculo de teatro&nbsp;<em>E Agora Nós!</em>, o espetáculo de artes de rua&nbsp;<em>Histórias em Viagem</em>&nbsp;e o filme-concerto&nbsp;<em>Curtas-Migratórias</em>.</p>
<p>Para a concretização deste projeto a Artemrede conta com a parceria da cooperativa de solidariedade social RUMO no acompanhamento social e na avaliação, assim como com uma rede alargada de parceiros locais, com trabalho desenvolvido na área social e/ou cultural, em cada um dos municípios envolvidos.</p>
<p>ODISSEIA é cofinanciado pela Fundação Calouste Gulbenkian, no âmbito da 2ª edição do programa PARTIS.</p>

<div class="entry-summary">
<div class="entry-summary">
ODISSEIA foi um projeto de formação e capacitação artísticas promovido pela Artemrede ao abrigo do programa PARTIS Gulbenkian.
</div>
</div>

ODISSEIA foi um projeto de formação e capacitação artísticas promovido pela Artemrede ao abrigo do programa PARTIS Gulbenkian.
