{"id":1735,"date":"2020-08-02T17:12:03","date_gmt":"2020-08-02T17:12:03","guid":{"rendered":"https:\/\/www.artemrede.pt\/?post_type=wm_projects&#038;p=1735"},"modified":"2021-03-17T10:17:40","modified_gmt":"2021-03-17T10:17:40","slug":"santarem-2","status":"publish","type":"wm_projects","link":"https:\/\/www.artemrede.pt\/pt_pt\/project\/santarem-2\/","title":{"rendered":"Santar\u00e9m"},"content":{"rendered":"\n\n\t\t\t\t<img decoding=\"async\" src=\"https:\/\/www.artemrede.pt\/wp-content\/uploads\/2020\/08\/santarem.png\" alt=\"mural de arte urbana\" itemprop=\"image\" title=\"santarem\" onerror=\"this.style.display='none'\"  \/>\n\t<h1>Santar\u00e9m<\/h1>\n<div class=\"wm-content-module wm-posts-wrap clearfix wm-content-module-singular\"><div class=\"wm-content-module-item wm-content-module-item-1713\"><div class=\"wm-content-module-element wm-html-element title\"><h2>Santar\u00e9m no Mapa<\/h2><\/div><div class=\"wm-content-module-element wm-html-element content\"><p><div class=\"leaflet-map WPLeafletMap\" style=\"height:250px; width:100%;\"><\/div><script>\nwindow.WPLeafletMapPlugin = window.WPLeafletMapPlugin || [];\nwindow.WPLeafletMapPlugin.push(function WPLeafletMapShortcode() {\/*<script>*\/\nvar baseUrl = atob('aHR0cHM6Ly97c30udGlsZS5vcGVuc3RyZWV0bWFwLm9yZy97en0ve3h9L3t5fS5wbmc=');\nvar base = (!baseUrl && window.MQ) ? \n    window.MQ.mapLayer() : L.tileLayer(baseUrl, \n        L.Util.extend({}, {\n            detectRetina: 0,\n        }, \n        {\"subdomains\":\"abc\",\"noWrap\":false}        )\n    );\n    var options = L.Util.extend({}, {\n        layers: [base],\n        attributionControl: false\n    }, \n    {\"zoomControl\":false,\"scrollWheelZoom\":false,\"doubleClickZoom\":false,\"fitBounds\":false,\"minZoom\":0,\"maxZoom\":20,\"maxBounds\":null,\"attribution\":\"<a href=\\\"http:\\\/\\\/leafletjs.com\\\" title=\\\"A JS library for interactive maps\\\">Leaflet<\\\/a>; \\\\r\\\\n\\u00a9 <a href=\\\"http:\\\/\\\/www.openstreetmap.org\\\/copyright\\\">OpenStreetMap<\\\/a> contributors\"}, \n    {});\nwindow.WPLeafletMapPlugin.createMap(options).setView([39.2849,-8.7041],12);});<\/script><\/p>\n<p><script>\nwindow.WPLeafletMapPlugin = window.WPLeafletMapPlugin || [];\nwindow.WPLeafletMapPlugin.push(function WPLeafletMarkerShortcode() {\/*<script>*\/\nvar map = window.WPLeafletMapPlugin.getCurrentMap();\nvar group = window.WPLeafletMapPlugin.getCurrentGroup();\nvar marker_options = window.WPLeafletMapPlugin.getIconOptions({});\nvar marker = L.marker(\n    [0,0], \n    marker_options\n);\nvar is_image = map.is_image_map;\n    marker.setLatLng( map.getCenter() );\nif (marker_options.draggable) {\n    marker.on('dragend', function () {\n        var latlng = this.getLatLng();\n        var lat = latlng.lat;\n        var lng = latlng.lng;\n        if (is_image) {\n            console.log('leaflet-marker y=' + lat + ' x=' + lng);\n        } else {\n            console.log('leaflet-marker lat=' + lat + ' lng=' + lng);\n        }\n    });\n}\nmarker.addTo( group );\nmarker.bindPopup(window.WPLeafletMapPlugin.unescape(' Santar\u00e9m '));window.WPLeafletMapPlugin.markers.push( marker );\n        });<\/script><\/p>\n<p>&nbsp;<\/p>\n<p>&nbsp;<\/p>\n<\/div><\/div><\/div>\n\t<h3>TERRIT\u00d3RIO E COMUNIDADE<\/h3>\n<p>Banhada pelo rio Tejo, Santar\u00e9m, capital do Ribatejo e Scalabis para os romanos do antigo Imp\u00e9rio, esteve sempre presente nos principais momentos da hist\u00f3ria de Portugal: desde a entrada de D. Afonso Henriques na cidade em 15 de mar\u00e7o de 1147, at\u00e9 \u00e0 partida, em dire\u00e7\u00e3o a Lisboa, dos tanques comandados pelo Capit\u00e3o Salgueiro Maia, na madrugada de 25 de abril de 1974, que em poucas horas conquistaram um pa\u00eds livre e democr\u00e1tico.<\/p>\n<p>Os primeiros vest\u00edgios documentados da ocupa\u00e7\u00e3o humana em Santar\u00e9m remontam a 900 A.C. Das principais atra\u00e7\u00f5es deste munic\u00edpio destacam-se as ruas e ruelas calcetadas e recortadas por desenhos medievais e templos constru\u00eddos entre os s\u00e9culos XIII e XV, que lhe conferem o ep\u00edteto de &#8220;Capital do G\u00f3tico&#8221; portugu\u00eas e o Jardim Portas do Sol, com o seu novo Centro de Interpreta\u00e7\u00e3o &#8220;Urbi Scallabis&#8221;.<\/p>\n\t<h3>PROJETOS ARTEMREDE ATUAIS<\/h3>\n<p>&nbsp;<\/p>\n<ul>\n<li>Festival Manobras<\/li>\n<li>Stronger Peripheries<\/li>\n<\/ul>\n\n","protected":false},"excerpt":{"rendered":"<div class=\"entry-summary\">\n<div class=\"entry-summary\">\n&nbsp; &nbsp;\n<\/div>\n<\/div>\n","protected":false},"author":2,"featured_media":1736,"template":"","meta":{"om_disable_all_campaigns":false,"_monsterinsights_skip_tracking":false,"_monsterinsights_sitenote_active":false,"_monsterinsights_sitenote_note":"","_monsterinsights_sitenote_category":0},"project_category":[67],"project_tag":[],"class_list":["post-1735","wm_projects","type-wm_projects","status-publish","has-post-thumbnail","hentry","project_category-territorio","entry"],"aioseo_notices":[],"uagb_featured_image_src":{"full":["https:\/\/www.artemrede.pt\/wp-content\/uploads\/2020\/08\/santarem-e1596407826493.png",775,436,false],"thumbnail":["https:\/\/www.artemrede.pt\/wp-content\/uploads\/2020\/08\/santarem-e1596407826493-480x270.png",480,270,true],"medium":["https:\/\/www.artemrede.pt\/wp-content\/uploads\/2020\/08\/santarem-e1596407826493-744x419.png",744,419,true],"medium_large":["https:\/\/www.artemrede.pt\/wp-content\/uploads\/2020\/08\/santarem-e1596407826493.png",775,436,false],"large":["https:\/\/www.artemrede.pt\/wp-content\/uploads\/2020\/08\/santarem-e1596407826493.png",775,436,false],"1536x1536":["https:\/\/www.artemrede.pt\/wp-content\/uploads\/2020\/08\/santarem-e1596407826493.png",775,436,false],"2048x2048":["https:\/\/www.artemrede.pt\/wp-content\/uploads\/2020\/08\/santarem-e1596407826493.png",775,436,false],"trp-custom-language-flag":["https:\/\/www.artemrede.pt\/wp-content\/uploads\/2020\/08\/santarem-e1596407826493.png",18,10,false],"icelander-thumbnail":["https:\/\/www.artemrede.pt\/wp-content\/uploads\/2020\/08\/santarem-e1596407826493-744x372.png",744,372,true],"icelander-square":["https:\/\/www.artemrede.pt\/wp-content\/uploads\/2020\/08\/santarem-e1596407826493-448x436.png",448,436,true],"icelander-intro":["https:\/\/www.artemrede.pt\/wp-content\/uploads\/2020\/08\/santarem-e1596407826493.png",775,436,false]},"uagb_author_info":{"display_name":"Bruno Castro","author_link":"https:\/\/www.artemrede.pt\/pt_pt\/author\/artred_bruno\/"},"uagb_comment_info":0,"uagb_excerpt":"Santar\u00e9m TERRIT\u00d3RIO E COMUNIDADE Banhada pelo rio Tejo, Santar\u00e9m, capital do Ribatejo e Scalabis para os romanos do antigo Imp\u00e9rio, esteve sempre presente nos principais momentos da hist\u00f3ria de Portugal: desde a entrada de D. Afonso Henriques na cidade em&hellip;","_links":{"self":[{"href":"https:\/\/www.artemrede.pt\/pt_pt\/wp-json\/wp\/v2\/wm_projects\/1735","targetHints":{"allow":["GET"]}}],"collection":[{"href":"https:\/\/www.artemrede.pt\/pt_pt\/wp-json\/wp\/v2\/wm_projects"}],"about":[{"href":"https:\/\/www.artemrede.pt\/pt_pt\/wp-json\/wp\/v2\/types\/wm_projects"}],"author":[{"embeddable":true,"href":"https:\/\/www.artemrede.pt\/pt_pt\/wp-json\/wp\/v2\/users\/2"}],"wp:featuredmedia":[{"embeddable":true,"href":"https:\/\/www.artemrede.pt\/pt_pt\/wp-json\/wp\/v2\/media\/1736"}],"wp:attachment":[{"href":"https:\/\/www.artemrede.pt\/pt_pt\/wp-json\/wp\/v2\/media?parent=1735"}],"wp:term":[{"taxonomy":"project_category","embeddable":true,"href":"https:\/\/www.artemrede.pt\/pt_pt\/wp-json\/wp\/v2\/project_category?post=1735"},{"taxonomy":"project_tag","embeddable":true,"href":"https:\/\/www.artemrede.pt\/pt_pt\/wp-json\/wp\/v2\/project_tag?post=1735"}],"curies":[{"name":"wp","href":"https:\/\/api.w.org\/{rel}","templated":true}]}}

Santarém

<img decoding="async" src="https://www.artemrede.pt/wp-content/uploads/2020/08/santarem.png" alt="mural de arte urbana" itemprop="image" title="santarem" onerror="this.style.display='none'"  />
	<h1>Santarém</h1>
<div class="wm-content-module wm-posts-wrap clearfix wm-content-module-singular"><div class="wm-content-module-item wm-content-module-item-1713"><div class="wm-content-module-element wm-html-element title"><h2>Santarém no Mapa</h2></div><div class="wm-content-module-element wm-html-element content"><p><div class="leaflet-map WPLeafletMap" style="height:250px; width:100%;"></div><script>
window.WPLeafletMapPlugin = window.WPLeafletMapPlugin || [];
window.WPLeafletMapPlugin.push(function WPLeafletMapShortcode() {/*<script>*/
var baseUrl = atob('aHR0cHM6Ly97c30udGlsZS5vcGVuc3RyZWV0bWFwLm9yZy97en0ve3h9L3t5fS5wbmc=');
var base = (!baseUrl && window.MQ) ? 
    window.MQ.mapLayer() : L.tileLayer(baseUrl, 
        L.Util.extend({}, {
            detectRetina: 0,
        }, 
        {"subdomains":"abc","noWrap":false}        )
    );
    var options = L.Util.extend({}, {
        layers: [base],
        attributionControl: false
    }, 
    {"zoomControl":false,"scrollWheelZoom":false,"doubleClickZoom":false,"fitBounds":false,"minZoom":0,"maxZoom":20,"maxBounds":null,"attribution":"<a href=\"http:\/\/leafletjs.com\" title=\"A JS library for interactive maps\">Leaflet<\/a>; \\r\\n\u00a9 <a href=\"http:\/\/www.openstreetmap.org\/copyright\">OpenStreetMap<\/a> contributors"}, 
    {});
window.WPLeafletMapPlugin.createMap(options).setView([39.2849,-8.7041],12);});</script></p>
<p><script>
window.WPLeafletMapPlugin = window.WPLeafletMapPlugin || [];
window.WPLeafletMapPlugin.push(function WPLeafletMarkerShortcode() {/*<script>*/
var map = window.WPLeafletMapPlugin.getCurrentMap();
var group = window.WPLeafletMapPlugin.getCurrentGroup();
var marker_options = window.WPLeafletMapPlugin.getIconOptions({});
var marker = L.marker(
    [0,0], 
    marker_options
);
var is_image = map.is_image_map;
    marker.setLatLng( map.getCenter() );
if (marker_options.draggable) {
    marker.on('dragend', function () {
        var latlng = this.getLatLng();
        var lat = latlng.lat;
        var lng = latlng.lng;
        if (is_image) {
            console.log('leaflet-marker y=' + lat + ' x=' + lng);
        } else {
            console.log('leaflet-marker lat=' + lat + ' lng=' + lng);
        }
    });
}
marker.addTo( group );
marker.bindPopup(window.WPLeafletMapPlugin.unescape(' Santarém '));window.WPLeafletMapPlugin.markers.push( marker );
        });</script></p>
<p>&nbsp;</p>
<p>&nbsp;</p>
</div></div></div>
	<h3>TERRITÓRIO E COMUNIDADE</h3>
<p>Banhada pelo rio Tejo, Santarém, capital do Ribatejo e Scalabis para os romanos do antigo Império, esteve sempre presente nos principais momentos da história de Portugal: desde a entrada de D. Afonso Henriques na cidade em 15 de março de 1147, até à partida, em direção a Lisboa, dos tanques comandados pelo Capitão Salgueiro Maia, na madrugada de 25 de abril de 1974, que em poucas horas conquistaram um país livre e democrático.</p>
<p>Os primeiros vestígios documentados da ocupação humana em Santarém remontam a 900 A.C. Das principais atrações deste município destacam-se as ruas e ruelas calcetadas e recortadas por desenhos medievais e templos construídos entre os séculos XIII e XV, que lhe conferem o epíteto de &#8220;Capital do Gótico&#8221; português e o Jardim Portas do Sol, com o seu novo Centro de Interpretação &#8220;Urbi Scallabis&#8221;.</p>
	<h3>PROJETOS ARTEMREDE ATUAIS</h3>
<p>&nbsp;</p>
<ul>
<li>Festival Manobras</li>
<li>Stronger Peripheries</li>
</ul>

Santarém TERRITÓRIO E COMUNIDADE Banhada pelo rio Tejo, Santarém, capital do Ribatejo e Scalabis para os romanos do antigo Império, esteve sempre presente nos principais momentos da história de Portugal: desde a entrada de D. Afonso Henriques na cidade em&hellip;
