{"id":1733,"date":"2020-08-02T17:07:45","date_gmt":"2020-08-02T17:07:45","guid":{"rendered":"https:\/\/www.artemrede.pt\/?post_type=wm_projects&#038;p=1733"},"modified":"2021-03-17T10:16:24","modified_gmt":"2021-03-17T10:16:24","slug":"pombal-2","status":"publish","type":"wm_projects","link":"https:\/\/www.artemrede.pt\/pt_pt\/project\/pombal-2\/","title":{"rendered":"Pombal"},"content":{"rendered":"\n\n\t\t\t\t<img decoding=\"async\" src=\"https:\/\/www.artemrede.pt\/wp-content\/uploads\/2020\/08\/Pombal1.jpg\" alt=\"Exposi\u00e7\u00e3o de bonecos na rua\" itemprop=\"image\" title=\"Pombal1\" onerror=\"this.style.display='none'\"  \/>\n\t<h1>Pombal<\/h1>\n<div class=\"wm-content-module wm-posts-wrap clearfix wm-content-module-singular\"><div class=\"wm-content-module-item wm-content-module-item-1712\"><div class=\"wm-content-module-element wm-html-element title\"><h2>Pombal no Mapa<\/h2><\/div><div class=\"wm-content-module-element wm-html-element content\"><p><div class=\"leaflet-map WPLeafletMap\" style=\"height:250px; width:100%;\"><\/div><script>\nwindow.WPLeafletMapPlugin = window.WPLeafletMapPlugin || [];\nwindow.WPLeafletMapPlugin.push(function WPLeafletMapShortcode() {\/*<script>*\/\nvar baseUrl = atob('aHR0cHM6Ly97c30udGlsZS5vcGVuc3RyZWV0bWFwLm9yZy97en0ve3h9L3t5fS5wbmc=');\nvar base = (!baseUrl && window.MQ) ? \n    window.MQ.mapLayer() : L.tileLayer(baseUrl, \n        L.Util.extend({}, {\n            detectRetina: 0,\n        }, \n        {\"subdomains\":\"abc\",\"noWrap\":false}        )\n    );\n    var options = L.Util.extend({}, {\n        layers: [base],\n        attributionControl: false\n    }, \n    {\"zoomControl\":false,\"scrollWheelZoom\":false,\"doubleClickZoom\":false,\"fitBounds\":false,\"minZoom\":0,\"maxZoom\":20,\"maxBounds\":null,\"attribution\":\"<a href=\\\"http:\\\/\\\/leafletjs.com\\\" title=\\\"A JS library for interactive maps\\\">Leaflet<\\\/a>; \\\\r\\\\n\\u00a9 <a href=\\\"http:\\\/\\\/www.openstreetmap.org\\\/copyright\\\">OpenStreetMap<\\\/a> contributors\"}, \n    {});\nwindow.WPLeafletMapPlugin.createMap(options).setView([39.9168,-8.6321],12);});<\/script><\/p>\n<p><script>\nwindow.WPLeafletMapPlugin = window.WPLeafletMapPlugin || [];\nwindow.WPLeafletMapPlugin.push(function WPLeafletMarkerShortcode() {\/*<script>*\/\nvar map = window.WPLeafletMapPlugin.getCurrentMap();\nvar group = window.WPLeafletMapPlugin.getCurrentGroup();\nvar marker_options = window.WPLeafletMapPlugin.getIconOptions({});\nvar marker = L.marker(\n    [0,0], \n    marker_options\n);\nvar is_image = map.is_image_map;\n    marker.setLatLng( map.getCenter() );\nif (marker_options.draggable) {\n    marker.on('dragend', function () {\n        var latlng = this.getLatLng();\n        var lat = latlng.lat;\n        var lng = latlng.lng;\n        if (is_image) {\n            console.log('leaflet-marker y=' + lat + ' x=' + lng);\n        } else {\n            console.log('leaflet-marker lat=' + lat + ' lng=' + lng);\n        }\n    });\n}\nmarker.addTo( group );\nmarker.bindPopup(window.WPLeafletMapPlugin.unescape(' Pombal '));window.WPLeafletMapPlugin.markers.push( marker );\n        });<\/script><\/p>\n<p>&nbsp;<\/p>\n<p>&nbsp;<\/p>\n<\/div><\/div><\/div>\n\t<h3>TERRIT\u00d3RIO E COMUNIDADE<\/h3>\n<p>O Concelho de Pombal est\u00e1 localizado no centro litoral portugu\u00eas, com uma \u00e1rea geogr\u00e1fica de 626.23 Km2 e cerca de 55.200 habitantes. \u00c9 constitu\u00eddo por 13 freguesias: Abiul, Almagreira, Carnide, Carri\u00e7o, Louri\u00e7al, Meirinhas, pelariga, Pombal, Redinha, Vermoil e Vila C\u00e3 e pelas Uni\u00f5es de Freguesia de Guia, Ilha e Mata Mourisca, e ainda a de Santiago e S\u00e3o Sim\u00e3o de Lit\u00e9m e Albergaria dos Doze.<\/p>\n<p>\u00c9 cruzado pelos principais acessos ferrovi\u00e1rios (Linha do Norte) e rodovi\u00e1rios (A1, A17, IC8 e IC2), estando confrontado com os concelhos de Ansi\u00e3o, Alvai\u00e1zere, Our\u00e9m, Leiria, Soure e Figueira da Foz, estendendo-se a Oeste at\u00e9 ao Oceano Atl\u00e2ntico (Praia do Osso da Baleia).<\/p>\n<p>Elevada a cidade em 1991, \u00e9 terra de hist\u00f3ria, de lendas e de gente ilustre. Do grande Marqu\u00eas de Pombal, do historiador e escritor Jo\u00e3o de Barros, do pol\u00edtico Mota Pinto, da poetisa Martel Patr\u00edcio, do m\u00e9dico e escritor Amadeu da Cunha, entre tantos outros.<\/p>\n<p>Pombal, com cerca de 11 mil habitantes, foi fundada por Gualdim Pais &#8211; Gr\u00e3o Mestre da Ordem dos Templ\u00e1rios, que mandou construir o seu Castelo, dando-lhe foral em 1174.<\/p>\n\t<h3>PROJETOS ARTEMREDE ATUAIS<\/h3>\n<p>&nbsp;<\/p>\n<ul>\n<li>Festival Manobras<\/li>\n<li>Vision\u00e1rios<\/li>\n<li>Stronger Peripheries<\/li>\n<\/ul>\n\n","protected":false},"excerpt":{"rendered":"<div class=\"entry-summary\">\n<div class=\"entry-summary\">\n&nbsp; &nbsp;\n<\/div>\n<\/div>\n","protected":false},"author":2,"featured_media":1734,"template":"","meta":{"om_disable_all_campaigns":false,"_monsterinsights_skip_tracking":false,"_monsterinsights_sitenote_active":false,"_monsterinsights_sitenote_note":"","_monsterinsights_sitenote_category":0},"project_category":[67],"project_tag":[],"class_list":["post-1733","wm_projects","type-wm_projects","status-publish","has-post-thumbnail","hentry","project_category-territorio","entry"],"aioseo_notices":[],"uagb_featured_image_src":{"full":["https:\/\/www.artemrede.pt\/wp-content\/uploads\/2020\/08\/Pombal1-e1596407856316.jpg",1200,676,false],"thumbnail":["https:\/\/www.artemrede.pt\/wp-content\/uploads\/2020\/08\/Pombal1-e1596407856316-480x270.jpg",480,270,true],"medium":["https:\/\/www.artemrede.pt\/wp-content\/uploads\/2020\/08\/Pombal1-e1596407856316-744x419.jpg",744,419,true],"medium_large":["https:\/\/www.artemrede.pt\/wp-content\/uploads\/2020\/08\/Pombal1-e1596407856316.jpg",1200,676,false],"large":["https:\/\/www.artemrede.pt\/wp-content\/uploads\/2020\/08\/Pombal1-e1596407856316.jpg",1200,676,false],"1536x1536":["https:\/\/www.artemrede.pt\/wp-content\/uploads\/2020\/08\/Pombal1-1152x1536.jpg",1152,1536,true],"2048x2048":["https:\/\/www.artemrede.pt\/wp-content\/uploads\/2020\/08\/Pombal1-e1596407856316.jpg",1200,676,false],"trp-custom-language-flag":["https:\/\/www.artemrede.pt\/wp-content\/uploads\/2020\/08\/Pombal1-e1596407856316.jpg",18,10,false],"icelander-thumbnail":["https:\/\/www.artemrede.pt\/wp-content\/uploads\/2020\/08\/Pombal1-e1596407856316-744x372.jpg",744,372,true],"icelander-square":["https:\/\/www.artemrede.pt\/wp-content\/uploads\/2020\/08\/Pombal1-e1596407856316-448x448.jpg",448,448,true],"icelander-intro":["https:\/\/www.artemrede.pt\/wp-content\/uploads\/2020\/08\/Pombal1-1200x1080.jpg",1200,1080,true]},"uagb_author_info":{"display_name":"Bruno Castro","author_link":"https:\/\/www.artemrede.pt\/pt_pt\/author\/artred_bruno\/"},"uagb_comment_info":0,"uagb_excerpt":"Pombal TERRIT\u00d3RIO E COMUNIDADE O Concelho de Pombal est\u00e1 localizado no centro litoral portugu\u00eas, com uma \u00e1rea geogr\u00e1fica de 626.23 Km2 e cerca de 55.200 habitantes. \u00c9 constitu\u00eddo por 13 freguesias: Abiul, Almagreira, Carnide, Carri\u00e7o, Louri\u00e7al, Meirinhas, pelariga, Pombal, Redinha,&hellip;","_links":{"self":[{"href":"https:\/\/www.artemrede.pt\/pt_pt\/wp-json\/wp\/v2\/wm_projects\/1733","targetHints":{"allow":["GET"]}}],"collection":[{"href":"https:\/\/www.artemrede.pt\/pt_pt\/wp-json\/wp\/v2\/wm_projects"}],"about":[{"href":"https:\/\/www.artemrede.pt\/pt_pt\/wp-json\/wp\/v2\/types\/wm_projects"}],"author":[{"embeddable":true,"href":"https:\/\/www.artemrede.pt\/pt_pt\/wp-json\/wp\/v2\/users\/2"}],"wp:featuredmedia":[{"embeddable":true,"href":"https:\/\/www.artemrede.pt\/pt_pt\/wp-json\/wp\/v2\/media\/1734"}],"wp:attachment":[{"href":"https:\/\/www.artemrede.pt\/pt_pt\/wp-json\/wp\/v2\/media?parent=1733"}],"wp:term":[{"taxonomy":"project_category","embeddable":true,"href":"https:\/\/www.artemrede.pt\/pt_pt\/wp-json\/wp\/v2\/project_category?post=1733"},{"taxonomy":"project_tag","embeddable":true,"href":"https:\/\/www.artemrede.pt\/pt_pt\/wp-json\/wp\/v2\/project_tag?post=1733"}],"curies":[{"name":"wp","href":"https:\/\/api.w.org\/{rel}","templated":true}]}}

<img decoding="async" src="https://www.artemrede.pt/wp-content/uploads/2020/08/Pombal1.jpg" alt="Exposição de bonecos na rua" itemprop="image" title="Pombal1" onerror="this.style.display='none'"  />
	<h1>Pombal</h1>
<div class="wm-content-module wm-posts-wrap clearfix wm-content-module-singular"><div class="wm-content-module-item wm-content-module-item-1712"><div class="wm-content-module-element wm-html-element title"><h2>Pombal no Mapa</h2></div><div class="wm-content-module-element wm-html-element content"><p><div class="leaflet-map WPLeafletMap" style="height:250px; width:100%;"></div><script>
window.WPLeafletMapPlugin = window.WPLeafletMapPlugin || [];
window.WPLeafletMapPlugin.push(function WPLeafletMapShortcode() {/*<script>*/
var baseUrl = atob('aHR0cHM6Ly97c30udGlsZS5vcGVuc3RyZWV0bWFwLm9yZy97en0ve3h9L3t5fS5wbmc=');
var base = (!baseUrl && window.MQ) ? 
    window.MQ.mapLayer() : L.tileLayer(baseUrl, 
        L.Util.extend({}, {
            detectRetina: 0,
        }, 
        {"subdomains":"abc","noWrap":false}        )
    );
    var options = L.Util.extend({}, {
        layers: [base],
        attributionControl: false
    }, 
    {"zoomControl":false,"scrollWheelZoom":false,"doubleClickZoom":false,"fitBounds":false,"minZoom":0,"maxZoom":20,"maxBounds":null,"attribution":"<a href=\"http:\/\/leafletjs.com\" title=\"A JS library for interactive maps\">Leaflet<\/a>; \\r\\n\u00a9 <a href=\"http:\/\/www.openstreetmap.org\/copyright\">OpenStreetMap<\/a> contributors"}, 
    {});
window.WPLeafletMapPlugin.createMap(options).setView([39.9168,-8.6321],12);});</script></p>
<p><script>
window.WPLeafletMapPlugin = window.WPLeafletMapPlugin || [];
window.WPLeafletMapPlugin.push(function WPLeafletMarkerShortcode() {/*<script>*/
var map = window.WPLeafletMapPlugin.getCurrentMap();
var group = window.WPLeafletMapPlugin.getCurrentGroup();
var marker_options = window.WPLeafletMapPlugin.getIconOptions({});
var marker = L.marker(
    [0,0], 
    marker_options
);
var is_image = map.is_image_map;
    marker.setLatLng( map.getCenter() );
if (marker_options.draggable) {
    marker.on('dragend', function () {
        var latlng = this.getLatLng();
        var lat = latlng.lat;
        var lng = latlng.lng;
        if (is_image) {
            console.log('leaflet-marker y=' + lat + ' x=' + lng);
        } else {
            console.log('leaflet-marker lat=' + lat + ' lng=' + lng);
        }
    });
}
marker.addTo( group );
marker.bindPopup(window.WPLeafletMapPlugin.unescape(' Pombal '));window.WPLeafletMapPlugin.markers.push( marker );
        });</script></p>
<p>&nbsp;</p>
<p>&nbsp;</p>
</div></div></div>
	<h3>TERRITÓRIO E COMUNIDADE</h3>
<p>O Concelho de Pombal está localizado no centro litoral português, com uma área geográfica de 626.23 Km2 e cerca de 55.200 habitantes. É constituído por 13 freguesias: Abiul, Almagreira, Carnide, Carriço, Louriçal, Meirinhas, pelariga, Pombal, Redinha, Vermoil e Vila Cã e pelas Uniões de Freguesia de Guia, Ilha e Mata Mourisca, e ainda a de Santiago e São Simão de Litém e Albergaria dos Doze.</p>
<p>É cruzado pelos principais acessos ferroviários (Linha do Norte) e rodoviários (A1, A17, IC8 e IC2), estando confrontado com os concelhos de Ansião, Alvaiázere, Ourém, Leiria, Soure e Figueira da Foz, estendendo-se a Oeste até ao Oceano Atlântico (Praia do Osso da Baleia).</p>
<p>Elevada a cidade em 1991, é terra de história, de lendas e de gente ilustre. Do grande Marquês de Pombal, do historiador e escritor João de Barros, do político Mota Pinto, da poetisa Martel Patrício, do médico e escritor Amadeu da Cunha, entre tantos outros.</p>
<p>Pombal, com cerca de 11 mil habitantes, foi fundada por Gualdim Pais &#8211; Grão Mestre da Ordem dos Templários, que mandou construir o seu Castelo, dando-lhe foral em 1174.</p>
	<h3>PROJETOS ARTEMREDE ATUAIS</h3>
<p>&nbsp;</p>
<ul>
<li>Festival Manobras</li>
<li>Visionários</li>
<li>Stronger Peripheries</li>
</ul>

Pombal TERRITÓRIO E COMUNIDADE O Concelho de Pombal está localizado no centro litoral português, com uma área geográfica de 626.23 Km2 e cerca de 55.200 habitantes. É constituído por 13 freguesias: Abiul, Almagreira, Carnide, Carriço, Louriçal, Meirinhas, pelariga, Pombal, Redinha,&hellip;
