{"id":1245,"date":"2020-03-01T23:43:22","date_gmt":"2020-03-01T23:43:22","guid":{"rendered":"https:\/\/www.artemrede.pt\/?post_type=wm_projects&#038;p=1245"},"modified":"2023-06-16T09:02:03","modified_gmt":"2023-06-16T09:02:03","slug":"reshape","status":"publish","type":"wm_projects","link":"https:\/\/www.artemrede.pt\/pt_pt\/project\/reshape\/","title":{"rendered":"ReShape"},"content":{"rendered":"\n\n\t<h2><strong>RESHAPE<br \/>\n<\/strong>Reflect, Share, Practice, Experiment<\/h2>\n<p>RESHAPE &#8211; Reflect, Share, Practice, Experiment \u00e9 um projeto de investiga\u00e7\u00e3o e desenvolvimento para profissionais que pretendam reinventar modelos organizacionais para o setor art\u00edstico. Prop\u00f5e a participa\u00e7\u00e3o de agentes culturais da regi\u00e3o euro-mediterr\u00e2nica num processo aberto, inclusivo e experimental que visa refor\u00e7ar pr\u00e1ticas inovadores que possam beneficiar o setor cultural e transformar o ecossistema art\u00edstico no seu todo.<\/p>\n<p>As profundas transforma\u00e7\u00f5es pol\u00edticas, econ\u00f3micas, tecnol\u00f3gicas e ecol\u00f3gicas das sociedades atuais est\u00e3o a influenciar o modo como as artes s\u00e3o criadas, apresentadas e consumidas. Por um lado, os desequil\u00edbrios j\u00e1 existentes na mobilidade de artistas e de obras tornam-se mais evidentes. Por outro, o mercado n\u00e3o consegue garantir que est\u00e9ticas e discursos diversos cheguem aos v\u00e1rios p\u00fablicos de toda a Europa. O setor cultural tende a funcionar num \u00e2mbito organizacional que ainda n\u00e3o integrou estas transforma\u00e7\u00f5es enquanto que os artistas, esses, tendem a esbater fronteiras entre pa\u00edses, disciplinas e setores.<\/p>\n<p>Neste contexto, como continuar a apoiar o setor art\u00edstico? Os parceiros do RESHAPE acreditam que os profissionais das artes s\u00e3o\u00a0<em>experts<\/em>\u00a0em inova\u00e7\u00e3o e, como tal, det\u00eam a chave dos futuros modelos do setor. V\u00e1rios projetos e estruturas inovadoras est\u00e3o a emergir em todo o continente; experimentam novas estrat\u00e9gias para envolver p\u00fablicos diversos e para estabelecer liga\u00e7\u00f5es transversais entre setores. Estas iniciativas, ainda que por vezes fr\u00e1geis e desconectadas, s\u00e3o indicadores de poss\u00edveis desenvolvimentos e futuros modelos. RESHAPE pretende ter acesso a essas estruturas inovadoras, auferir-lhes tempo e espa\u00e7o para trabalharem em conjunto num contexto transnacional, onde poder\u00e3o imaginar novos modelos de organiza\u00e7\u00e3o das artes performativas no futuro.<\/p>\n<strong><br \/>\nRESHAPE &#8211; temas\u2028\u2028<\/strong>\n<p>Os profissionais avan\u00e7ar\u00e3o com propostas concretas e sustent\u00e1veis para cinco quest\u00f5es:<\/p>\n\n\n\n\n\n\n&#8211; Lan\u00e7amento de\u00a0<strong>convocat\u00f3rias<\/strong>\u00a0para identificar iniciativas que experimentam novos modelos;<br \/>\n&#8211; a organiza\u00e7\u00e3o de um\u00a0<strong>F\u00f3rum<\/strong>\u00a0onde os profissionais se encontram, debatem e refletem sobre pr\u00e1ticas alternativas;<br \/>\n&#8211; a cria\u00e7\u00e3o de cinco\u00a0<strong>trajet\u00f3rias tem\u00e1ticas<\/strong>\u00a0sobre as cinco quest\u00f5es mencionadas acima, nas quais, atrav\u00e9s de workshops e trabalho \u00e0 dist\u00e2ncia, 50 profissionais sugerem, em conjunto, novos modelos, estrat\u00e9gias e ferramentas;<br \/>\n&#8211; a prepara\u00e7\u00e3o de duas\u00a0<strong>reuni\u00f5es intensivas<\/strong>\u00a0para compara\u00e7\u00e3o e debate sobre pr\u00e1ticas inovadoras;<br \/>\n&#8211; a organiza\u00e7\u00e3o de uma confer\u00eancia para a partilha de resultados e abertura de todo os processo \u00e0 comunidade cultural e art\u00edstica;<br \/>\n&#8211; a produ\u00e7\u00e3o de Documenta\u00e7\u00e3o e a dissemina\u00e7\u00e3o dos resultados.\n<p>RESHAPE acontece na \u00e1rea Euro-mediterr\u00e2nica\u00a0<strong>entre<\/strong>\u00a0<strong>setembro de 2018 e mar\u00e7o de 2021<\/strong>. Re\u00fane<strong>\u00a013 parceiros europeus<\/strong>\u00a0&#8211; ACT Association (BG), Alt Art (RO), Artemrede (PT), Arts and Theatre Institute (CZ), British Council (UK), Bunker\/Balkan Express (SI), East European Performing Arts Platform (PL), Flanders Arts Institute (BE), Goethe Institute (DE), Onassis Foundation (GR), Onda &#8211; Office national de diffusion artistique (FR), Pogon Centre for Independent Culture and Youth (HR), Pro Helvetia (CH) &#8211; e conta ainda com<strong>\u00a0seis parceiros associados<\/strong>: Danish Arts Foundation (DK), Ettijahat (LB), EUNIC (BE), Fonds Podiumkunsten\/Performing Arts Fund (NL), Frame Contemporary Art (FI), Mondriaan Fund (NL).<\/p>\n\t\t\t\t<img loading=\"lazy\" decoding=\"async\" src=\"https:\/\/www.artemrede.pt\/wp-content\/uploads\/2021\/01\/eu_flag_creative_europe_co_funded_pos_rgb_right.jpg\" alt=\"Print\" itemprop=\"image\" height=\"561\" width=\"2234\" title=\"Print\" onerror=\"this.style.display='none'\"  \/>\n\n","protected":false},"excerpt":{"rendered":"<div class=\"entry-summary\">\n<div class=\"entry-summary\">\nRESHAPE \u2013 Reflect, Share, Practice, Experiment \u00e9 um projeto de investiga\u00e7\u00e3o e desenvolvimento para profissionais que pretendam reinventar modelos organizacionais para o setor art\u00edstico.\n<\/div>\n<\/div>\n","protected":false},"author":1,"featured_media":1279,"template":"templates\/project-layout.php","meta":{"om_disable_all_campaigns":false,"_monsterinsights_skip_tracking":false,"_monsterinsights_sitenote_active":false,"_monsterinsights_sitenote_note":"","_monsterinsights_sitenote_category":0},"project_category":[50],"project_tag":[],"class_list":["post-1245","wm_projects","type-wm_projects","status-publish","has-post-thumbnail","hentry","project_category-projetos-concluidos","entry"],"aioseo_notices":[],"uagb_featured_image_src":{"full":["https:\/\/www.artemrede.pt\/wp-content\/uploads\/2020\/03\/reshape_2.jpg",962,768,false],"thumbnail":["https:\/\/www.artemrede.pt\/wp-content\/uploads\/2020\/03\/reshape_2-480x270.jpg",480,270,true],"medium":["https:\/\/www.artemrede.pt\/wp-content\/uploads\/2020\/03\/reshape_2-744x594.jpg",744,594,true],"medium_large":["https:\/\/www.artemrede.pt\/wp-content\/uploads\/2020\/03\/reshape_2.jpg",962,768,false],"large":["https:\/\/www.artemrede.pt\/wp-content\/uploads\/2020\/03\/reshape_2.jpg",962,768,false],"1536x1536":["https:\/\/www.artemrede.pt\/wp-content\/uploads\/2020\/03\/reshape_2.jpg",962,768,false],"2048x2048":["https:\/\/www.artemrede.pt\/wp-content\/uploads\/2020\/03\/reshape_2.jpg",962,768,false],"trp-custom-language-flag":["https:\/\/www.artemrede.pt\/wp-content\/uploads\/2020\/03\/reshape_2.jpg",15,12,false],"icelander-thumbnail":["https:\/\/www.artemrede.pt\/wp-content\/uploads\/2020\/03\/reshape_2-744x372.jpg",744,372,true],"icelander-square":["https:\/\/www.artemrede.pt\/wp-content\/uploads\/2020\/03\/reshape_2-448x448.jpg",448,448,true],"icelander-intro":["https:\/\/www.artemrede.pt\/wp-content\/uploads\/2020\/03\/reshape_2.jpg",962,768,false]},"uagb_author_info":{"display_name":"invisiblepgt","author_link":"https:\/\/www.artemrede.pt\/pt_pt\/author\/invisiblepgt\/"},"uagb_comment_info":0,"uagb_excerpt":"RESHAPE \u2013 Reflect, Share, Practice, Experiment \u00e9 um projeto de investiga\u00e7\u00e3o e desenvolvimento para profissionais que pretendam reinventar modelos organizacionais para o setor art\u00edstico.","_links":{"self":[{"href":"https:\/\/www.artemrede.pt\/pt_pt\/wp-json\/wp\/v2\/wm_projects\/1245","targetHints":{"allow":["GET"]}}],"collection":[{"href":"https:\/\/www.artemrede.pt\/pt_pt\/wp-json\/wp\/v2\/wm_projects"}],"about":[{"href":"https:\/\/www.artemrede.pt\/pt_pt\/wp-json\/wp\/v2\/types\/wm_projects"}],"author":[{"embeddable":true,"href":"https:\/\/www.artemrede.pt\/pt_pt\/wp-json\/wp\/v2\/users\/1"}],"wp:featuredmedia":[{"embeddable":true,"href":"https:\/\/www.artemrede.pt\/pt_pt\/wp-json\/wp\/v2\/media\/1279"}],"wp:attachment":[{"href":"https:\/\/www.artemrede.pt\/pt_pt\/wp-json\/wp\/v2\/media?parent=1245"}],"wp:term":[{"taxonomy":"project_category","embeddable":true,"href":"https:\/\/www.artemrede.pt\/pt_pt\/wp-json\/wp\/v2\/project_category?post=1245"},{"taxonomy":"project_tag","embeddable":true,"href":"https:\/\/www.artemrede.pt\/pt_pt\/wp-json\/wp\/v2\/project_tag?post=1245"}],"curies":[{"name":"wp","href":"https:\/\/api.w.org\/{rel}","templated":true}]}}

<h2><strong>RESHAPE<br />
</strong>Reflect, Share, Practice, Experiment</h2>
<p>RESHAPE &#8211; Reflect, Share, Practice, Experiment é um projeto de investigação e desenvolvimento para profissionais que pretendam reinventar modelos organizacionais para o setor artístico. Propõe a participação de agentes culturais da região euro-mediterrânica num processo aberto, inclusivo e experimental que visa reforçar práticas inovadores que possam beneficiar o setor cultural e transformar o ecossistema artístico no seu todo.</p>
<p>As profundas transformações políticas, económicas, tecnológicas e ecológicas das sociedades atuais estão a influenciar o modo como as artes são criadas, apresentadas e consumidas. Por um lado, os desequilíbrios já existentes na mobilidade de artistas e de obras tornam-se mais evidentes. Por outro, o mercado não consegue garantir que estéticas e discursos diversos cheguem aos vários públicos de toda a Europa. O setor cultural tende a funcionar num âmbito organizacional que ainda não integrou estas transformações enquanto que os artistas, esses, tendem a esbater fronteiras entre países, disciplinas e setores.</p>
<p>Neste contexto, como continuar a apoiar o setor artístico? Os parceiros do RESHAPE acreditam que os profissionais das artes são <em>experts</em> em inovação e, como tal, detêm a chave dos futuros modelos do setor. Vários projetos e estruturas inovadoras estão a emergir em todo o continente; experimentam novas estratégias para envolver públicos diversos e para estabelecer ligações transversais entre setores. Estas iniciativas, ainda que por vezes frágeis e desconectadas, são indicadores de possíveis desenvolvimentos e futuros modelos. RESHAPE pretende ter acesso a essas estruturas inovadoras, auferir-lhes tempo e espaço para trabalharem em conjunto num contexto transnacional, onde poderão imaginar novos modelos de organização das artes performativas no futuro.</p>
<strong><br />
RESHAPE &#8211; temas  </strong>
<p>Os profissionais avançarão com propostas concretas e sustentáveis para cinco questões:</p>






&#8211; Lançamento de <strong>convocatórias</strong> para identificar iniciativas que experimentam novos modelos;<br />
&#8211; a organização de um <strong>Fórum</strong> onde os profissionais se encontram, debatem e refletem sobre práticas alternativas;<br />
&#8211; a criação de cinco <strong>trajetórias temáticas</strong> sobre as cinco questões mencionadas acima, nas quais, através de workshops e trabalho à distância, 50 profissionais sugerem, em conjunto, novos modelos, estratégias e ferramentas;<br />
&#8211; a preparação de duas <strong>reuniões intensivas</strong> para comparação e debate sobre práticas inovadoras;<br />
&#8211; a organização de uma conferência para a partilha de resultados e abertura de todo os processo à comunidade cultural e artística;<br />
&#8211; a produção de Documentação e a disseminação dos resultados.
<p>RESHAPE acontece na área Euro-mediterrânica <strong>entre</strong> <strong>setembro de 2018 e março de 2021</strong>. Reúne<strong> 13 parceiros europeus</strong> &#8211; ACT Association (BG), Alt Art (RO), Artemrede (PT), Arts and Theatre Institute (CZ), British Council (UK), Bunker/Balkan Express (SI), East European Performing Arts Platform (PL), Flanders Arts Institute (BE), Goethe Institute (DE), Onassis Foundation (GR), Onda &#8211; Office national de diffusion artistique (FR), Pogon Centre for Independent Culture and Youth (HR), Pro Helvetia (CH) &#8211; e conta ainda com<strong> seis parceiros associados</strong>: Danish Arts Foundation (DK), Ettijahat (LB), EUNIC (BE), Fonds Podiumkunsten/Performing Arts Fund (NL), Frame Contemporary Art (FI), Mondriaan Fund (NL).</p>
				<img loading="lazy" decoding="async" src="https://www.artemrede.pt/wp-content/uploads/2021/01/eu_flag_creative_europe_co_funded_pos_rgb_right.jpg" alt="Print" itemprop="image" height="561" width="2234" title="Print" onerror="this.style.display='none'"  />

<div class="entry-summary">
<div class="entry-summary">
RESHAPE – Reflect, Share, Practice, Experiment é um projeto de investigação e desenvolvimento para profissionais que pretendam reinventar modelos organizacionais para o setor artístico.
</div>
</div>

RESHAPE – Reflect, Share, Practice, Experiment é um projeto de investigação e desenvolvimento para profissionais que pretendam reinventar modelos organizacionais para o setor artístico.
