{"id":2523,"date":"2021-05-29T16:09:09","date_gmt":"2021-05-29T16:09:09","guid":{"rendered":"https:\/\/www.artemrede.pt\/?post_type=wm_staff&#038;p=2523"},"modified":"2021-05-31T14:40:45","modified_gmt":"2021-05-31T14:40:45","slug":"jordi-pascual","status":"publish","type":"wm_staff","link":"https:\/\/www.artemrede.pt\/en\/person\/jordi-pascual\/","title":{"rendered":"Jordi Pascual"},"content":{"rendered":"","protected":false},"excerpt":{"rendered":"<div class=\"entry-summary\">\n<div class=\"entry-summary\">\nJordi Pascual \u00e9 o coordenador da Comiss\u00e3o de Cultura da Organiza\u00e7\u00e3o Mundial das Cidades Governos Locais Unidos (CGLU). A atua\u00e7\u00e3o da Comiss\u00e3o \u00e9 baseada em Cultura 21: A\u00e7\u00f5es. A Comiss\u00e3o organiza um pr\u00e9mio global, bem como uma Cimeira bienal, gere um banco de dados \u00fanico de boas pr\u00e1ticas e promove uma s\u00e9rie de programas de aprendizagem em capacita\u00e7\u00e3o e conectividade de cidades. Est\u00e1 envolvido na campanha global #culture2030goal, que defende o papel dos fatores e atores culturais na Agenda 2030 da ONU e nos Objetivos para o Desenvolvimento Sustent\u00e1vel. Jordi ensina pol\u00edticas culturais e gest\u00e3o cultural na Universidade Aberta da Catalunha.\n<\/div>\n<\/div>","protected":false},"author":2,"featured_media":2451,"template":"templates\/intro-widgets.php","meta":{"om_disable_all_campaigns":false,"_monsterinsights_skip_tracking":false,"_monsterinsights_sitenote_active":false,"_monsterinsights_sitenote_note":"","_monsterinsights_sitenote_category":0},"tags":[],"staff_department":[224],"staff_position":[],"staff_specialty":[237],"class_list":["post-2523","wm_staff","type-wm_staff","status-publish","has-post-thumbnail","hentry","staff_department-impulso","staff_specialty-video7","entry"],"aioseo_notices":[],"uagb_featured_image_src":{"full":["https:\/\/www.artemrede.pt\/wp-content\/uploads\/2021\/05\/JORDI-PASCUAL-scaled-e1622308678486.jpg",300,300,false],"thumbnail":["https:\/\/www.artemrede.pt\/wp-content\/uploads\/2021\/05\/JORDI-PASCUAL-scaled-e1622308668567-480x270.jpg",480,270,true],"medium":["https:\/\/www.artemrede.pt\/wp-content\/uploads\/2021\/05\/JORDI-PASCUAL-scaled-e1622308668567-744x744.jpg",744,744,true],"medium_large":["https:\/\/www.artemrede.pt\/wp-content\/uploads\/2021\/05\/JORDI-PASCUAL-scaled-e1622308668567-1200x1200.jpg",1200,1200,true],"large":["https:\/\/www.artemrede.pt\/wp-content\/uploads\/2021\/05\/JORDI-PASCUAL-scaled-e1622308668567-1200x1200.jpg",1200,1200,true],"1536x1536":["https:\/\/www.artemrede.pt\/wp-content\/uploads\/2021\/05\/JORDI-PASCUAL-scaled-e1622308668567-1536x1536.jpg",1536,1536,true],"2048x2048":["https:\/\/www.artemrede.pt\/wp-content\/uploads\/2021\/05\/JORDI-PASCUAL-2048x1536.jpg",2048,1536,true],"trp-custom-language-flag":["https:\/\/www.artemrede.pt\/wp-content\/uploads\/2021\/05\/JORDI-PASCUAL-scaled-e1622308668567-12x12.jpg",12,12,true],"icelander-thumbnail":["https:\/\/www.artemrede.pt\/wp-content\/uploads\/2021\/05\/JORDI-PASCUAL-scaled-e1622308668567-744x372.jpg",744,372,true],"icelander-square":["https:\/\/www.artemrede.pt\/wp-content\/uploads\/2021\/05\/JORDI-PASCUAL-scaled-e1622308668567-448x448.jpg",448,448,true],"icelander-intro":["https:\/\/www.artemrede.pt\/wp-content\/uploads\/2021\/05\/JORDI-PASCUAL-scaled-e1622308668567-1920x1080.jpg",1920,1080,true]},"uagb_author_info":{"display_name":"Bruno Castro","author_link":"https:\/\/www.artemrede.pt\/en\/author\/artred_bruno\/"},"uagb_comment_info":0,"uagb_excerpt":"Jordi Pascual \u00e9 o coordenador da Comiss\u00e3o de Cultura da Organiza\u00e7\u00e3o Mundial das Cidades Governos Locais Unidos (CGLU). A atua\u00e7\u00e3o da Comiss\u00e3o \u00e9 baseada em Cultura 21: A\u00e7\u00f5es. A Comiss\u00e3o organiza um pr\u00e9mio global, bem como uma Cimeira bienal, gere um banco de dados \u00fanico de boas pr\u00e1ticas e promove uma s\u00e9rie de programas de&hellip;","_links":{"self":[{"href":"https:\/\/www.artemrede.pt\/en\/wp-json\/wp\/v2\/wm_staff\/2523","targetHints":{"allow":["GET"]}}],"collection":[{"href":"https:\/\/www.artemrede.pt\/en\/wp-json\/wp\/v2\/wm_staff"}],"about":[{"href":"https:\/\/www.artemrede.pt\/en\/wp-json\/wp\/v2\/types\/wm_staff"}],"author":[{"embeddable":true,"href":"https:\/\/www.artemrede.pt\/en\/wp-json\/wp\/v2\/users\/2"}],"wp:featuredmedia":[{"embeddable":true,"href":"https:\/\/www.artemrede.pt\/en\/wp-json\/wp\/v2\/media\/2451"}],"wp:attachment":[{"href":"https:\/\/www.artemrede.pt\/en\/wp-json\/wp\/v2\/media?parent=2523"}],"wp:term":[{"taxonomy":"post_tag","embeddable":true,"href":"https:\/\/www.artemrede.pt\/en\/wp-json\/wp\/v2\/tags?post=2523"},{"taxonomy":"staff_department","embeddable":true,"href":"https:\/\/www.artemrede.pt\/en\/wp-json\/wp\/v2\/staff_department?post=2523"},{"taxonomy":"staff_position","embeddable":true,"href":"https:\/\/www.artemrede.pt\/en\/wp-json\/wp\/v2\/staff_position?post=2523"},{"taxonomy":"staff_specialty","embeddable":true,"href":"https:\/\/www.artemrede.pt\/en\/wp-json\/wp\/v2\/staff_specialty?post=2523"}],"curies":[{"name":"wp","href":"https:\/\/api.w.org\/{rel}","templated":true}]}}

<div class="entry-summary">
<div class="entry-summary">
Jordi Pascual é o coordenador da Comissão de Cultura da Organização Mundial das Cidades Governos Locais Unidos (CGLU). A atuação da Comissão é baseada em Cultura 21: Ações. A Comissão organiza um prémio global, bem como uma Cimeira bienal, gere um banco de dados único de boas práticas e promove uma série de programas de aprendizagem em capacitação e conectividade de cidades. Está envolvido na campanha global #culture2030goal, que defende o papel dos fatores e atores culturais na Agenda 2030 da ONU e nos Objetivos para o Desenvolvimento Sustentável. Jordi ensina políticas culturais e gestão cultural na Universidade Aberta da Catalunha.
</div>
</div>

Jordi Pascual é o coordenador da Comissão de Cultura da Organização Mundial das Cidades Governos Locais Unidos (CGLU). A atuação da Comissão é baseada em Cultura 21: Ações. A Comissão organiza um prémio global, bem como uma Cimeira bienal, gere um banco de dados único de boas práticas e promove uma série de programas de&hellip;
