{"id":2520,"date":"2021-05-29T16:03:45","date_gmt":"2021-05-29T16:03:45","guid":{"rendered":"https:\/\/www.artemrede.pt\/?post_type=wm_staff&#038;p=2520"},"modified":"2021-05-29T19:09:16","modified_gmt":"2021-05-29T19:09:16","slug":"joao-ferrao","status":"publish","type":"wm_staff","link":"https:\/\/www.artemrede.pt\/en\/person\/joao-ferrao\/","title":{"rendered":"Jo\u00e3o Ferr\u00e3o"},"content":{"rendered":"","protected":false},"excerpt":{"rendered":"<div class=\"entry-summary\">\n<div class=\"entry-summary\">\nGe\u00f3grafo, investigador no Instituto de Ci\u00eancias Sociais da Universidade de Lisboa, especialista em estudos urbanos, ordenamento do territ\u00f3rio e pol\u00edticas de desenvolvimento local e regional. Coordenou diversos estudos de avalia\u00e7\u00e3o de pol\u00edticas p\u00fablicas para o Governo portugu\u00eas e para a Comiss\u00e3o Europeia. Colabora regularmente com autarquias e associa\u00e7\u00f5es de desenvolvimento local.<br \/>\nFoi docente no departamento de Geografia da Faculdade de Letras de Lisboa, presidente da Associa\u00e7\u00e3o Portuguesa para o Desenvolvimento Regional, consultor da OCDE, Secret\u00e1rio de Estado do Ordenamento do Territ\u00f3rio e das Cidades e Pr\u00f3-Reitor da Universidade de Lisboa.<br \/>\n\u00c9 membro do Conselho Nacional do Ambiente e do Desenvolvimento Sustent\u00e1vel e dos Conselhos Gerais da Universidade de \u00c9vora e do Instituto Polit\u00e9cnico de Portalegre.\n<\/div>\n<\/div>","protected":false},"author":2,"featured_media":2447,"template":"templates\/intro-widgets.php","meta":{"om_disable_all_campaigns":false,"_monsterinsights_skip_tracking":false,"_monsterinsights_sitenote_active":false,"_monsterinsights_sitenote_note":"","_monsterinsights_sitenote_category":0},"tags":[],"staff_department":[224],"staff_position":[],"staff_specialty":[234],"class_list":["post-2520","wm_staff","type-wm_staff","status-publish","has-post-thumbnail","hentry","staff_department-impulso","staff_specialty-video6","entry"],"aioseo_notices":[],"uagb_featured_image_src":{"full":["https:\/\/www.artemrede.pt\/wp-content\/uploads\/2021\/05\/JOA\u0303O-FERRA\u0303O-scaled-e1622308826380.jpg",300,300,false],"thumbnail":["https:\/\/www.artemrede.pt\/wp-content\/uploads\/2021\/05\/JOA\u0303O-FERRA\u0303O-scaled-e1622308812885-480x270.jpg",480,270,true],"medium":["https:\/\/www.artemrede.pt\/wp-content\/uploads\/2021\/05\/JOA\u0303O-FERRA\u0303O-scaled-e1622308812885-744x744.jpg",744,744,true],"medium_large":["https:\/\/www.artemrede.pt\/wp-content\/uploads\/2021\/05\/JOA\u0303O-FERRA\u0303O-scaled-e1622308812885-1200x1199.jpg",1200,1199,true],"large":["https:\/\/www.artemrede.pt\/wp-content\/uploads\/2021\/05\/JOA\u0303O-FERRA\u0303O-scaled-e1622308812885-1200x1199.jpg",1200,1199,true],"1536x1536":["https:\/\/www.artemrede.pt\/wp-content\/uploads\/2021\/05\/JOA\u0303O-FERRA\u0303O-scaled-e1622308812885-1536x1536.jpg",1536,1536,true],"2048x2048":["https:\/\/www.artemrede.pt\/wp-content\/uploads\/2021\/05\/JOA\u0303O-FERRA\u0303O-2048x1365.jpg",2048,1365,true],"trp-custom-language-flag":["https:\/\/www.artemrede.pt\/wp-content\/uploads\/2021\/05\/JOA\u0303O-FERRA\u0303O-scaled-e1622308812885-12x12.jpg",12,12,true],"icelander-thumbnail":["https:\/\/www.artemrede.pt\/wp-content\/uploads\/2021\/05\/JOA\u0303O-FERRA\u0303O-scaled-e1622308812885-744x372.jpg",744,372,true],"icelander-square":["https:\/\/www.artemrede.pt\/wp-content\/uploads\/2021\/05\/JOA\u0303O-FERRA\u0303O-scaled-e1622308812885-448x448.jpg",448,448,true],"icelander-intro":["https:\/\/www.artemrede.pt\/wp-content\/uploads\/2021\/05\/JOA\u0303O-FERRA\u0303O-scaled-e1622308812885-1708x1080.jpg",1708,1080,true]},"uagb_author_info":{"display_name":"Bruno Castro","author_link":"https:\/\/www.artemrede.pt\/en\/author\/artred_bruno\/"},"uagb_comment_info":0,"uagb_excerpt":"Ge\u00f3grafo, investigador no Instituto de Ci\u00eancias Sociais da Universidade de Lisboa, especialista em estudos urbanos, ordenamento do territ\u00f3rio e pol\u00edticas de desenvolvimento local e regional. Coordenou diversos estudos de avalia\u00e7\u00e3o de pol\u00edticas p\u00fablicas para o Governo portugu\u00eas e para a Comiss\u00e3o Europeia. Colabora regularmente com autarquias e associa\u00e7\u00f5es de desenvolvimento local. Foi docente no departamento&hellip;","_links":{"self":[{"href":"https:\/\/www.artemrede.pt\/en\/wp-json\/wp\/v2\/wm_staff\/2520","targetHints":{"allow":["GET"]}}],"collection":[{"href":"https:\/\/www.artemrede.pt\/en\/wp-json\/wp\/v2\/wm_staff"}],"about":[{"href":"https:\/\/www.artemrede.pt\/en\/wp-json\/wp\/v2\/types\/wm_staff"}],"author":[{"embeddable":true,"href":"https:\/\/www.artemrede.pt\/en\/wp-json\/wp\/v2\/users\/2"}],"wp:featuredmedia":[{"embeddable":true,"href":"https:\/\/www.artemrede.pt\/en\/wp-json\/wp\/v2\/media\/2447"}],"wp:attachment":[{"href":"https:\/\/www.artemrede.pt\/en\/wp-json\/wp\/v2\/media?parent=2520"}],"wp:term":[{"taxonomy":"post_tag","embeddable":true,"href":"https:\/\/www.artemrede.pt\/en\/wp-json\/wp\/v2\/tags?post=2520"},{"taxonomy":"staff_department","embeddable":true,"href":"https:\/\/www.artemrede.pt\/en\/wp-json\/wp\/v2\/staff_department?post=2520"},{"taxonomy":"staff_position","embeddable":true,"href":"https:\/\/www.artemrede.pt\/en\/wp-json\/wp\/v2\/staff_position?post=2520"},{"taxonomy":"staff_specialty","embeddable":true,"href":"https:\/\/www.artemrede.pt\/en\/wp-json\/wp\/v2\/staff_specialty?post=2520"}],"curies":[{"name":"wp","href":"https:\/\/api.w.org\/{rel}","templated":true}]}}

João Ferrão

<div class="entry-summary">
<div class="entry-summary">
Geógrafo, investigador no Instituto de Ciências Sociais da Universidade de Lisboa, especialista em estudos urbanos, ordenamento do território e políticas de desenvolvimento local e regional. Coordenou diversos estudos de avaliação de políticas públicas para o Governo português e para a Comissão Europeia. Colabora regularmente com autarquias e associações de desenvolvimento local.<br />
Foi docente no departamento de Geografia da Faculdade de Letras de Lisboa, presidente da Associação Portuguesa para o Desenvolvimento Regional, consultor da OCDE, Secretário de Estado do Ordenamento do Território e das Cidades e Pró-Reitor da Universidade de Lisboa.<br />
É membro do Conselho Nacional do Ambiente e do Desenvolvimento Sustentável e dos Conselhos Gerais da Universidade de Évora e do Instituto Politécnico de Portalegre.
</div>
</div>

Geógrafo, investigador no Instituto de Ciências Sociais da Universidade de Lisboa, especialista em estudos urbanos, ordenamento do território e políticas de desenvolvimento local e regional. Coordenou diversos estudos de avaliação de políticas públicas para o Governo português e para a Comissão Europeia. Colabora regularmente com autarquias e associações de desenvolvimento local. Foi docente no departamento&hellip;
