{"id":2519,"date":"2021-05-29T16:01:16","date_gmt":"2021-05-29T16:01:16","guid":{"rendered":"https:\/\/www.artemrede.pt\/?post_type=wm_staff&#038;p=2519"},"modified":"2021-05-29T18:34:47","modified_gmt":"2021-05-29T18:34:47","slug":"joao-aidos-2","status":"publish","type":"wm_staff","link":"https:\/\/www.artemrede.pt\/en\/person\/joao-aidos-2\/","title":{"rendered":"Jo\u00e3o Aidos"},"content":{"rendered":"","protected":false},"excerpt":{"rendered":"<div class=\"entry-summary\">\n<div class=\"entry-summary\">\nJo\u00e3o Aidos \u00e9 gestor, programador, produtor e engenheiro projetista com profunda liga\u00e7\u00e3o \u00e0 rede e tecidos culturais em todo o territ\u00f3rio nacional, sendo tamb\u00e9m licenciado em Teatro com uma especializa\u00e7\u00e3o em estudos teatrais. Tem estado ligado a in\u00fameros projetos no \u00e2mbito da Rede Nacional de Teatros e cineteatros, tendo exercido como cargos de maior relevo, o de Diretor-Geral das Artes no Minist\u00e9rio da Cultura; gestor, coordenador do projecto e programador do \u201ccomplexo\u201d Convento S. Francisco-Coimbra. Foi ainda e Diretor Art\u00edstico, do Teatro Aveirense, Do Teatro Virg\u00ednia, Do CAA-Centro de Artes de \u00c1gueda. Neste momento \u00e9 respons\u00e1vel pelo projecto santar\u00e9m Cultura, pela programa\u00e7\u00e3o do TMO-Teatro Municipal de Our\u00e9m, assim como, consultor do Projecto do novo CECQ- Centro de Educa\u00e7\u00e3o e Cultura de Quarteira.<br \/>\n\u00c9 tamb\u00e9m Conselheiro Portugal Expo Dubai 2021\/22;\n<\/div>\n<\/div>","protected":false},"author":2,"featured_media":2448,"template":"templates\/intro-widgets.php","meta":{"om_disable_all_campaigns":false,"_monsterinsights_skip_tracking":false,"_monsterinsights_sitenote_active":false,"_monsterinsights_sitenote_note":"","_monsterinsights_sitenote_category":0},"tags":[],"staff_department":[224],"staff_position":[],"staff_specialty":[239],"class_list":["post-2519","wm_staff","type-wm_staff","status-publish","has-post-thumbnail","hentry","staff_department-impulso","staff_specialty-video1","entry"],"aioseo_notices":[],"uagb_featured_image_src":{"full":["https:\/\/www.artemrede.pt\/wp-content\/uploads\/2021\/05\/JOA\u0303O-AIDOS-e1622308789868.jpg",300,300,false],"thumbnail":["https:\/\/www.artemrede.pt\/wp-content\/uploads\/2021\/05\/JOA\u0303O-AIDOS-e1622308781916-343x270.jpg",343,270,true],"medium":["https:\/\/www.artemrede.pt\/wp-content\/uploads\/2021\/05\/JOA\u0303O-AIDOS-e1622308789868.jpg",300,300,false],"medium_large":["https:\/\/www.artemrede.pt\/wp-content\/uploads\/2021\/05\/JOA\u0303O-AIDOS-e1622308789868.jpg",300,300,false],"large":["https:\/\/www.artemrede.pt\/wp-content\/uploads\/2021\/05\/JOA\u0303O-AIDOS-e1622308789868.jpg",300,300,false],"1536x1536":["https:\/\/www.artemrede.pt\/wp-content\/uploads\/2021\/05\/JOA\u0303O-AIDOS-e1622308789868.jpg",300,300,false],"2048x2048":["https:\/\/www.artemrede.pt\/wp-content\/uploads\/2021\/05\/JOA\u0303O-AIDOS-e1622308789868.jpg",300,300,false],"trp-custom-language-flag":["https:\/\/www.artemrede.pt\/wp-content\/uploads\/2021\/05\/JOA\u0303O-AIDOS-e1622308781916-12x12.jpg",12,12,true],"icelander-thumbnail":["https:\/\/www.artemrede.pt\/wp-content\/uploads\/2021\/05\/JOA\u0303O-AIDOS-343x372.jpg",343,372,true],"icelander-square":["https:\/\/www.artemrede.pt\/wp-content\/uploads\/2021\/05\/JOA\u0303O-AIDOS-343x448.jpg",343,448,true],"icelander-intro":["https:\/\/www.artemrede.pt\/wp-content\/uploads\/2021\/05\/JOA\u0303O-AIDOS-e1622308789868.jpg",300,300,false]},"uagb_author_info":{"display_name":"Bruno Castro","author_link":"https:\/\/www.artemrede.pt\/en\/author\/artred_bruno\/"},"uagb_comment_info":0,"uagb_excerpt":"Jo\u00e3o Aidos \u00e9 gestor, programador, produtor e engenheiro projetista com profunda liga\u00e7\u00e3o \u00e0 rede e tecidos culturais em todo o territ\u00f3rio nacional, sendo tamb\u00e9m licenciado em Teatro com uma especializa\u00e7\u00e3o em estudos teatrais. Tem estado ligado a in\u00fameros projetos no \u00e2mbito da Rede Nacional de Teatros e cineteatros, tendo exercido como cargos de maior relevo,&hellip;","_links":{"self":[{"href":"https:\/\/www.artemrede.pt\/en\/wp-json\/wp\/v2\/wm_staff\/2519","targetHints":{"allow":["GET"]}}],"collection":[{"href":"https:\/\/www.artemrede.pt\/en\/wp-json\/wp\/v2\/wm_staff"}],"about":[{"href":"https:\/\/www.artemrede.pt\/en\/wp-json\/wp\/v2\/types\/wm_staff"}],"author":[{"embeddable":true,"href":"https:\/\/www.artemrede.pt\/en\/wp-json\/wp\/v2\/users\/2"}],"wp:featuredmedia":[{"embeddable":true,"href":"https:\/\/www.artemrede.pt\/en\/wp-json\/wp\/v2\/media\/2448"}],"wp:attachment":[{"href":"https:\/\/www.artemrede.pt\/en\/wp-json\/wp\/v2\/media?parent=2519"}],"wp:term":[{"taxonomy":"post_tag","embeddable":true,"href":"https:\/\/www.artemrede.pt\/en\/wp-json\/wp\/v2\/tags?post=2519"},{"taxonomy":"staff_department","embeddable":true,"href":"https:\/\/www.artemrede.pt\/en\/wp-json\/wp\/v2\/staff_department?post=2519"},{"taxonomy":"staff_position","embeddable":true,"href":"https:\/\/www.artemrede.pt\/en\/wp-json\/wp\/v2\/staff_position?post=2519"},{"taxonomy":"staff_specialty","embeddable":true,"href":"https:\/\/www.artemrede.pt\/en\/wp-json\/wp\/v2\/staff_specialty?post=2519"}],"curies":[{"name":"wp","href":"https:\/\/api.w.org\/{rel}","templated":true}]}}

João Aidos

<div class="entry-summary">
<div class="entry-summary">
João Aidos é gestor, programador, produtor e engenheiro projetista com profunda ligação à rede e tecidos culturais em todo o território nacional, sendo também licenciado em Teatro com uma especialização em estudos teatrais. Tem estado ligado a inúmeros projetos no âmbito da Rede Nacional de Teatros e cineteatros, tendo exercido como cargos de maior relevo, o de Diretor-Geral das Artes no Ministério da Cultura; gestor, coordenador do projecto e programador do “complexo” Convento S. Francisco-Coimbra. Foi ainda e Diretor Artístico, do Teatro Aveirense, Do Teatro Virgínia, Do CAA-Centro de Artes de Águeda. Neste momento é responsável pelo projecto santarém Cultura, pela programação do TMO-Teatro Municipal de Ourém, assim como, consultor do Projecto do novo CECQ- Centro de Educação e Cultura de Quarteira.<br />
É também Conselheiro Portugal Expo Dubai 2021/22;
</div>
</div>

João Aidos é gestor, programador, produtor e engenheiro projetista com profunda ligação à rede e tecidos culturais em todo o território nacional, sendo também licenciado em Teatro com uma especialização em estudos teatrais. Tem estado ligado a inúmeros projetos no âmbito da Rede Nacional de Teatros e cineteatros, tendo exercido como cargos de maior relevo,&hellip;
