{"id":2516,"date":"2021-05-29T15:51:25","date_gmt":"2021-05-29T15:51:25","guid":{"rendered":"https:\/\/www.artemrede.pt\/?post_type=wm_staff&#038;p=2516"},"modified":"2021-05-29T19:17:50","modified_gmt":"2021-05-29T19:17:50","slug":"ines-silva","status":"publish","type":"wm_staff","link":"https:\/\/www.artemrede.pt\/en\/person\/ines-silva\/","title":{"rendered":"In\u00eas Silva"},"content":{"rendered":"","protected":false},"excerpt":{"rendered":"<div class=\"entry-summary\">\n<div class=\"entry-summary\">\nDoutorada em Lingu\u00edstica; mestre em Lingu\u00edstica; licenciada em L\u00ednguas e Literaturas Modernas (variante de Estudos Portugueses), com Est\u00e1gio Pedag\u00f3gico integrado. Professora do ensino secund\u00e1rio (1992-2010) e do ensino superior (2010-2013), foi investigadora do Centro de Lingu\u00edstica da Universidade Nova de Lisboa (2004-2013). O seu curr\u00edculo inclui a produ\u00e7\u00e3o de trabalhos cient\u00edficos (disserta\u00e7\u00f5es, artigos em revistas e livros de atas); a participa\u00e7\u00e3o em j\u00faris de provas de mestrado (2004-2016); a organiza\u00e7\u00e3o de encontros cient\u00edfico-pedag\u00f3gicos nacionais e internacionais; comunica\u00e7\u00f5es em encontros e confer\u00eancias.<br \/>\nAutora de manuais escolares, de livros pedag\u00f3gico-did\u00e1ticos e de obras de car\u00e1ter liter\u00e1rio; formadora especialista; coordenadora do projeto pedag\u00f3gico-cultural Cadernos do ECB.<br \/>\nDesde 2013 desempenha fun\u00e7\u00f5es como Vereadora respons\u00e1vel pelos pelouros da Cultura, Educa\u00e7\u00e3o, A\u00e7\u00e3o Social, Associativismo, Desporto, Juventude e Turismo da C\u00e2mara Municipal de Alcoba\u00e7a.\n<\/div>\n<\/div>","protected":false},"author":2,"featured_media":2572,"template":"templates\/intro-widgets.php","meta":{"om_disable_all_campaigns":false,"_monsterinsights_skip_tracking":false,"_monsterinsights_sitenote_active":false,"_monsterinsights_sitenote_note":"","_monsterinsights_sitenote_category":0},"tags":[],"staff_department":[224],"staff_position":[],"staff_specialty":[237],"class_list":["post-2516","wm_staff","type-wm_staff","status-publish","has-post-thumbnail","hentry","staff_department-impulso","staff_specialty-video7","entry"],"aioseo_notices":[],"uagb_featured_image_src":{"full":["https:\/\/www.artemrede.pt\/wp-content\/uploads\/2021\/05\/INES-SILVA-1.jpg",300,300,false],"thumbnail":["https:\/\/www.artemrede.pt\/wp-content\/uploads\/2021\/05\/INES-SILVA-1-300x270.jpg",300,270,true],"medium":["https:\/\/www.artemrede.pt\/wp-content\/uploads\/2021\/05\/INES-SILVA-1.jpg",300,300,false],"medium_large":["https:\/\/www.artemrede.pt\/wp-content\/uploads\/2021\/05\/INES-SILVA-1.jpg",300,300,false],"large":["https:\/\/www.artemrede.pt\/wp-content\/uploads\/2021\/05\/INES-SILVA-1.jpg",300,300,false],"1536x1536":["https:\/\/www.artemrede.pt\/wp-content\/uploads\/2021\/05\/INES-SILVA-1.jpg",300,300,false],"2048x2048":["https:\/\/www.artemrede.pt\/wp-content\/uploads\/2021\/05\/INES-SILVA-1.jpg",300,300,false],"trp-custom-language-flag":["https:\/\/www.artemrede.pt\/wp-content\/uploads\/2021\/05\/INES-SILVA-1-12x12.jpg",12,12,true],"icelander-thumbnail":["https:\/\/www.artemrede.pt\/wp-content\/uploads\/2021\/05\/INES-SILVA-1.jpg",300,300,false],"icelander-square":["https:\/\/www.artemrede.pt\/wp-content\/uploads\/2021\/05\/INES-SILVA-1.jpg",300,300,false],"icelander-intro":["https:\/\/www.artemrede.pt\/wp-content\/uploads\/2021\/05\/INES-SILVA-1.jpg",300,300,false]},"uagb_author_info":{"display_name":"Bruno Castro","author_link":"https:\/\/www.artemrede.pt\/en\/author\/artred_bruno\/"},"uagb_comment_info":0,"uagb_excerpt":"Doutorada em Lingu\u00edstica; mestre em Lingu\u00edstica; licenciada em L\u00ednguas e Literaturas Modernas (variante de Estudos Portugueses), com Est\u00e1gio Pedag\u00f3gico integrado. Professora do ensino secund\u00e1rio (1992-2010) e do ensino superior (2010-2013), foi investigadora do Centro de Lingu\u00edstica da Universidade Nova de Lisboa (2004-2013). O seu curr\u00edculo inclui a produ\u00e7\u00e3o de trabalhos cient\u00edficos (disserta\u00e7\u00f5es, artigos em revistas&hellip;","_links":{"self":[{"href":"https:\/\/www.artemrede.pt\/en\/wp-json\/wp\/v2\/wm_staff\/2516","targetHints":{"allow":["GET"]}}],"collection":[{"href":"https:\/\/www.artemrede.pt\/en\/wp-json\/wp\/v2\/wm_staff"}],"about":[{"href":"https:\/\/www.artemrede.pt\/en\/wp-json\/wp\/v2\/types\/wm_staff"}],"author":[{"embeddable":true,"href":"https:\/\/www.artemrede.pt\/en\/wp-json\/wp\/v2\/users\/2"}],"wp:featuredmedia":[{"embeddable":true,"href":"https:\/\/www.artemrede.pt\/en\/wp-json\/wp\/v2\/media\/2572"}],"wp:attachment":[{"href":"https:\/\/www.artemrede.pt\/en\/wp-json\/wp\/v2\/media?parent=2516"}],"wp:term":[{"taxonomy":"post_tag","embeddable":true,"href":"https:\/\/www.artemrede.pt\/en\/wp-json\/wp\/v2\/tags?post=2516"},{"taxonomy":"staff_department","embeddable":true,"href":"https:\/\/www.artemrede.pt\/en\/wp-json\/wp\/v2\/staff_department?post=2516"},{"taxonomy":"staff_position","embeddable":true,"href":"https:\/\/www.artemrede.pt\/en\/wp-json\/wp\/v2\/staff_position?post=2516"},{"taxonomy":"staff_specialty","embeddable":true,"href":"https:\/\/www.artemrede.pt\/en\/wp-json\/wp\/v2\/staff_specialty?post=2516"}],"curies":[{"name":"wp","href":"https:\/\/api.w.org\/{rel}","templated":true}]}}

Inês Silva

<div class="entry-summary">
<div class="entry-summary">
Doutorada em Linguística; mestre em Linguística; licenciada em Línguas e Literaturas Modernas (variante de Estudos Portugueses), com Estágio Pedagógico integrado. Professora do ensino secundário (1992-2010) e do ensino superior (2010-2013), foi investigadora do Centro de Linguística da Universidade Nova de Lisboa (2004-2013). O seu currículo inclui a produção de trabalhos científicos (dissertações, artigos em revistas e livros de atas); a participação em júris de provas de mestrado (2004-2016); a organização de encontros científico-pedagógicos nacionais e internacionais; comunicações em encontros e conferências.<br />
Autora de manuais escolares, de livros pedagógico-didáticos e de obras de caráter literário; formadora especialista; coordenadora do projeto pedagógico-cultural Cadernos do ECB.<br />
Desde 2013 desempenha funções como Vereadora responsável pelos pelouros da Cultura, Educação, Ação Social, Associativismo, Desporto, Juventude e Turismo da Câmara Municipal de Alcobaça.
</div>
</div>

Doutorada em Linguística; mestre em Linguística; licenciada em Línguas e Literaturas Modernas (variante de Estudos Portugueses), com Estágio Pedagógico integrado. Professora do ensino secundário (1992-2010) e do ensino superior (2010-2013), foi investigadora do Centro de Linguística da Universidade Nova de Lisboa (2004-2013). O seu currículo inclui a produção de trabalhos científicos (dissertações, artigos em revistas&hellip;
