{"id":2513,"date":"2021-05-29T15:44:31","date_gmt":"2021-05-29T15:44:31","guid":{"rendered":"https:\/\/www.artemrede.pt\/?post_type=wm_staff&#038;p=2513"},"modified":"2021-05-29T18:31:56","modified_gmt":"2021-05-29T18:31:56","slug":"hugo-cruz","status":"publish","type":"wm_staff","link":"https:\/\/www.artemrede.pt\/en\/person\/hugo-cruz\/","title":{"rendered":"Hugo Cruz"},"content":{"rendered":"","protected":false},"excerpt":{"rendered":"<div class=\"entry-summary\">\n<div class=\"entry-summary\">\n>\u00a0Doutorado pela Universidade do Porto com o tema \u201cPr\u00e1ticas Art\u00edsticas Comunit\u00e1rias e Participa\u00e7\u00e3o C\u00edvica e Pol\u00edtica: experi\u00eancias de grupos teatrais no Brasil e em Portugal\u201d.<br \/>\n>\u00a0Publica e leciona nos contextos nacional e internacional nas \u00e1reas da \u201ccria\u00e7\u00e3o art\u00edstica e espa\u00e7o p\u00fablico\u201d, \u201cpr\u00e1ticas art\u00edsticas comunit\u00e1rias e participa\u00e7\u00e3o c\u00edvica e pol\u00edtica\u201d, \u201carte e pol\u00edtica\u201d e \u201cpol\u00edticas culturais\u201d. Destaca-se a coordena\u00e7\u00e3o dos livros \u201cArte e Comunidade\u201d e \u201cArte e Esperan\u00e7a\u201d editados pela Funda\u00e7\u00e3o Calouste Gulbenkian.<br \/>\n>\u00a0Investigador no Centro de Investiga\u00e7\u00e3o e Interven\u00e7\u00e3o Educativas-Universidade do Porto e Centro de Hist\u00f3ria de Arte e Investiga\u00e7\u00e3o Art\u00edstica-Universidade de \u00c9vora.<br \/>\n>\u00a0Integra a equipa de avalia\u00e7\u00e3o externa da Iniciativa PARTIS \/ Art for Change \u2013 Funda\u00e7\u00e3o Calouste Gulbenkian e Funda\u00e7\u00e3o La Caixa<br \/>\n>\u00a0Diretor art\u00edstico do MEXE_Encontro Internacional de Arte e Comunidade<br \/>\n>\u00a0Consultor art\u00edstico em diferentes projetos nacionais e internacionais (eg.: munic\u00edpios, festivais e funda\u00e7\u00f5es).<br \/>\n>\u00a0Cofundador da Pele e N\u00f3mada Art &#038; Public Space<br \/>\n>\u00a0Foi diretor art\u00edstico do Imaginarius \u2013 Festival Internacional de Teatro de Rua, Mira_Artes Performativas, Mostra Cria\u00e7\u00e3o Contempor\u00e2nea no Brasil e curador convidado em distintas iniciativas.<br \/>\n>\u00a0Dire\u00e7\u00e3o art\u00edstica de diversos projetos teatrais em coconstru\u00e7\u00e3o com comunidades locais, nomeadamente em escolas, pris\u00f5es, bairros sociais e casas do povo.\n<\/div>\n<\/div>","protected":false},"author":2,"featured_media":2442,"template":"templates\/intro-widgets.php","meta":{"om_disable_all_campaigns":false,"_monsterinsights_skip_tracking":false,"_monsterinsights_sitenote_active":false,"_monsterinsights_sitenote_note":"","_monsterinsights_sitenote_category":0},"tags":[],"staff_department":[224],"staff_position":[],"staff_specialty":[238],"class_list":["post-2513","wm_staff","type-wm_staff","status-publish","has-post-thumbnail","hentry","staff_department-impulso","staff_specialty-video4","entry"],"aioseo_notices":[],"uagb_featured_image_src":{"full":["https:\/\/www.artemrede.pt\/wp-content\/uploads\/2021\/05\/HUGO-CRUZ-e1622308991176.jpg",299,299,false],"thumbnail":["https:\/\/www.artemrede.pt\/wp-content\/uploads\/2021\/05\/HUGO-CRUZ-e1622308991176-299x270.jpg",299,270,true],"medium":["https:\/\/www.artemrede.pt\/wp-content\/uploads\/2021\/05\/HUGO-CRUZ-744x497.jpg",744,497,true],"medium_large":["https:\/\/www.artemrede.pt\/wp-content\/uploads\/2021\/05\/HUGO-CRUZ-e1622308991176.jpg",299,299,false],"large":["https:\/\/www.artemrede.pt\/wp-content\/uploads\/2021\/05\/HUGO-CRUZ-e1622308991176.jpg",299,299,false],"1536x1536":["https:\/\/www.artemrede.pt\/wp-content\/uploads\/2021\/05\/HUGO-CRUZ-e1622308991176.jpg",299,299,false],"2048x2048":["https:\/\/www.artemrede.pt\/wp-content\/uploads\/2021\/05\/HUGO-CRUZ-e1622308991176.jpg",299,299,false],"trp-custom-language-flag":["https:\/\/www.artemrede.pt\/wp-content\/uploads\/2021\/05\/HUGO-CRUZ-e1622308991176-12x12.jpg",12,12,true],"icelander-thumbnail":["https:\/\/www.artemrede.pt\/wp-content\/uploads\/2021\/05\/HUGO-CRUZ-744x372.jpg",744,372,true],"icelander-square":["https:\/\/www.artemrede.pt\/wp-content\/uploads\/2021\/05\/HUGO-CRUZ-448x448.jpg",448,448,true],"icelander-intro":["https:\/\/www.artemrede.pt\/wp-content\/uploads\/2021\/05\/HUGO-CRUZ-e1622308991176.jpg",299,299,false]},"uagb_author_info":{"display_name":"Bruno Castro","author_link":"https:\/\/www.artemrede.pt\/en\/author\/artred_bruno\/"},"uagb_comment_info":0,"uagb_excerpt":">\u00a0Doutorado pela Universidade do Porto com o tema \u201cPr\u00e1ticas Art\u00edsticas Comunit\u00e1rias e Participa\u00e7\u00e3o C\u00edvica e Pol\u00edtica: experi\u00eancias de grupos teatrais no Brasil e em Portugal\u201d. >\u00a0Publica e leciona nos contextos nacional e internacional nas \u00e1reas da \u201ccria\u00e7\u00e3o art\u00edstica e espa\u00e7o p\u00fablico\u201d, \u201cpr\u00e1ticas art\u00edsticas comunit\u00e1rias e participa\u00e7\u00e3o c\u00edvica e pol\u00edtica\u201d, \u201carte e pol\u00edtica\u201d e \u201cpol\u00edticas culturais\u201d.&hellip;","_links":{"self":[{"href":"https:\/\/www.artemrede.pt\/en\/wp-json\/wp\/v2\/wm_staff\/2513","targetHints":{"allow":["GET"]}}],"collection":[{"href":"https:\/\/www.artemrede.pt\/en\/wp-json\/wp\/v2\/wm_staff"}],"about":[{"href":"https:\/\/www.artemrede.pt\/en\/wp-json\/wp\/v2\/types\/wm_staff"}],"author":[{"embeddable":true,"href":"https:\/\/www.artemrede.pt\/en\/wp-json\/wp\/v2\/users\/2"}],"wp:featuredmedia":[{"embeddable":true,"href":"https:\/\/www.artemrede.pt\/en\/wp-json\/wp\/v2\/media\/2442"}],"wp:attachment":[{"href":"https:\/\/www.artemrede.pt\/en\/wp-json\/wp\/v2\/media?parent=2513"}],"wp:term":[{"taxonomy":"post_tag","embeddable":true,"href":"https:\/\/www.artemrede.pt\/en\/wp-json\/wp\/v2\/tags?post=2513"},{"taxonomy":"staff_department","embeddable":true,"href":"https:\/\/www.artemrede.pt\/en\/wp-json\/wp\/v2\/staff_department?post=2513"},{"taxonomy":"staff_position","embeddable":true,"href":"https:\/\/www.artemrede.pt\/en\/wp-json\/wp\/v2\/staff_position?post=2513"},{"taxonomy":"staff_specialty","embeddable":true,"href":"https:\/\/www.artemrede.pt\/en\/wp-json\/wp\/v2\/staff_specialty?post=2513"}],"curies":[{"name":"wp","href":"https:\/\/api.w.org\/{rel}","templated":true}]}}

<div class="entry-summary">
<div class="entry-summary">
> Doutorado pela Universidade do Porto com o tema “Práticas Artísticas Comunitárias e Participação Cívica e Política: experiências de grupos teatrais no Brasil e em Portugal”.<br />
> Publica e leciona nos contextos nacional e internacional nas áreas da “criação artística e espaço público”, “práticas artísticas comunitárias e participação cívica e política”, “arte e política” e “políticas culturais”. Destaca-se a coordenação dos livros “Arte e Comunidade” e “Arte e Esperança” editados pela Fundação Calouste Gulbenkian.<br />
> Investigador no Centro de Investigação e Intervenção Educativas-Universidade do Porto e Centro de História de Arte e Investigação Artística-Universidade de Évora.<br />
> Integra a equipa de avaliação externa da Iniciativa PARTIS / Art for Change – Fundação Calouste Gulbenkian e Fundação La Caixa<br />
> Diretor artístico do MEXE_Encontro Internacional de Arte e Comunidade<br />
> Consultor artístico em diferentes projetos nacionais e internacionais (eg.: municípios, festivais e fundações).<br />
> Cofundador da Pele e Nómada Art &#038; Public Space<br />
> Foi diretor artístico do Imaginarius – Festival Internacional de Teatro de Rua, Mira_Artes Performativas, Mostra Criação Contemporânea no Brasil e curador convidado em distintas iniciativas.<br />
> Direção artística de diversos projetos teatrais em coconstrução com comunidades locais, nomeadamente em escolas, prisões, bairros sociais e casas do povo.
</div>
</div>

> Doutorado pela Universidade do Porto com o tema “Práticas Artísticas Comunitárias e Participação Cívica e Política: experiências de grupos teatrais no Brasil e em Portugal”. > Publica e leciona nos contextos nacional e internacional nas áreas da “criação artística e espaço público”, “práticas artísticas comunitárias e participação cívica e política”, “arte e política” e “políticas culturais”.&hellip;
