{"id":2469,"date":"2021-05-28T17:25:58","date_gmt":"2021-05-28T17:25:58","guid":{"rendered":"https:\/\/www.artemrede.pt\/?post_type=wm_staff&#038;p=2469"},"modified":"2021-05-29T18:34:27","modified_gmt":"2021-05-29T18:34:27","slug":"antonio-oliveira","status":"publish","type":"wm_staff","link":"https:\/\/www.artemrede.pt\/en\/person\/antonio-oliveira\/","title":{"rendered":"Ant\u00f3nio Oliveira"},"content":{"rendered":"","protected":false},"excerpt":{"rendered":"<div class=\"entry-summary\">\n<div class=\"entry-summary\">\n\u00c9 membro fundador da Companhia RADAR 360\u00ba, onde desenvolve o seu trabalho como director art\u00edstico, int\u00e9rprete, encenador e pedagogo. Desenvolve uma linguagem art\u00edstica multidisciplinar no \u00e2mbito do: Teatro F\u00edsico, Circo Contempor\u00e2neo, Artes de Rua e M\u00fasica Electro &#8211; Ac\u00fastica. No seu percurso acad\u00e9mico, especializou-se em Artes de Rua na Academia Contempor\u00e2nea do Espect\u00e1culo, e na Forma\u00e7\u00e3o Avan\u00e7ada Itinerante de Artes de Rua (FAI.AR ) institui\u00e7\u00e3o sediada na cidade de Marselha. Na \u00e1rea do movimento, frequentou o curso de Pesquisa e Cria\u00e7\u00e3o Coreogr\u00e1fica do F\u00f3rum Dan\u00e7a, e pratica desde os anos 90 artes marciais brasileiras e orientais. No \u00e2mbito da m\u00fasica, estuda percuss\u00e3o, composi\u00e7\u00e3o e piano. Foca o seu trabalho de pesquisa na rela\u00e7\u00e3o on\u00edrica e po\u00e9tica entre o corpo, o espa\u00e7o e o objecto.\n<\/div>\n<\/div>","protected":false},"author":2,"featured_media":2431,"template":"templates\/intro-widgets.php","meta":{"om_disable_all_campaigns":false,"_monsterinsights_skip_tracking":false,"_monsterinsights_sitenote_active":false,"_monsterinsights_sitenote_note":"","_monsterinsights_sitenote_category":0},"tags":[],"staff_department":[224],"staff_position":[],"staff_specialty":[239],"class_list":["post-2469","wm_staff","type-wm_staff","status-publish","has-post-thumbnail","hentry","staff_department-impulso","staff_specialty-video1","entry"],"aioseo_notices":[],"uagb_featured_image_src":{"full":["https:\/\/www.artemrede.pt\/wp-content\/uploads\/2021\/05\/ANTO\u0301NIO-OLIVEIRA-scaled-e1622309293932.jpg",300,300,false],"thumbnail":["https:\/\/www.artemrede.pt\/wp-content\/uploads\/2021\/05\/ANTO\u0301NIO-OLIVEIRA-scaled-e1622309283449-480x270.jpg",480,270,true],"medium":["https:\/\/www.artemrede.pt\/wp-content\/uploads\/2021\/05\/ANTO\u0301NIO-OLIVEIRA-scaled-e1622309283449-744x743.jpg",744,743,true],"medium_large":["https:\/\/www.artemrede.pt\/wp-content\/uploads\/2021\/05\/ANTO\u0301NIO-OLIVEIRA-scaled-e1622309283449-1200x1199.jpg",1200,1199,true],"large":["https:\/\/www.artemrede.pt\/wp-content\/uploads\/2021\/05\/ANTO\u0301NIO-OLIVEIRA-scaled-e1622309283449-1200x1199.jpg",1200,1199,true],"1536x1536":["https:\/\/www.artemrede.pt\/wp-content\/uploads\/2021\/05\/ANTO\u0301NIO-OLIVEIRA-scaled-e1622309283449-1536x1534.jpg",1536,1534,true],"2048x2048":["https:\/\/www.artemrede.pt\/wp-content\/uploads\/2021\/05\/ANTO\u0301NIO-OLIVEIRA-2048x1365.jpg",2048,1365,true],"trp-custom-language-flag":["https:\/\/www.artemrede.pt\/wp-content\/uploads\/2021\/05\/ANTO\u0301NIO-OLIVEIRA-scaled-e1622309283449-12x12.jpg",12,12,true],"icelander-thumbnail":["https:\/\/www.artemrede.pt\/wp-content\/uploads\/2021\/05\/ANTO\u0301NIO-OLIVEIRA-scaled-e1622309283449-744x372.jpg",744,372,true],"icelander-square":["https:\/\/www.artemrede.pt\/wp-content\/uploads\/2021\/05\/ANTO\u0301NIO-OLIVEIRA-scaled-e1622309283449-448x448.jpg",448,448,true],"icelander-intro":["https:\/\/www.artemrede.pt\/wp-content\/uploads\/2021\/05\/ANTO\u0301NIO-OLIVEIRA-scaled-e1622309283449-1708x1080.jpg",1708,1080,true]},"uagb_author_info":{"display_name":"Bruno Castro","author_link":"https:\/\/www.artemrede.pt\/en\/author\/artred_bruno\/"},"uagb_comment_info":0,"uagb_excerpt":"\u00c9 membro fundador da Companhia RADAR 360\u00ba, onde desenvolve o seu trabalho como director art\u00edstico, int\u00e9rprete, encenador e pedagogo. Desenvolve uma linguagem art\u00edstica multidisciplinar no \u00e2mbito do: Teatro F\u00edsico, Circo Contempor\u00e2neo, Artes de Rua e M\u00fasica Electro - Ac\u00fastica. No seu percurso acad\u00e9mico, especializou-se em Artes de Rua na Academia Contempor\u00e2nea do Espect\u00e1culo, e na&hellip;","_links":{"self":[{"href":"https:\/\/www.artemrede.pt\/en\/wp-json\/wp\/v2\/wm_staff\/2469","targetHints":{"allow":["GET"]}}],"collection":[{"href":"https:\/\/www.artemrede.pt\/en\/wp-json\/wp\/v2\/wm_staff"}],"about":[{"href":"https:\/\/www.artemrede.pt\/en\/wp-json\/wp\/v2\/types\/wm_staff"}],"author":[{"embeddable":true,"href":"https:\/\/www.artemrede.pt\/en\/wp-json\/wp\/v2\/users\/2"}],"wp:featuredmedia":[{"embeddable":true,"href":"https:\/\/www.artemrede.pt\/en\/wp-json\/wp\/v2\/media\/2431"}],"wp:attachment":[{"href":"https:\/\/www.artemrede.pt\/en\/wp-json\/wp\/v2\/media?parent=2469"}],"wp:term":[{"taxonomy":"post_tag","embeddable":true,"href":"https:\/\/www.artemrede.pt\/en\/wp-json\/wp\/v2\/tags?post=2469"},{"taxonomy":"staff_department","embeddable":true,"href":"https:\/\/www.artemrede.pt\/en\/wp-json\/wp\/v2\/staff_department?post=2469"},{"taxonomy":"staff_position","embeddable":true,"href":"https:\/\/www.artemrede.pt\/en\/wp-json\/wp\/v2\/staff_position?post=2469"},{"taxonomy":"staff_specialty","embeddable":true,"href":"https:\/\/www.artemrede.pt\/en\/wp-json\/wp\/v2\/staff_specialty?post=2469"}],"curies":[{"name":"wp","href":"https:\/\/api.w.org\/{rel}","templated":true}]}}

António Oliveira

<div class="entry-summary">
<div class="entry-summary">
É membro fundador da Companhia RADAR 360º, onde desenvolve o seu trabalho como director artístico, intérprete, encenador e pedagogo. Desenvolve uma linguagem artística multidisciplinar no âmbito do: Teatro Físico, Circo Contemporâneo, Artes de Rua e Música Electro &#8211; Acústica. No seu percurso académico, especializou-se em Artes de Rua na Academia Contemporânea do Espectáculo, e na Formação Avançada Itinerante de Artes de Rua (FAI.AR ) instituição sediada na cidade de Marselha. Na área do movimento, frequentou o curso de Pesquisa e Criação Coreográfica do Fórum Dança, e pratica desde os anos 90 artes marciais brasileiras e orientais. No âmbito da música, estuda percussão, composição e piano. Foca o seu trabalho de pesquisa na relação onírica e poética entre o corpo, o espaço e o objecto.
</div>
</div>

É membro fundador da Companhia RADAR 360º, onde desenvolve o seu trabalho como director artístico, intérprete, encenador e pedagogo. Desenvolve uma linguagem artística multidisciplinar no âmbito do: Teatro Físico, Circo Contemporâneo, Artes de Rua e Música Electro - Acústica. No seu percurso académico, especializou-se em Artes de Rua na Academia Contemporânea do Espectáculo, e na&hellip;
