{"id":2467,"date":"2021-05-28T17:24:02","date_gmt":"2021-05-28T17:24:02","guid":{"rendered":"https:\/\/www.artemrede.pt\/?post_type=wm_staff&#038;p=2467"},"modified":"2021-05-31T14:41:11","modified_gmt":"2021-05-31T14:41:11","slug":"aniko-racz","status":"publish","type":"wm_staff","link":"https:\/\/www.artemrede.pt\/en\/person\/aniko-racz\/","title":{"rendered":"Anik\u00f3 R\u00e1cz"},"content":{"rendered":"","protected":false},"excerpt":{"rendered":"<div class=\"entry-summary\">\n<div class=\"entry-summary\">\nAnik\u00f3 \u00e9 gestora art\u00edstica, coach e consultora baseada em Budapeste, Hungria. Atualmente, assume o cargo de gestora de rela\u00e7\u00f5es internacionais e desenvolvimento estrat\u00e9gico no S\u00cdN Arts Centre (www.sinarts.org), um espa\u00e7o de produ\u00e7\u00e3o para apoio e desenvolvimento de artistas independentes de dan\u00e7a contempor\u00e2nea. \u00c9 tamb\u00e9m respons\u00e1vel pela programa\u00e7\u00e3o e produ\u00e7\u00e3o do espa\u00e7o de Teatro e Dan\u00e7a do Festival Sziget (www.sziget.hu), o segundo maior festival cultural de grande escala da Europa. Entre 2014 e 2020, liderou a dunaPart (www.dunapart.net), a plataforma bianual h\u00fangara de artes performativas. Entre 2019 e 2021 trabalha como Reshaper no projeto internacional Reshape (www.reshape.network). \u00c9 membro do conselho consultivo do IETM (www.ietm.org) desde 2017. Desempenha um papel ativo no pensamento estrat\u00e9gico das din\u00e2micas e transi\u00e7\u00f5es do setor das artes na Hungria e a n\u00edvel internacional. As suas atividades de gest\u00e3o art\u00edstica s\u00e3o apoiadas pela sua pr\u00e1tica como coach certificada, consultora e facilitadora de equipas. Est\u00e1 a treinar v\u00e1rios artistas no desenvolvimento das suas carreiras, bem como coletivos de artes para o desenvolvimento organizacional, promo\u00e7\u00e3o de melhores colabora\u00e7\u00f5es e gest\u00e3o de produ\u00e7\u00f5es. Regularmente conduz workshops sobre gest\u00e3o de produ\u00e7\u00f5es, parcerias e rela\u00e7\u00f5es internacionais. O seu principal foco de interesse \u00e9 a rela\u00e7\u00e3o delicada do artista e produtor \/ empres\u00e1rio, bem como o apoio ao trabalho colaborativo de coletivos para o desenvolvimento de projetos art\u00edsticos e colabora\u00e7\u00f5es sustent\u00e1veis.\n<\/div>\n<\/div>","protected":false},"author":2,"featured_media":2430,"template":"templates\/intro-widgets.php","meta":{"om_disable_all_campaigns":false,"_monsterinsights_skip_tracking":false,"_monsterinsights_sitenote_active":false,"_monsterinsights_sitenote_note":"","_monsterinsights_sitenote_category":0},"tags":[],"staff_department":[224],"staff_position":[],"staff_specialty":[235],"class_list":["post-2467","wm_staff","type-wm_staff","status-publish","has-post-thumbnail","hentry","staff_department-impulso","staff_specialty-video8","entry"],"aioseo_notices":[],"uagb_featured_image_src":{"full":["https:\/\/www.artemrede.pt\/wp-content\/uploads\/2021\/05\/ANIKO\u0301-RA\u0301CZ-scaled-e1622309323101.jpg",300,300,false],"thumbnail":["https:\/\/www.artemrede.pt\/wp-content\/uploads\/2021\/05\/ANIKO\u0301-RA\u0301CZ-scaled-e1622309313255-480x270.jpg",480,270,true],"medium":["https:\/\/www.artemrede.pt\/wp-content\/uploads\/2021\/05\/ANIKO\u0301-RA\u0301CZ-scaled-e1622309313255-744x745.jpg",744,745,true],"medium_large":["https:\/\/www.artemrede.pt\/wp-content\/uploads\/2021\/05\/ANIKO\u0301-RA\u0301CZ-scaled-e1622309313255-1200x1201.jpg",1200,1201,true],"large":["https:\/\/www.artemrede.pt\/wp-content\/uploads\/2021\/05\/ANIKO\u0301-RA\u0301CZ-scaled-e1622309313255-1200x1201.jpg",1200,1201,true],"1536x1536":["https:\/\/www.artemrede.pt\/wp-content\/uploads\/2021\/05\/ANIKO\u0301-RA\u0301CZ-scaled-e1622309313255-1534x1536.jpg",1534,1536,true],"2048x2048":["https:\/\/www.artemrede.pt\/wp-content\/uploads\/2021\/05\/ANIKO\u0301-RA\u0301CZ-1467x2048.jpg",1467,2048,true],"trp-custom-language-flag":["https:\/\/www.artemrede.pt\/wp-content\/uploads\/2021\/05\/ANIKO\u0301-RA\u0301CZ-scaled-e1622309313255-12x12.jpg",12,12,true],"icelander-thumbnail":["https:\/\/www.artemrede.pt\/wp-content\/uploads\/2021\/05\/ANIKO\u0301-RA\u0301CZ-scaled-e1622309313255-744x372.jpg",744,372,true],"icelander-square":["https:\/\/www.artemrede.pt\/wp-content\/uploads\/2021\/05\/ANIKO\u0301-RA\u0301CZ-scaled-e1622309313255-448x448.jpg",448,448,true],"icelander-intro":["https:\/\/www.artemrede.pt\/wp-content\/uploads\/2021\/05\/ANIKO\u0301-RA\u0301CZ-scaled-e1622309313255-1834x1080.jpg",1834,1080,true]},"uagb_author_info":{"display_name":"Bruno Castro","author_link":"https:\/\/www.artemrede.pt\/en\/author\/artred_bruno\/"},"uagb_comment_info":0,"uagb_excerpt":"Anik\u00f3 \u00e9 gestora art\u00edstica, coach e consultora baseada em Budapeste, Hungria. Atualmente, assume o cargo de gestora de rela\u00e7\u00f5es internacionais e desenvolvimento estrat\u00e9gico no S\u00cdN Arts Centre (www.sinarts.org), um espa\u00e7o de produ\u00e7\u00e3o para apoio e desenvolvimento de artistas independentes de dan\u00e7a contempor\u00e2nea. \u00c9 tamb\u00e9m respons\u00e1vel pela programa\u00e7\u00e3o e produ\u00e7\u00e3o do espa\u00e7o de Teatro e Dan\u00e7a&hellip;","_links":{"self":[{"href":"https:\/\/www.artemrede.pt\/en\/wp-json\/wp\/v2\/wm_staff\/2467","targetHints":{"allow":["GET"]}}],"collection":[{"href":"https:\/\/www.artemrede.pt\/en\/wp-json\/wp\/v2\/wm_staff"}],"about":[{"href":"https:\/\/www.artemrede.pt\/en\/wp-json\/wp\/v2\/types\/wm_staff"}],"author":[{"embeddable":true,"href":"https:\/\/www.artemrede.pt\/en\/wp-json\/wp\/v2\/users\/2"}],"wp:featuredmedia":[{"embeddable":true,"href":"https:\/\/www.artemrede.pt\/en\/wp-json\/wp\/v2\/media\/2430"}],"wp:attachment":[{"href":"https:\/\/www.artemrede.pt\/en\/wp-json\/wp\/v2\/media?parent=2467"}],"wp:term":[{"taxonomy":"post_tag","embeddable":true,"href":"https:\/\/www.artemrede.pt\/en\/wp-json\/wp\/v2\/tags?post=2467"},{"taxonomy":"staff_department","embeddable":true,"href":"https:\/\/www.artemrede.pt\/en\/wp-json\/wp\/v2\/staff_department?post=2467"},{"taxonomy":"staff_position","embeddable":true,"href":"https:\/\/www.artemrede.pt\/en\/wp-json\/wp\/v2\/staff_position?post=2467"},{"taxonomy":"staff_specialty","embeddable":true,"href":"https:\/\/www.artemrede.pt\/en\/wp-json\/wp\/v2\/staff_specialty?post=2467"}],"curies":[{"name":"wp","href":"https:\/\/api.w.org\/{rel}","templated":true}]}}

Anikó Rácz

<div class="entry-summary">
<div class="entry-summary">
Anikó é gestora artística, coach e consultora baseada em Budapeste, Hungria. Atualmente, assume o cargo de gestora de relações internacionais e desenvolvimento estratégico no SÍN Arts Centre (www.sinarts.org), um espaço de produção para apoio e desenvolvimento de artistas independentes de dança contemporânea. É também responsável pela programação e produção do espaço de Teatro e Dança do Festival Sziget (www.sziget.hu), o segundo maior festival cultural de grande escala da Europa. Entre 2014 e 2020, liderou a dunaPart (www.dunapart.net), a plataforma bianual húngara de artes performativas. Entre 2019 e 2021 trabalha como Reshaper no projeto internacional Reshape (www.reshape.network). É membro do conselho consultivo do IETM (www.ietm.org) desde 2017. Desempenha um papel ativo no pensamento estratégico das dinâmicas e transições do setor das artes na Hungria e a nível internacional. As suas atividades de gestão artística são apoiadas pela sua prática como coach certificada, consultora e facilitadora de equipas. Está a treinar vários artistas no desenvolvimento das suas carreiras, bem como coletivos de artes para o desenvolvimento organizacional, promoção de melhores colaborações e gestão de produções. Regularmente conduz workshops sobre gestão de produções, parcerias e relações internacionais. O seu principal foco de interesse é a relação delicada do artista e produtor / empresário, bem como o apoio ao trabalho colaborativo de coletivos para o desenvolvimento de projetos artísticos e colaborações sustentáveis.
</div>
</div>

Anikó é gestora artística, coach e consultora baseada em Budapeste, Hungria. Atualmente, assume o cargo de gestora de relações internacionais e desenvolvimento estratégico no SÍN Arts Centre (www.sinarts.org), um espaço de produção para apoio e desenvolvimento de artistas independentes de dança contemporânea. É também responsável pela programação e produção do espaço de Teatro e Dança&hellip;
