{"id":2425,"date":"2021-05-28T16:25:27","date_gmt":"2021-05-28T16:25:27","guid":{"rendered":"https:\/\/www.artemrede.pt\/?post_type=wm_staff&#038;p=2425"},"modified":"2021-05-29T18:36:17","modified_gmt":"2021-05-29T18:36:17","slug":"rute-pires-2","status":"publish","type":"wm_staff","link":"https:\/\/www.artemrede.pt\/en\/person\/rute-pires-2\/","title":{"rendered":"Rute Pires"},"content":{"rendered":"","protected":false},"excerpt":{"rendered":"<div class=\"entry-summary\">\n<div class=\"entry-summary\">\nRute Pires Licenciada em Psicopedagogia \u00e9 colaboradora da Rumo desde setembro de 2000. Desde 2016 que para al\u00e9m de t\u00e9cnica superior, desenvolvendo v\u00e1rios projetos ao n\u00edvel da defici\u00eancia e forma\u00e7\u00e3o para p\u00fablicos desfavorecidos, na Rumo \u00e9 tamb\u00e9m Presidente do Conselho de Administra\u00e7\u00e3o. A Rumo tem participado como parceira social nos projetos promovidos em parceria com a Artemrede e neste momento \u00e9 tamb\u00e9m parceira no projeto Meio no Meio.\n<\/div>\n<\/div>","protected":false},"author":2,"featured_media":2461,"template":"templates\/intro-widgets.php","meta":{"om_disable_all_campaigns":false,"_monsterinsights_skip_tracking":false,"_monsterinsights_sitenote_active":false,"_monsterinsights_sitenote_note":"","_monsterinsights_sitenote_category":0},"tags":[],"staff_department":[224],"staff_position":[],"staff_specialty":[233],"class_list":["post-2425","wm_staff","type-wm_staff","status-publish","has-post-thumbnail","hentry","staff_department-impulso","staff_specialty-video3","entry"],"aioseo_notices":[],"uagb_featured_image_src":{"full":["https:\/\/www.artemrede.pt\/wp-content\/uploads\/2021\/05\/RUTE-PIRES-e1622308307786.jpeg",300,300,false],"thumbnail":["https:\/\/www.artemrede.pt\/wp-content\/uploads\/2021\/05\/RUTE-PIRES-e1622308299804-480x270.jpeg",480,270,true],"medium":["https:\/\/www.artemrede.pt\/wp-content\/uploads\/2021\/05\/RUTE-PIRES-e1622308299804-744x744.jpeg",744,744,true],"medium_large":["https:\/\/www.artemrede.pt\/wp-content\/uploads\/2021\/05\/RUTE-PIRES-e1622308307786.jpeg",300,300,false],"large":["https:\/\/www.artemrede.pt\/wp-content\/uploads\/2021\/05\/RUTE-PIRES-e1622308307786.jpeg",300,300,false],"1536x1536":["https:\/\/www.artemrede.pt\/wp-content\/uploads\/2021\/05\/RUTE-PIRES-1154x1536.jpeg",1154,1536,true],"2048x2048":["https:\/\/www.artemrede.pt\/wp-content\/uploads\/2021\/05\/RUTE-PIRES-e1622308307786.jpeg",300,300,false],"trp-custom-language-flag":["https:\/\/www.artemrede.pt\/wp-content\/uploads\/2021\/05\/RUTE-PIRES-e1622308299804-12x12.jpeg",12,12,true],"icelander-thumbnail":["https:\/\/www.artemrede.pt\/wp-content\/uploads\/2021\/05\/RUTE-PIRES-e1622308299804-744x372.jpeg",744,372,true],"icelander-square":["https:\/\/www.artemrede.pt\/wp-content\/uploads\/2021\/05\/RUTE-PIRES-e1622308299804-448x448.jpeg",448,448,true],"icelander-intro":["https:\/\/www.artemrede.pt\/wp-content\/uploads\/2021\/05\/RUTE-PIRES-e1622308299804-1163x1080.jpeg",1163,1080,true]},"uagb_author_info":{"display_name":"Bruno Castro","author_link":"https:\/\/www.artemrede.pt\/en\/author\/artred_bruno\/"},"uagb_comment_info":0,"uagb_excerpt":"Rute Pires Licenciada em Psicopedagogia \u00e9 colaboradora da Rumo desde setembro de 2000. Desde 2016 que para al\u00e9m de t\u00e9cnica superior, desenvolvendo v\u00e1rios projetos ao n\u00edvel da defici\u00eancia e forma\u00e7\u00e3o para p\u00fablicos desfavorecidos, na Rumo \u00e9 tamb\u00e9m Presidente do Conselho de Administra\u00e7\u00e3o. A Rumo tem participado como parceira social nos projetos promovidos em parceria com&hellip;","_links":{"self":[{"href":"https:\/\/www.artemrede.pt\/en\/wp-json\/wp\/v2\/wm_staff\/2425","targetHints":{"allow":["GET"]}}],"collection":[{"href":"https:\/\/www.artemrede.pt\/en\/wp-json\/wp\/v2\/wm_staff"}],"about":[{"href":"https:\/\/www.artemrede.pt\/en\/wp-json\/wp\/v2\/types\/wm_staff"}],"author":[{"embeddable":true,"href":"https:\/\/www.artemrede.pt\/en\/wp-json\/wp\/v2\/users\/2"}],"wp:featuredmedia":[{"embeddable":true,"href":"https:\/\/www.artemrede.pt\/en\/wp-json\/wp\/v2\/media\/2461"}],"wp:attachment":[{"href":"https:\/\/www.artemrede.pt\/en\/wp-json\/wp\/v2\/media?parent=2425"}],"wp:term":[{"taxonomy":"post_tag","embeddable":true,"href":"https:\/\/www.artemrede.pt\/en\/wp-json\/wp\/v2\/tags?post=2425"},{"taxonomy":"staff_department","embeddable":true,"href":"https:\/\/www.artemrede.pt\/en\/wp-json\/wp\/v2\/staff_department?post=2425"},{"taxonomy":"staff_position","embeddable":true,"href":"https:\/\/www.artemrede.pt\/en\/wp-json\/wp\/v2\/staff_position?post=2425"},{"taxonomy":"staff_specialty","embeddable":true,"href":"https:\/\/www.artemrede.pt\/en\/wp-json\/wp\/v2\/staff_specialty?post=2425"}],"curies":[{"name":"wp","href":"https:\/\/api.w.org\/{rel}","templated":true}]}}

<div class="entry-summary">
<div class="entry-summary">
Rute Pires Licenciada em Psicopedagogia é colaboradora da Rumo desde setembro de 2000. Desde 2016 que para além de técnica superior, desenvolvendo vários projetos ao nível da deficiência e formação para públicos desfavorecidos, na Rumo é também Presidente do Conselho de Administração. A Rumo tem participado como parceira social nos projetos promovidos em parceria com a Artemrede e neste momento é também parceira no projeto Meio no Meio.
</div>
</div>

Rute Pires Licenciada em Psicopedagogia é colaboradora da Rumo desde setembro de 2000. Desde 2016 que para além de técnica superior, desenvolvendo vários projetos ao nível da deficiência e formação para públicos desfavorecidos, na Rumo é também Presidente do Conselho de Administração. A Rumo tem participado como parceira social nos projetos promovidos em parceria com&hellip;
