{"id":4548,"date":"2025-11-06T17:06:12","date_gmt":"2025-11-06T17:06:12","guid":{"rendered":"https:\/\/www.artemrede.pt\/?post_type=wm_projects&#038;p=4548"},"modified":"2025-11-10T12:00:47","modified_gmt":"2025-11-10T12:00:47","slug":"antiprincesas-leonor","status":"publish","type":"wm_projects","link":"https:\/\/www.artemrede.pt\/en\/project\/antiprincesas-leonor\/","title":{"rendered":"ANTIPRINCESAS: LEONOR MARQUESA DE ALORNA"},"content":{"rendered":"<img loading=\"lazy\" decoding=\"async\" src=\"https:\/\/www.artemrede.pt\/wp-content\/uploads\/2025\/11\/Antiprincesas-LeonorMA_\u00a9EstelleValente.jpg\" alt=\"Antiprincesas-LeonorMA_\u00a9EstelleValente\" itemprop=\"image\" height=\"1000\" width=\"1500\" title=\"Antiprincesas-LeonorMA_\u00a9EstelleValente\" onerror=\"this.style.display='none'\"  \/>\n\t<h2>A marquesa de Alorna teve a inf\u00e2ncia marcada pela execu\u00e7\u00e3o p\u00fablica dos seus av\u00f3s, os marqueses de T\u00e1vora, acusados de um suposto atentado contra o rei D. Jos\u00e9 I, e pelo consequente enclausuramento de toda a fam\u00edlia. Ent\u00e3o com 8 anos, foi enviada para o convento de S\u00e3o F\u00e9lix em Chelas, onde permaneceu at\u00e9 aos 26 anos. Ali, Leonor manteve uma correspond\u00eancia secreta com o pai, que a tentou educar \u00e0 dist\u00e2ncia. Tornou-se uma escritora consagrada e uma mulher que nunca se deixou dominar, desafiando o poder pol\u00edtico e a Igreja em busca de justi\u00e7a e liberdade.<\/h2>\n<p>O ciclo foi inicialmente composto por uma s\u00e9rie de quatro espet\u00e1culos criados por Cl\u00e1udia Gaiolas a partir da colec\u00e7\u00e3o de livros Antiprincesas, editada pela Tinta da China e pela EGEAC, sobre mulheres que marcaram a hist\u00f3ria: a pintora mexicana Frida Kahlo, a compositora e cantora chilena Violeta Parra, a militar boliviana de origem ind\u00edgena Juana Azurduy e a escritora brasileira Clarice Lispector.<\/p>\n<p>Em 2020, motivada pelo desejo de continuar a homenagear mulheres exemplares e proporcionar aos mais novos modelos femininos alternativos, Cl\u00e1udia Gaiolas amplia o ciclo com duas novas Antiprincesas. Leonor, Marquesa de Alorna, poetisa consagrada que desafiou o poder pol\u00edtico e religioso em busca de justi\u00e7a e Carolina Beatriz \u00c2ngelo, m\u00e9dica, feminista, a primeira mulher a votar em Portugal e uma defensora da democracia e da liberdade.<\/p>\n\t<p><strong>.\u00a0 \u00a0 \u00a0 \u00a0.\u00a0 \u00a0 \u00a0 \u00a0.<\/strong><\/p>\n<p><strong>DURA\u00c7\u00c3O<\/strong> 40&#8242;<\/p>\n<p><strong>P\u00daBLICO-ALVO<\/strong> Crian\u00e7as e Fam\u00edlias<\/p>\n<p><strong>CLASSIFICA\u00c7\u00c3O ET\u00c1RIA<\/strong> M\/6<\/p>\n<p><strong>.\u00a0 \u00a0 \u00a0 \u00a0.\u00a0 \u00a0 \u00a0 \u00a0.<\/strong><\/p>\n\t\t\t\t<img loading=\"lazy\" decoding=\"async\" src=\"https:\/\/www.artemrede.pt\/wp-content\/uploads\/2025\/11\/peq-piratas-3.jpg\" alt=\"peq-piratas-3\" itemprop=\"image\" height=\"867\" width=\"1300\" title=\"peq-piratas-3\" onerror=\"this.style.display='none'\"  \/>\n\t\t\t\t<img loading=\"lazy\" decoding=\"async\" src=\"https:\/\/www.artemrede.pt\/wp-content\/uploads\/2025\/11\/peq-piratas-1.jpg\" alt=\"peq-piratas-1\" itemprop=\"image\" height=\"867\" width=\"1300\" title=\"peq-piratas-1\" onerror=\"this.style.display='none'\"  \/>\n\t\t\t\t<img loading=\"lazy\" decoding=\"async\" src=\"https:\/\/www.artemrede.pt\/wp-content\/uploads\/2025\/11\/peq-piratas-2-1024x683-1.jpg\" alt=\"peq-piratas-2-1024x683\" itemprop=\"image\" height=\"683\" width=\"1024\" title=\"peq-piratas-2-1024x683\" onerror=\"this.style.display='none'\"  \/>\n\t<h4><strong>Equipa e mais detalhes&#8230;<\/strong><\/h4>\n<p>Dire\u00e7\u00e3o Cl\u00e1udia Gaiolas<\/p>\n<p>Interpreta\u00e7\u00e3o Leonor Cabral<\/p>\n<p>Dramaturgia Alex Cassal<\/p>\n<p>Cenografia Carla Mart\u00ednez<\/p>\n<p>Figurinos Ainhoa Vidal<\/p>\n<p>Produ\u00e7\u00e3o executiva Armando Valente<\/p>\n<p>Uma encomenda S\u00e3o Luiz Teatro Municipal e EGEAC &#8211; Programa\u00e7\u00e3o em Espa\u00e7o P\u00fablico em coprodu\u00e7\u00e3o com Teatro Municipal do Porto e teatro meia volta e depois \u00e0 esquerda quando eu disser<\/p>\n<p>.\u00a0 \u00a0 \u00a0 \u00a0 .\u00a0 \u00a0 \u00a0 \u00a0 .<\/p>\n<p><strong>CL\u00c1UDIA GAIOLAS<\/strong><\/p>\nCom bacharelato pela Escola Superior de Teatro e Cinema, \u00e9 criadora, int\u00e9rprete e artista associada do teatro meia volta e depois \u00e0 esquerda quando eu disser.<br \/>\nTem trabalhado com diversas companhias: Mundo Perfeito, mala voadora, Truta, M\u00e1-Cria\u00e7\u00e3o, Teatro da Garagem, Homem Bala, e ainda Tiago Rodrigues, T\u00f3nan Quito, Paula Diogo, Giacomo Scalisi, Ant\u00f3nio Mercado, Andr\u00e9 Murra\u00e7as, Joaquim Horta, Madalena Victorino, Jean-Pierre Larroche, Rui Horta, Clara Andermatt, Martim Pedroso, \u00c0gnes Limbos, Dinarte Branco, Guilherme Garrido, Alfredo Martins, Alex Cassal, Keli Freitas e Raquel Andr\u00e9.<br \/>\nEncenou os espet\u00e1culos A Partir de Amanh\u00e3 e A Mulher que Parou, com textos de Tiago Rodrigues para o Alkantara; para o festival Materiais Diversos encenou: Os Terroristas e criou os espet\u00e1culos Solo Dom\u00e9stico e N\u00e3o Sou S\u00f3 Eu Aqui, este \u00faltimo com Rita Rio. Participou no laborat\u00f3rio TRYANGLE e desenvolveu o projeto TryRomance. Participa no espet\u00e1culo I DON&#8217;T BELONG HERE, com dire\u00e7\u00e3o de Dinarte Branco. Cocria O Grande Livro dos Pequenos Detalhes. Para o S\u00e3o Luiz Teatro Municipal, dirigiu o ciclo Antiprincesas; com Anabela Almeida e S\u00edlvia Filipe codirigiu o espet\u00e1culo As Tr\u00eas Sozinhas para o Teatro Nacional D. Maria II.<br \/>\nLecionou teatro no \u00e2mbito das &#8220;Oficinas de Teatro&#8221; promovidas pela C\u00e2mara Municipal de Lisboa. Realizou v\u00e1rias oficinas para a inf\u00e2ncia e juventude para o Artemrede, Teatro Maria Matos, CCB, Funda\u00e7\u00e3o Calouste Gulbenkian e F\u00f3rum Dan\u00e7a. Lecionou teatro entre 2001 e 2018 na Academia de M\u00fasica de Santa Cec\u00edlia (Lisboa).\n\t<h3><strong>Informa\u00e7\u00f5es e Bilheteiras<\/strong><\/h3>\n\t<strong>LISBOA<\/strong><br \/>\nAudit\u00f3rio da Biblioteca de Marvila<br \/>\n11 de novembro de 2025 | 10:30<br \/>\n12 de novembro de 2025 | 10:30\n\t\n<p>.\u00a0 \u00a0.\u00a0 \u00a0.<\/p>\nA lota\u00e7\u00e3o de cada espet\u00e1culo \u00e9 limitada e requer a reserva e\/ou levantamento pr\u00e9vio de bilhetes.<br \/>\nA aquisi\u00e7\u00e3o de bilhetes deve ser feita nas bilheteira habituais de cada espa\u00e7o de apresenta\u00e7\u00e3o. Recomendamos que se informe atempadamente sobre a aquisi\u00e7\u00e3o de bilhetes junto dos locais de apresenta\u00e7\u00e3o.<br \/>\nWe would like to thank everyone for their collaboration to follow the rules and recommendations indicated by those responsible for each presentation space.\n<p>Bom espet\u00e1culo!<\/p>\n\t<p>Imagem <em><strong>\u00a9Estelle Valente<\/strong><\/em><\/p>","protected":false},"excerpt":{"rendered":"<div class=\"entry-summary\">\n<div class=\"entry-summary\">\nRegresamos ao Ciclo AntiPrincesas, da Cl\u00e1udia Gaiolas, para conhecer Leonor, Marquesa de Alorna\n<\/div>\n<\/div>","protected":false},"author":3,"featured_media":4549,"template":"","meta":{"om_disable_all_campaigns":false,"_monsterinsights_skip_tracking":false,"_monsterinsights_sitenote_active":false,"_monsterinsights_sitenote_note":"","_monsterinsights_sitenote_category":0},"project_category":[275,163,351,269,162],"project_tag":[348,157],"class_list":["post-4548","wm_projects","type-wm_projects","status-publish","has-post-thumbnail","hentry","project_category-lisboa-territorios","project_category-lisboa","project_category-visionarios-25","project_category-territorios","project_category-visionarios","project_tag-criancas","project_tag-teatro","entry"],"aioseo_notices":[],"uagb_featured_image_src":{"full":["https:\/\/www.artemrede.pt\/wp-content\/uploads\/2025\/11\/Antiprincesas-LeonorMA_\u00a9EstelleValente.jpg",1500,1000,false],"thumbnail":["https:\/\/www.artemrede.pt\/wp-content\/uploads\/2025\/11\/Antiprincesas-LeonorMA_\u00a9EstelleValente-480x270.jpg",480,270,true],"medium":["https:\/\/www.artemrede.pt\/wp-content\/uploads\/2025\/11\/Antiprincesas-LeonorMA_\u00a9EstelleValente-744x496.jpg",744,496,true],"medium_large":["https:\/\/www.artemrede.pt\/wp-content\/uploads\/2025\/11\/Antiprincesas-LeonorMA_\u00a9EstelleValente-1200x800.jpg",1200,800,true],"large":["https:\/\/www.artemrede.pt\/wp-content\/uploads\/2025\/11\/Antiprincesas-LeonorMA_\u00a9EstelleValente-1200x800.jpg",1200,800,true],"1536x1536":["https:\/\/www.artemrede.pt\/wp-content\/uploads\/2025\/11\/Antiprincesas-LeonorMA_\u00a9EstelleValente.jpg",1500,1000,false],"2048x2048":["https:\/\/www.artemrede.pt\/wp-content\/uploads\/2025\/11\/Antiprincesas-LeonorMA_\u00a9EstelleValente.jpg",1500,1000,false],"trp-custom-language-flag":["https:\/\/www.artemrede.pt\/wp-content\/uploads\/2025\/11\/Antiprincesas-LeonorMA_\u00a9EstelleValente-18x12.jpg",18,12,true],"icelander-thumbnail":["https:\/\/www.artemrede.pt\/wp-content\/uploads\/2025\/11\/Antiprincesas-LeonorMA_\u00a9EstelleValente-744x372.jpg",744,372,true],"icelander-square":["https:\/\/www.artemrede.pt\/wp-content\/uploads\/2025\/11\/Antiprincesas-LeonorMA_\u00a9EstelleValente-448x448.jpg",448,448,true],"icelander-intro":["https:\/\/www.artemrede.pt\/wp-content\/uploads\/2025\/11\/Antiprincesas-LeonorMA_\u00a9EstelleValente.jpg",1500,1000,false]},"uagb_author_info":{"display_name":"In\u00eas Arromba","author_link":"https:\/\/www.artemrede.pt\/en\/author\/artred_arromba\/"},"uagb_comment_info":0,"uagb_excerpt":"Regresamos ao Ciclo AntiPrincesas, da Cl\u00e1udia Gaiolas, para conhecer Leonor, Marquesa de Alorna","_links":{"self":[{"href":"https:\/\/www.artemrede.pt\/en\/wp-json\/wp\/v2\/wm_projects\/4548","targetHints":{"allow":["GET"]}}],"collection":[{"href":"https:\/\/www.artemrede.pt\/en\/wp-json\/wp\/v2\/wm_projects"}],"about":[{"href":"https:\/\/www.artemrede.pt\/en\/wp-json\/wp\/v2\/types\/wm_projects"}],"author":[{"embeddable":true,"href":"https:\/\/www.artemrede.pt\/en\/wp-json\/wp\/v2\/users\/3"}],"wp:featuredmedia":[{"embeddable":true,"href":"https:\/\/www.artemrede.pt\/en\/wp-json\/wp\/v2\/media\/4549"}],"wp:attachment":[{"href":"https:\/\/www.artemrede.pt\/en\/wp-json\/wp\/v2\/media?parent=4548"}],"wp:term":[{"taxonomy":"project_category","embeddable":true,"href":"https:\/\/www.artemrede.pt\/en\/wp-json\/wp\/v2\/project_category?post=4548"},{"taxonomy":"project_tag","embeddable":true,"href":"https:\/\/www.artemrede.pt\/en\/wp-json\/wp\/v2\/project_tag?post=4548"}],"curies":[{"name":"wp","href":"https:\/\/api.w.org\/{rel}","templated":true}]}}

<img loading="lazy" decoding="async" src="https://www.artemrede.pt/wp-content/uploads/2025/11/Antiprincesas-LeonorMA_©EstelleValente.jpg" alt="Antiprincesas-LeonorMA_©EstelleValente" itemprop="image" height="1000" width="1500" title="Antiprincesas-LeonorMA_©EstelleValente" onerror="this.style.display='none'"  />
	<h2>A marquesa de Alorna teve a infância marcada pela execução pública dos seus avós, os marqueses de Távora, acusados de um suposto atentado contra o rei D. José I, e pelo consequente enclausuramento de toda a família. Então com 8 anos, foi enviada para o convento de São Félix em Chelas, onde permaneceu até aos 26 anos. Ali, Leonor manteve uma correspondência secreta com o pai, que a tentou educar à distância. Tornou-se uma escritora consagrada e uma mulher que nunca se deixou dominar, desafiando o poder político e a Igreja em busca de justiça e liberdade.</h2>
<p>O ciclo foi inicialmente composto por uma série de quatro espetáculos criados por Cláudia Gaiolas a partir da colecção de livros Antiprincesas, editada pela Tinta da China e pela EGEAC, sobre mulheres que marcaram a história: a pintora mexicana Frida Kahlo, a compositora e cantora chilena Violeta Parra, a militar boliviana de origem indígena Juana Azurduy e a escritora brasileira Clarice Lispector.</p>
<p>Em 2020, motivada pelo desejo de continuar a homenagear mulheres exemplares e proporcionar aos mais novos modelos femininos alternativos, Cláudia Gaiolas amplia o ciclo com duas novas Antiprincesas. Leonor, Marquesa de Alorna, poetisa consagrada que desafiou o poder político e religioso em busca de justiça e Carolina Beatriz Ângelo, médica, feminista, a primeira mulher a votar em Portugal e uma defensora da democracia e da liberdade.</p>
	<p><strong>.       .       .</strong></p>
<p><strong>DURAÇÃO</strong> 40&#8242;</p>
<p><strong>PÚBLICO-ALVO</strong> Crianças e Famílias</p>
<p><strong>CLASSIFICAÇÃO ETÁRIA</strong> M/6</p>
<p><strong>.       .       .</strong></p>
				<img loading="lazy" decoding="async" src="https://www.artemrede.pt/wp-content/uploads/2025/11/peq-piratas-3.jpg" alt="peq-piratas-3" itemprop="image" height="867" width="1300" title="peq-piratas-3" onerror="this.style.display='none'"  />
				<img loading="lazy" decoding="async" src="https://www.artemrede.pt/wp-content/uploads/2025/11/peq-piratas-1.jpg" alt="peq-piratas-1" itemprop="image" height="867" width="1300" title="peq-piratas-1" onerror="this.style.display='none'"  />
				<img loading="lazy" decoding="async" src="https://www.artemrede.pt/wp-content/uploads/2025/11/peq-piratas-2-1024x683-1.jpg" alt="peq-piratas-2-1024x683" itemprop="image" height="683" width="1024" title="peq-piratas-2-1024x683" onerror="this.style.display='none'"  />
	<h4><strong>Equipa e mais detalhes&#8230;</strong></h4>
<p>Direção Cláudia Gaiolas</p>
<p>Interpretação Leonor Cabral</p>
<p>Dramaturgia Alex Cassal</p>
<p>Cenografia Carla Martínez</p>
<p>Figurinos Ainhoa Vidal</p>
<p>Produção executiva Armando Valente</p>
<p>Uma encomenda São Luiz Teatro Municipal e EGEAC &#8211; Programação em Espaço Público em coprodução com Teatro Municipal do Porto e teatro meia volta e depois à esquerda quando eu disser</p>
<p>.        .        .</p>
<p><strong>CLÁUDIA GAIOLAS</strong></p>
Com bacharelato pela Escola Superior de Teatro e Cinema, é criadora, intérprete e artista associada do teatro meia volta e depois à esquerda quando eu disser.<br />
Tem trabalhado com diversas companhias: Mundo Perfeito, mala voadora, Truta, Má-Criação, Teatro da Garagem, Homem Bala, e ainda Tiago Rodrigues, Tónan Quito, Paula Diogo, Giacomo Scalisi, António Mercado, André Murraças, Joaquim Horta, Madalena Victorino, Jean-Pierre Larroche, Rui Horta, Clara Andermatt, Martim Pedroso, Àgnes Limbos, Dinarte Branco, Guilherme Garrido, Alfredo Martins, Alex Cassal, Keli Freitas e Raquel André.<br />
Encenou os espetáculos A Partir de Amanhã e A Mulher que Parou, com textos de Tiago Rodrigues para o Alkantara; para o festival Materiais Diversos encenou: Os Terroristas e criou os espetáculos Solo Doméstico e Não Sou Só Eu Aqui, este último com Rita Rio. Participou no laboratório TRYANGLE e desenvolveu o projeto TryRomance. Participa no espetáculo I DON&#8217;T BELONG HERE, com direção de Dinarte Branco. Cocria O Grande Livro dos Pequenos Detalhes. Para o São Luiz Teatro Municipal, dirigiu o ciclo Antiprincesas; com Anabela Almeida e Sílvia Filipe codirigiu o espetáculo As Três Sozinhas para o Teatro Nacional D. Maria II.<br />
Lecionou teatro no âmbito das &#8220;Oficinas de Teatro&#8221; promovidas pela Câmara Municipal de Lisboa. Realizou várias oficinas para a infância e juventude para o Artemrede, Teatro Maria Matos, CCB, Fundação Calouste Gulbenkian e Fórum Dança. Lecionou teatro entre 2001 e 2018 na Academia de Música de Santa Cecília (Lisboa).
	<h3><strong>Informações e Bilheteiras</strong></h3>
	<strong>LISBOA</strong><br />
Auditório da Biblioteca de Marvila<br />
11 de novembro de 2025 | 10:30<br />
12 de novembro de 2025 | 10:30
	
<p>.   .   .</p>
A lotação de cada espetáculo é limitada e requer a reserva e/ou levantamento prévio de bilhetes.<br />
A aquisição de bilhetes deve ser feita nas bilheteira habituais de cada espaço de apresentação. Recomendamos que se informe atempadamente sobre a aquisição de bilhetes junto dos locais de apresentação.<br />
We would like to thank everyone for their collaboration to follow the rules and recommendations indicated by those responsible for each presentation space.
<p>Bom espetáculo!</p>
	<p>Imagem <em><strong>©Estelle Valente</strong></em></p>

<div class="entry-summary">
<div class="entry-summary">
Regresamos ao Ciclo AntiPrincesas, da Cláudia Gaiolas, para conhecer Leonor, Marquesa de Alorna
</div>
</div>

Inês Arromba

Regresamos ao Ciclo AntiPrincesas, da Cláudia Gaiolas, para conhecer Leonor, Marquesa de Alorna
