{"id":3535,"date":"2023-02-13T18:22:30","date_gmt":"2023-02-13T18:22:30","guid":{"rendered":"https:\/\/www.artemrede.pt\/?post_type=wm_projects&#038;p=3535"},"modified":"2024-06-14T15:51:12","modified_gmt":"2024-06-14T15:51:12","slug":"dias-abertos-2023","status":"publish","type":"wm_projects","link":"https:\/\/www.artemrede.pt\/en\/project\/dias-abertos-2023\/","title":{"rendered":"DIAS ABERTOS 2023"},"content":{"rendered":"<img loading=\"lazy\" decoding=\"async\" src=\"https:\/\/www.artemrede.pt\/wp-content\/uploads\/2023\/02\/photo_2023-02-13-18.54.44.jpeg\" alt=\"photo_2023-02-13 18.54.44\" itemprop=\"image\" height=\"440\" width=\"1206\" title=\"photo_2023-02-13 18.54.44\" onerror=\"this.style.display='none'\"  \/>\n\t<p>&nbsp;<\/p>\n<p>DIAS ABERTOS DA ARTEMREDE!<\/p>\n<p>Em 2023 a Artemrede completa 18 anos de atividade e, para celebrar a maioridade, vai organizar uma festa. Ser\u00e3o dois de dias dedicados ao encontro, \u00e0 partilha e ao debate, com todos aqueles que constroem a rede e todos os que quiserem juntar-se a n\u00f3s. Vamos mostrar o que estamos a fazer e como, vamos falar-vos das nossas inquieta\u00e7\u00f5es e aspira\u00e7\u00f5es, queremos ouvir as vossas d\u00favidas e propostas. Estamos em processo de balan\u00e7o estrat\u00e9gico e de defini\u00e7\u00e3o de novos caminhos at\u00e9 2025. Queremos tra\u00e7ar esse novo rumo com parceiros, c\u00famplices e amigos; com artistas, programadores, mediadores, autarcas, espectadores; com conhecedores, curiosos e cr\u00edticos. Os Dias Abertos da Artemrede ser\u00e3o, assim, momentos de escuta e de di\u00e1logo, nos quais poderemos imaginar qualquer cen\u00e1rio e projetar v\u00e1rios futuros.<\/p>\n<p><strong><img decoding=\"async\" role=\"img\" draggable=\"false\" src=\"https:\/\/s.w.org\/images\/core\/emoji\/14.0.0\/svg\/23f0.svg\" alt=\"\u23f0\" \/> Em que data?\u00a0<\/strong><\/p>\n<p>15 e 16 de Mar\u00e7o, sendo que o primeiro dia \u00e9 o dia aberto ao exterior e no segundo dia \u00e9 o dia de envolvimento das equipas municipais das outras \u00e1reas governativas.<\/p>\n<p><img decoding=\"async\" role=\"img\" draggable=\"false\" src=\"https:\/\/s.w.org\/images\/core\/emoji\/14.0.0\/svg\/1f30d.svg\" alt=\"\ud83c\udf0d\" \/> <strong>Onde? <\/strong><\/p>\n<p><a href=\"https:\/\/cac-tvedras.pt\/\">Teatro Cine + CAC &#8211; Centro de Artes e Criatividade<\/a>, em Torres Vedras<\/p>\n<p><strong><img decoding=\"async\" role=\"img\" draggable=\"false\" src=\"https:\/\/s.w.org\/images\/core\/emoji\/14.0.0\/svg\/23f0.svg\" alt=\"\u23f0\" \/> Com quem?<\/strong><\/p>\n<p>Artistas, programadores, mediadores, autarcas e t\u00e9cnicos municipais\u00a0<\/p>\n<hr \/>\n<h1>PROGRAMA<\/h1>\n<h2><mark><strong data-wp-editing=\"1\">\u00a0 15 de Mar\u00e7o 2023\u00a0<\/strong><\/mark><\/h2>\n<p>Participantes:<\/p>\n<ul>\n<li>Associados Artemrede: Cultura e Desenvolvimento Sustent\u00e1vel<\/li>\n<li>Convidados externos<\/li>\n<\/ul>\n<hr \/>\n<p>LOCAL MANH\u00c3: Teatro-Cine de Torres Vedras<\/p>\n<img decoding=\"async\" role=\"img\" draggable=\"false\" src=\"https:\/\/s.w.org\/images\/core\/emoji\/14.0.0\/svg\/25b6.svg\" alt=\"\u25b6\ufe0f\" \/> 9h30 &#8211; Acolhimento e Boas-vindas\u00a0<br \/>\n<img decoding=\"async\" role=\"img\" draggable=\"false\" src=\"https:\/\/s.w.org\/images\/core\/emoji\/14.0.0\/svg\/25b6.svg\" alt=\"\u25b6\ufe0f\" \/> 10h00 &#8211; Redes territoriais: construir novas proximidades, refor\u00e7ar capacidade coletiva, aumentar potencial transformador | Jo\u00e3o Ferr\u00e3o<br \/>\n<img decoding=\"async\" role=\"img\" draggable=\"false\" src=\"https:\/\/s.w.org\/images\/core\/emoji\/14.0.0\/svg\/25b6.svg\" alt=\"\u25b6\ufe0f\" \/> 10h45 &#8211; Apresenta\u00e7\u00e3o da Artemrede |\u00a0 \u00a0 \u00a0 \u00a0 \u00a0 \n<ul>\n<li><i>Dados e fatos<\/i><\/li>\n<li><em>Programa\u00e7\u00e3o e Projetos:<\/em>\n<ul>\n<li><em>Arte e Coes\u00e3o Social<\/em><\/li>\n<li><em>Coprodu\u00e7\u00f5es \/ Participa\u00e7\u00e3o<\/em><\/li>\n<li><em>Media\u00e7\u00e3o e desenvolvimento de p\u00fablicos<\/em><\/li>\n<li><em>Internacionaliza\u00e7\u00e3o<\/em><\/li>\n<\/ul>\n<\/li>\n<li><em>Reflex\u00e3o e Planeamento<\/em><\/li>\n<\/ul>\nLOCAL TARDE: Centro de Artes e Criatividade\n<img decoding=\"async\" role=\"img\" draggable=\"false\" src=\"https:\/\/s.w.org\/images\/core\/emoji\/14.0.0\/svg\/1f357.svg\" alt=\"\ud83c\udf57\" \/> 13h &#8211; Almo\u00e7o <img decoding=\"async\" role=\"img\" draggable=\"false\" src=\"https:\/\/s.w.org\/images\/core\/emoji\/14.0.0\/svg\/1f357.svg\" alt=\"\ud83c\udf57\" \/>\n<img decoding=\"async\" role=\"img\" draggable=\"false\" src=\"https:\/\/s.w.org\/images\/core\/emoji\/14.0.0\/svg\/25b6.svg\" alt=\"\u25b6\ufe0f\" \/> 14h30 \u00e0s 16h00 &#8211; Grupos de Di\u00e1logo Aberto: Programa\u00e7\u00e3o e media\u00e7\u00e3o | Comunica\u00e7\u00e3o e marca | Pol\u00edtica e planeamento<br \/>\n<img decoding=\"async\" role=\"img\" draggable=\"false\" src=\"https:\/\/s.w.org\/images\/core\/emoji\/14.0.0\/svg\/25b6.svg\" alt=\"\u25b6\ufe0f\" \/> 16h30 &#8211; Partilha de ideias discutidas<br \/>\n17h30 &#8211; Encerramento do dia (trabalhos)<br \/>\n<img decoding=\"async\" role=\"img\" draggable=\"false\" src=\"https:\/\/s.w.org\/images\/core\/emoji\/14.0.0\/svg\/25b6.svg\" alt=\"\u25b6\ufe0f\" \/> 19h00 &#8211; OMIRI &#8211; concerto no Teatro-Cine de Torres Vedras\n<hr \/>\n<h2><mark>\u00a0 16 de Mar\u00e7o 2023\u00a0<\/mark><\/h2>\n<p>Participantes:<\/p>\n<ul>\n<li>Associados Artemrede: Cultura e outras \u00e1reas do desenvolvimento sustent\u00e1vel<\/li>\n<\/ul>\n<hr \/>\n<p>LOCAL: Centro de Artes e Criatividade<\/p>\n<img decoding=\"async\" role=\"img\" draggable=\"false\" src=\"https:\/\/s.w.org\/images\/core\/emoji\/14.0.0\/svg\/25b6.svg\" alt=\"\u25b6\ufe0f\" \/> 10h00 &#8211; Visita livre ao CAC<br \/>\n<img decoding=\"async\" role=\"img\" draggable=\"false\" src=\"https:\/\/s.w.org\/images\/core\/emoji\/14.0.0\/svg\/25b6.svg\" alt=\"\u25b6\ufe0f\" \/> 10h45 &#8211; &#8220;A cultura como pilar do desenvolvimento sustent\u00e1vel&#8221; | Jordi Pascual (Coordenador, Comit\u00e9 da Cultura, Cidades e Governos Locais Unidos)<br \/>\n<img decoding=\"async\" role=\"img\" draggable=\"false\" src=\"https:\/\/s.w.org\/images\/core\/emoji\/14.0.0\/svg\/25b6.svg\" alt=\"\u25b6\ufe0f\" \/> 11h30 &#8211; Planeamento estrat\u00e9gico: apresenta\u00e7\u00e3o dos t\u00f3picos\u00a0<br \/>\n<img decoding=\"async\" role=\"img\" draggable=\"false\" src=\"https:\/\/s.w.org\/images\/core\/emoji\/14.0.0\/svg\/25b6.svg\" alt=\"\u25b6\ufe0f\" \/> 12h00 &#8211; Grupos de trabalho<br \/>\n<img decoding=\"async\" role=\"img\" draggable=\"false\" src=\"https:\/\/s.w.org\/images\/core\/emoji\/14.0.0\/svg\/1f357.svg\" alt=\"\ud83c\udf57\" \/> 13h15 &#8211; Almo\u00e7o <img decoding=\"async\" role=\"img\" draggable=\"false\" src=\"https:\/\/s.w.org\/images\/core\/emoji\/14.0.0\/svg\/1f357.svg\" alt=\"\ud83c\udf57\" \/><br \/>\n<img decoding=\"async\" role=\"img\" draggable=\"false\" src=\"https:\/\/s.w.org\/images\/core\/emoji\/14.0.0\/svg\/25b6.svg\" alt=\"\u25b6\ufe0f\" \/> 15h00 &#8211; Planeamento estrat\u00e9gico: apresenta\u00e7\u00e3o dos t\u00f3picos<br \/>\n<img decoding=\"async\" role=\"img\" draggable=\"false\" src=\"https:\/\/s.w.org\/images\/core\/emoji\/14.0.0\/svg\/25b6.svg\" alt=\"\u25b6\ufe0f\" \/> 15h30 -Grupos de trabalho<br \/>\n<img decoding=\"async\" role=\"img\" draggable=\"false\" src=\"https:\/\/s.w.org\/images\/core\/emoji\/14.0.0\/svg\/25b6.svg\" alt=\"\u25b6\ufe0f\" \/> 16h30 &#8211; S\u00edntese<br \/>\n<img decoding=\"async\" role=\"img\" draggable=\"false\" src=\"https:\/\/s.w.org\/images\/core\/emoji\/14.0.0\/svg\/25b6.svg\" alt=\"\u25b6\ufe0f\" \/> 17h30 &#8211; Encerramento\n<p>&nbsp;<\/p>\n<p>&nbsp;<\/p>\n\t<strong>CAC &#8211; Centro de Artes e Criatividade<br \/>\n<\/strong><strong> TORRES VEDRAS<\/strong>\nRua Leonel Trindade<br \/>\n2560-612 Torres Vedras","protected":false},"excerpt":{"rendered":"<div class=\"entry-summary\">\n<div class=\"entry-summary\">\nEncontro | Partilha | Debate | 15 + 16 MAR 2023 | Torres Vedras\n<\/div>\n<\/div>","protected":false},"author":2,"featured_media":3536,"template":"","meta":{"om_disable_all_campaigns":false,"_monsterinsights_skip_tracking":false,"_monsterinsights_sitenote_active":false,"_monsterinsights_sitenote_note":"","_monsterinsights_sitenote_category":0},"project_category":[49,322,48,319],"project_tag":[83],"class_list":["post-3535","wm_projects","type-wm_projects","status-publish","has-post-thumbnail","hentry","project_category-artemrede","project_category-multidisciplinar-temporada_22-23","project_category-politica-cultural","project_category-temporada_22-23","project_tag-performance","entry"],"aioseo_notices":[],"uagb_featured_image_src":{"full":["https:\/\/www.artemrede.pt\/wp-content\/uploads\/2023\/02\/photo_2023-02-13-18.54.44.jpeg",1206,440,false],"thumbnail":["https:\/\/www.artemrede.pt\/wp-content\/uploads\/2023\/02\/photo_2023-02-13-18.54.44-480x270.jpeg",480,270,true],"medium":["https:\/\/www.artemrede.pt\/wp-content\/uploads\/2023\/02\/photo_2023-02-13-18.54.44-744x271.jpeg",744,271,true],"medium_large":["https:\/\/www.artemrede.pt\/wp-content\/uploads\/2023\/02\/photo_2023-02-13-18.54.44-1200x438.jpeg",1200,438,true],"large":["https:\/\/www.artemrede.pt\/wp-content\/uploads\/2023\/02\/photo_2023-02-13-18.54.44-1200x438.jpeg",1200,438,true],"1536x1536":["https:\/\/www.artemrede.pt\/wp-content\/uploads\/2023\/02\/photo_2023-02-13-18.54.44.jpeg",1206,440,false],"2048x2048":["https:\/\/www.artemrede.pt\/wp-content\/uploads\/2023\/02\/photo_2023-02-13-18.54.44.jpeg",1206,440,false],"trp-custom-language-flag":["https:\/\/www.artemrede.pt\/wp-content\/uploads\/2023\/02\/photo_2023-02-13-18.54.44-18x7.jpeg",18,7,true],"icelander-thumbnail":["https:\/\/www.artemrede.pt\/wp-content\/uploads\/2023\/02\/photo_2023-02-13-18.54.44-744x372.jpeg",744,372,true],"icelander-square":["https:\/\/www.artemrede.pt\/wp-content\/uploads\/2023\/02\/photo_2023-02-13-18.54.44-448x440.jpeg",448,440,true],"icelander-intro":["https:\/\/www.artemrede.pt\/wp-content\/uploads\/2023\/02\/photo_2023-02-13-18.54.44.jpeg",1206,440,false]},"uagb_author_info":{"display_name":"Bruno Castro","author_link":"https:\/\/www.artemrede.pt\/en\/author\/artred_bruno\/"},"uagb_comment_info":0,"uagb_excerpt":"Encontro | Partilha | Debate | 15 + 16 MAR 2023 | Torres Vedras","_links":{"self":[{"href":"https:\/\/www.artemrede.pt\/en\/wp-json\/wp\/v2\/wm_projects\/3535","targetHints":{"allow":["GET"]}}],"collection":[{"href":"https:\/\/www.artemrede.pt\/en\/wp-json\/wp\/v2\/wm_projects"}],"about":[{"href":"https:\/\/www.artemrede.pt\/en\/wp-json\/wp\/v2\/types\/wm_projects"}],"author":[{"embeddable":true,"href":"https:\/\/www.artemrede.pt\/en\/wp-json\/wp\/v2\/users\/2"}],"wp:featuredmedia":[{"embeddable":true,"href":"https:\/\/www.artemrede.pt\/en\/wp-json\/wp\/v2\/media\/3536"}],"wp:attachment":[{"href":"https:\/\/www.artemrede.pt\/en\/wp-json\/wp\/v2\/media?parent=3535"}],"wp:term":[{"taxonomy":"project_category","embeddable":true,"href":"https:\/\/www.artemrede.pt\/en\/wp-json\/wp\/v2\/project_category?post=3535"},{"taxonomy":"project_tag","embeddable":true,"href":"https:\/\/www.artemrede.pt\/en\/wp-json\/wp\/v2\/project_tag?post=3535"}],"curies":[{"name":"wp","href":"https:\/\/api.w.org\/{rel}","templated":true}]}}

<img loading="lazy" decoding="async" src="https://www.artemrede.pt/wp-content/uploads/2023/02/photo_2023-02-13-18.54.44.jpeg" alt="photo_2023-02-13 18.54.44" itemprop="image" height="440" width="1206" title="photo_2023-02-13 18.54.44" onerror="this.style.display='none'"  />
	<p>&nbsp;</p>
<p>DIAS ABERTOS DA ARTEMREDE!</p>
<p>Em 2023 a Artemrede completa 18 anos de atividade e, para celebrar a maioridade, vai organizar uma festa. Serão dois de dias dedicados ao encontro, à partilha e ao debate, com todos aqueles que constroem a rede e todos os que quiserem juntar-se a nós. Vamos mostrar o que estamos a fazer e como, vamos falar-vos das nossas inquietações e aspirações, queremos ouvir as vossas dúvidas e propostas. Estamos em processo de balanço estratégico e de definição de novos caminhos até 2025. Queremos traçar esse novo rumo com parceiros, cúmplices e amigos; com artistas, programadores, mediadores, autarcas, espectadores; com conhecedores, curiosos e críticos. Os Dias Abertos da Artemrede serão, assim, momentos de escuta e de diálogo, nos quais poderemos imaginar qualquer cenário e projetar vários futuros.</p>
<p><strong><img decoding="async" role="img" draggable="false" src="https://s.w.org/images/core/emoji/14.0.0/svg/23f0.svg" alt="⏰" /> Em que data? </strong></p>
<p>15 e 16 de Março, sendo que o primeiro dia é o dia aberto ao exterior e no segundo dia é o dia de envolvimento das equipas municipais das outras áreas governativas.</p>
<p><img decoding="async" role="img" draggable="false" src="https://s.w.org/images/core/emoji/14.0.0/svg/1f30d.svg" alt="🌍" /> <strong>Onde? </strong></p>
<p><a href="https://cac-tvedras.pt/">Teatro Cine + CAC &#8211; Centro de Artes e Criatividade</a>, em Torres Vedras</p>
<p><strong><img decoding="async" role="img" draggable="false" src="https://s.w.org/images/core/emoji/14.0.0/svg/23f0.svg" alt="⏰" /> Com quem?</strong></p>
<p>Artistas, programadores, mediadores, autarcas e técnicos municipais </p>
<hr />
<h1>PROGRAMA</h1>
<h2><mark><strong data-wp-editing="1">  15 de Março 2023 </strong></mark></h2>
<p>Participantes:</p>
<ul>
<li>Associados Artemrede: Cultura e Desenvolvimento Sustentável</li>
<li>Convidados externos</li>
</ul>
<hr />
<p>LOCAL MANHÃ: Teatro-Cine de Torres Vedras</p>
<img decoding="async" role="img" draggable="false" src="https://s.w.org/images/core/emoji/14.0.0/svg/25b6.svg" alt="▶️" /> 9h30 &#8211; Acolhimento e Boas-vindas <br />
<img decoding="async" role="img" draggable="false" src="https://s.w.org/images/core/emoji/14.0.0/svg/25b6.svg" alt="▶️" /> 10h00 &#8211; Redes territoriais: construir novas proximidades, reforçar capacidade coletiva, aumentar potencial transformador | João Ferrão<br />
<img decoding="async" role="img" draggable="false" src="https://s.w.org/images/core/emoji/14.0.0/svg/25b6.svg" alt="▶️" /> 10h45 &#8211; Apresentação da Artemrede |          
<ul>
<li><i>Dados e fatos</i></li>
<li><em>Programação e Projetos:</em>
<ul>
<li><em>Arte e Coesão Social</em></li>
<li><em>Coproduções / Participação</em></li>
<li><em>Mediação e desenvolvimento de públicos</em></li>
<li><em>Internacionalização</em></li>
</ul>
</li>
<li><em>Reflexão e Planeamento</em></li>
</ul>
LOCAL TARDE: Centro de Artes e Criatividade
<img decoding="async" role="img" draggable="false" src="https://s.w.org/images/core/emoji/14.0.0/svg/1f357.svg" alt="🍗" /> 13h &#8211; Almoço <img decoding="async" role="img" draggable="false" src="https://s.w.org/images/core/emoji/14.0.0/svg/1f357.svg" alt="🍗" />
<img decoding="async" role="img" draggable="false" src="https://s.w.org/images/core/emoji/14.0.0/svg/25b6.svg" alt="▶️" /> 14h30 às 16h00 &#8211; Grupos de Diálogo Aberto: Programação e mediação | Comunicação e marca | Política e planeamento<br />
<img decoding="async" role="img" draggable="false" src="https://s.w.org/images/core/emoji/14.0.0/svg/25b6.svg" alt="▶️" /> 16h30 &#8211; Partilha de ideias discutidas<br />
17h30 &#8211; Encerramento do dia (trabalhos)<br />
<img decoding="async" role="img" draggable="false" src="https://s.w.org/images/core/emoji/14.0.0/svg/25b6.svg" alt="▶️" /> 19h00 &#8211; OMIRI &#8211; concerto no Teatro-Cine de Torres Vedras
<hr />
<h2><mark>  16 de Março 2023 </mark></h2>
<p>Participantes:</p>
<ul>
<li>Associados Artemrede: Cultura e outras áreas do desenvolvimento sustentável</li>
</ul>
<hr />
<p>LOCAL: Centro de Artes e Criatividade</p>
<img decoding="async" role="img" draggable="false" src="https://s.w.org/images/core/emoji/14.0.0/svg/25b6.svg" alt="▶️" /> 10h00 &#8211; Visita livre ao CAC<br />
<img decoding="async" role="img" draggable="false" src="https://s.w.org/images/core/emoji/14.0.0/svg/25b6.svg" alt="▶️" /> 10h45 &#8211; &#8220;A cultura como pilar do desenvolvimento sustentável&#8221; | Jordi Pascual (Coordenador, Comité da Cultura, Cidades e Governos Locais Unidos)<br />
<img decoding="async" role="img" draggable="false" src="https://s.w.org/images/core/emoji/14.0.0/svg/25b6.svg" alt="▶️" /> 11h30 &#8211; Planeamento estratégico: apresentação dos tópicos <br />
<img decoding="async" role="img" draggable="false" src="https://s.w.org/images/core/emoji/14.0.0/svg/25b6.svg" alt="▶️" /> 12h00 &#8211; Grupos de trabalho<br />
<img decoding="async" role="img" draggable="false" src="https://s.w.org/images/core/emoji/14.0.0/svg/1f357.svg" alt="🍗" /> 13h15 &#8211; Almoço <img decoding="async" role="img" draggable="false" src="https://s.w.org/images/core/emoji/14.0.0/svg/1f357.svg" alt="🍗" /><br />
<img decoding="async" role="img" draggable="false" src="https://s.w.org/images/core/emoji/14.0.0/svg/25b6.svg" alt="▶️" /> 15h00 &#8211; Planeamento estratégico: apresentação dos tópicos<br />
<img decoding="async" role="img" draggable="false" src="https://s.w.org/images/core/emoji/14.0.0/svg/25b6.svg" alt="▶️" /> 15h30 -Grupos de trabalho<br />
<img decoding="async" role="img" draggable="false" src="https://s.w.org/images/core/emoji/14.0.0/svg/25b6.svg" alt="▶️" /> 16h30 &#8211; Síntese<br />
<img decoding="async" role="img" draggable="false" src="https://s.w.org/images/core/emoji/14.0.0/svg/25b6.svg" alt="▶️" /> 17h30 &#8211; Encerramento
<p>&nbsp;</p>
<p>&nbsp;</p>
	<strong>CAC &#8211; Centro de Artes e Criatividade<br />
</strong><strong> TORRES VEDRAS</strong>
Rua Leonel Trindade<br />
2560-612 Torres Vedras
