{"id":3234,"date":"2022-05-23T10:29:24","date_gmt":"2022-05-23T10:29:24","guid":{"rendered":"https:\/\/www.artemrede.pt\/?post_type=wm_projects&#038;p=3234"},"modified":"2022-05-23T11:42:49","modified_gmt":"2022-05-23T11:42:49","slug":"recanto","status":"publish","type":"wm_projects","link":"https:\/\/www.artemrede.pt\/en\/project\/recanto\/","title":{"rendered":"RECANTO"},"content":{"rendered":"<h2>Um cancioneiro de um grupo coral \u00e9 um organismo vivo. Faz-se de fontes m\u00faltiplas, influ\u00eancias e vontades e \u00e9 um tra\u00e7o da identidade local. Em 2022, os rappers Capicua e Nerve v\u00e3o dialogar com os grupos corais de Abrantes e Louri\u00e7al (Pombal), conhecendo lendas locais e hist\u00f3rias de vida, e trabalhando sobre esse material. O resultado: 2 territ\u00f3rios, 2 rappers, 2 grupos corais, 2 espet\u00e1culos finais, um\u00a0 document\u00e1rio, um \u00b4making of\u00b4 e as grava\u00e7\u00f5es audio do\u00a0 cancioneiro renovado. Duas realidades de cultura em palco.<\/h2>\n\t\t\t\t<img loading=\"lazy\" decoding=\"async\" src=\"https:\/\/www.artemrede.pt\/wp-content\/uploads\/2022\/05\/RECANTO-exemplo-2-11-448x448.jpg\" alt=\"RECANTO exemplo 2-11\" itemprop=\"image\" height=\"448\" width=\"448\" title=\"RECANTO exemplo 2-11\" onerror=\"this.style.display='none'\"  \/>\n\tArtistas: Capicua &amp; Nerve | Cant&#8217;Abrantes e Coro Misto do Orfe\u00e3o de Abrantes\u00a0+ Grupo de Cavaquinhos do Louri\u00e7al (Pombal)<br \/>\nG\u00e9nero Art\u00edstico: M\u00fasica<br \/>\nClassifica\u00e7\u00e3o et\u00e1ria: M\/6<br \/>\nDura\u00e7\u00e3o: 120&#8242;\n<h4>Touring in Artemrede's Territories:<\/h4>\n<strong>ABRANTES<\/strong> \u00a0\u00a0 Parque Urbano de S\u00e3o Louren\u00e7o<br \/>\n28 de maio de 2022, s\u00e1bado, \u00e0s 21:30\n<strong>POMBAL<\/strong>\u00a0 \u00a0 Largo Dom Lu\u00eds Meneses (Louri\u00e7al)<br \/>\n18 de junho de 2022, s\u00e1bado, \u00e0s 21h30\n<p><strong>FICHA ART\u00cdSTICA E T\u00c9CNICA<\/strong><\/p>\n<p>Respons\u00e1vel do projeto \/ escrita criativa: <strong>Capicua<\/strong> Escrita criativa: <strong>Nerve<\/strong> Grupos Locais: <strong>Cant&#8217;Abrantes e Coro Misto do Orfe\u00e3o de Abrantes\u00a0+ Grupo de Cavaquinhos do Louri\u00e7al (Pombal)<\/strong> Videasta: <strong>Andr\u00e9 Tent\u00fagal<\/strong> Capta\u00e7\u00e3o de som nas recolhas: <strong>Pedro Geraldes e Diego Sousa<\/strong> Rider e opera\u00e7\u00e3o de som de frente <strong>Eduardo Maltez<\/strong> Assistente de projeto <strong>M\u00e1rio Castro<\/strong> Produ\u00e7\u00e3o executiva <strong>Ana Moitinho <\/strong>Coprodu\u00e7\u00e3o <strong>Artemrede <\/strong>no \u00e2mbito do projeto<strong> <em>Territ\u00f3rios Pertinentes<\/em> <\/strong>com o apoio dos<strong> Munic\u00edpios de Abrantes e Pombal <\/strong>Apoio<strong> Centro 2020 | Programa Operacional Regional do Centro e Governo de Portugal &#8211; Minist\u00e9rio da Cultura\/Direc\u00e7\u00e3o-Geral das Artes<\/strong><\/p>\n<h2>\n\t\tInforma\u00e7\u00f5es e Bilheteiras\n\t<\/h2>\n\t<p>Lota\u00e7\u00e3o limitada (de acordo com o espa\u00e7o em cada localiza\u00e7\u00e3o).<\/p>\n<p>We would like to thank everyone for their collaboration to follow the rules and recommendations indicated by those responsible for each presentation space.<\/p>\n<p>Bom espet\u00e1culo!<\/p>\n<p>&nbsp;<\/p>\n<p>Fotografia: \u00a9 Pedro Jafuno \/ Artemrede<\/p>\n\t<strong>BILHETEIRAS<\/strong><br \/>\nEntrada gratuita.\n\t\t\t\t<img loading=\"lazy\" decoding=\"async\" src=\"https:\/\/www.artemrede.pt\/wp-content\/uploads\/2022\/05\/Recanto-36-480x270.jpg\" alt=\"Recanto -36\" itemprop=\"image\" height=\"270\" width=\"480\" title=\"Recanto -36\" onerror=\"this.style.display='none'\"  \/>\n\t\t\t\t<img loading=\"lazy\" decoding=\"async\" src=\"https:\/\/www.artemrede.pt\/wp-content\/uploads\/2022\/05\/Recanto-42-480x270.jpg\" alt=\"Recanto -42\" itemprop=\"image\" height=\"270\" width=\"480\" title=\"Recanto -42\" onerror=\"this.style.display='none'\"  \/>\n\t\t\t\t<img loading=\"lazy\" decoding=\"async\" src=\"https:\/\/www.artemrede.pt\/wp-content\/uploads\/2022\/05\/Recanto-141-480x270.jpg\" alt=\"Recanto-141\" itemprop=\"image\" height=\"270\" width=\"480\" title=\"Recanto-141\" onerror=\"this.style.display='none'\"  \/>\n\t\t\t\t<img loading=\"lazy\" decoding=\"async\" src=\"https:\/\/www.artemrede.pt\/wp-content\/uploads\/2022\/05\/Recanto-144-480x270.jpg\" alt=\"Recanto-144\" itemprop=\"image\" height=\"270\" width=\"480\" title=\"Recanto-144\" onerror=\"this.style.display='none'\"  \/>\n\t\t\t\t<img loading=\"lazy\" decoding=\"async\" src=\"https:\/\/www.artemrede.pt\/wp-content\/uploads\/2022\/05\/Recanto-35-480x270.jpg\" alt=\"Recanto -35\" itemprop=\"image\" height=\"270\" width=\"480\" title=\"Recanto -35\" onerror=\"this.style.display='none'\"  \/>\n\t\t\t\t<img loading=\"lazy\" decoding=\"async\" src=\"https:\/\/www.artemrede.pt\/wp-content\/uploads\/2022\/05\/Recanto-52-480x270.jpg\" alt=\"Recanto -52\" itemprop=\"image\" height=\"270\" width=\"480\" title=\"Recanto -52\" onerror=\"this.style.display='none'\"  \/>\n\t\t\t\t<img loading=\"lazy\" decoding=\"async\" src=\"https:\/\/www.artemrede.pt\/wp-content\/uploads\/2022\/05\/Recanto-133-480x270.jpg\" alt=\"Recanto-133\" itemprop=\"image\" height=\"270\" width=\"480\" title=\"Recanto-133\" onerror=\"this.style.display='none'\"  \/>\n\t\t\t\t<img loading=\"lazy\" decoding=\"async\" src=\"https:\/\/www.artemrede.pt\/wp-content\/uploads\/2022\/05\/Recanto-150-480x270.jpg\" alt=\"Recanto-150\" itemprop=\"image\" height=\"270\" width=\"480\" title=\"Recanto-150\" onerror=\"this.style.display='none'\"  \/>\n\t\t\t\t<img loading=\"lazy\" decoding=\"async\" src=\"https:\/\/www.artemrede.pt\/wp-content\/uploads\/2022\/05\/Recanto-39-480x270.jpg\" alt=\"Recanto -39\" itemprop=\"image\" height=\"270\" width=\"480\" title=\"Recanto -39\" onerror=\"this.style.display='none'\"  \/>\n\t\t\t\t<img loading=\"lazy\" decoding=\"async\" src=\"https:\/\/www.artemrede.pt\/wp-content\/uploads\/2022\/05\/Recanto-59-480x270.jpg\" alt=\"Recanto -59\" itemprop=\"image\" height=\"270\" width=\"480\" title=\"Recanto -59\" onerror=\"this.style.display='none'\"  \/>\n\t\t\t\t<img loading=\"lazy\" decoding=\"async\" src=\"https:\/\/www.artemrede.pt\/wp-content\/uploads\/2022\/05\/Recanto-128-480x270.jpg\" alt=\"Recanto-128\" itemprop=\"image\" height=\"270\" width=\"480\" title=\"Recanto-128\" onerror=\"this.style.display='none'\"  \/>\n\t\t\t\t<img loading=\"lazy\" decoding=\"async\" src=\"https:\/\/www.artemrede.pt\/wp-content\/uploads\/2022\/05\/Recanto-123-480x270.jpg\" alt=\"Recanto-123\" itemprop=\"image\" height=\"270\" width=\"480\" title=\"Recanto-123\" onerror=\"this.style.display='none'\"  \/>","protected":false},"excerpt":{"rendered":"<div class=\"entry-summary\">\n<div class=\"entry-summary\">\nCapicua, Nerve e o desafio de novas letras para cancioneiros tradicionais.\n<\/div>\n<\/div>","protected":false},"author":2,"featured_media":3235,"template":"","meta":{"om_disable_all_campaigns":false,"_monsterinsights_skip_tracking":false,"_monsterinsights_sitenote_active":false,"_monsterinsights_sitenote_note":"","_monsterinsights_sitenote_category":0},"project_category":[270,290,262,280,256],"project_tag":[292],"class_list":["post-3234","wm_projects","type-wm_projects","status-publish","has-post-thumbnail","hentry","project_category-abrantes-territorios","project_category-coproducoes-2022","project_category-musica-temporada-2021-2022","project_category-pombal-territorios","project_category-temporada-2021-2022","project_tag-musica-musica-tradicional","entry"],"aioseo_notices":[],"uagb_featured_image_src":{"full":["https:\/\/www.artemrede.pt\/wp-content\/uploads\/2022\/05\/RECANTO-exemplo-2-11.jpg",914,914,false],"thumbnail":["https:\/\/www.artemrede.pt\/wp-content\/uploads\/2022\/05\/RECANTO-exemplo-2-11-480x270.jpg",480,270,true],"medium":["https:\/\/www.artemrede.pt\/wp-content\/uploads\/2022\/05\/RECANTO-exemplo-2-11-744x744.jpg",744,744,true],"medium_large":["https:\/\/www.artemrede.pt\/wp-content\/uploads\/2022\/05\/RECANTO-exemplo-2-11.jpg",914,914,false],"large":["https:\/\/www.artemrede.pt\/wp-content\/uploads\/2022\/05\/RECANTO-exemplo-2-11.jpg",914,914,false],"1536x1536":["https:\/\/www.artemrede.pt\/wp-content\/uploads\/2022\/05\/RECANTO-exemplo-2-11.jpg",914,914,false],"2048x2048":["https:\/\/www.artemrede.pt\/wp-content\/uploads\/2022\/05\/RECANTO-exemplo-2-11.jpg",914,914,false],"trp-custom-language-flag":["https:\/\/www.artemrede.pt\/wp-content\/uploads\/2022\/05\/RECANTO-exemplo-2-11-12x12.jpg",12,12,true],"icelander-thumbnail":["https:\/\/www.artemrede.pt\/wp-content\/uploads\/2022\/05\/RECANTO-exemplo-2-11-744x372.jpg",744,372,true],"icelander-square":["https:\/\/www.artemrede.pt\/wp-content\/uploads\/2022\/05\/RECANTO-exemplo-2-11-448x448.jpg",448,448,true],"icelander-intro":["https:\/\/www.artemrede.pt\/wp-content\/uploads\/2022\/05\/RECANTO-exemplo-2-11.jpg",914,914,false]},"uagb_author_info":{"display_name":"Bruno Castro","author_link":"https:\/\/www.artemrede.pt\/en\/author\/artred_bruno\/"},"uagb_comment_info":0,"uagb_excerpt":"Capicua, Nerve e o desafio de novas letras para cancioneiros tradicionais.","_links":{"self":[{"href":"https:\/\/www.artemrede.pt\/en\/wp-json\/wp\/v2\/wm_projects\/3234","targetHints":{"allow":["GET"]}}],"collection":[{"href":"https:\/\/www.artemrede.pt\/en\/wp-json\/wp\/v2\/wm_projects"}],"about":[{"href":"https:\/\/www.artemrede.pt\/en\/wp-json\/wp\/v2\/types\/wm_projects"}],"author":[{"embeddable":true,"href":"https:\/\/www.artemrede.pt\/en\/wp-json\/wp\/v2\/users\/2"}],"wp:featuredmedia":[{"embeddable":true,"href":"https:\/\/www.artemrede.pt\/en\/wp-json\/wp\/v2\/media\/3235"}],"wp:attachment":[{"href":"https:\/\/www.artemrede.pt\/en\/wp-json\/wp\/v2\/media?parent=3234"}],"wp:term":[{"taxonomy":"project_category","embeddable":true,"href":"https:\/\/www.artemrede.pt\/en\/wp-json\/wp\/v2\/project_category?post=3234"},{"taxonomy":"project_tag","embeddable":true,"href":"https:\/\/www.artemrede.pt\/en\/wp-json\/wp\/v2\/project_tag?post=3234"}],"curies":[{"name":"wp","href":"https:\/\/api.w.org\/{rel}","templated":true}]}}

<h2>Um cancioneiro de um grupo coral é um organismo vivo. Faz-se de fontes múltiplas, influências e vontades e é um traço da identidade local. Em 2022, os rappers Capicua e Nerve vão dialogar com os grupos corais de Abrantes e Louriçal (Pombal), conhecendo lendas locais e histórias de vida, e trabalhando sobre esse material. O resultado: 2 territórios, 2 rappers, 2 grupos corais, 2 espetáculos finais, um  documentário, um ´making of´ e as gravações audio do  cancioneiro renovado. Duas realidades de cultura em palco.</h2>
				<img loading="lazy" decoding="async" src="https://www.artemrede.pt/wp-content/uploads/2022/05/RECANTO-exemplo-2-11-448x448.jpg" alt="RECANTO exemplo 2-11" itemprop="image" height="448" width="448" title="RECANTO exemplo 2-11" onerror="this.style.display='none'"  />
	Artistas: Capicua &amp; Nerve | Cant&#8217;Abrantes e Coro Misto do Orfeão de Abrantes + Grupo de Cavaquinhos do Louriçal (Pombal)<br />
Género Artístico: Música<br />
Classificação etária: M/6<br />
Duração: 120&#8242;
<h4>Touring in Artemrede's Territories:</h4>
<strong>ABRANTES</strong>    Parque Urbano de São Lourenço<br />
28 de maio de 2022, sábado, às 21:30
<strong>POMBAL</strong>    Largo Dom Luís Meneses (Louriçal)<br />
18 de junho de 2022, sábado, às 21h30
<p><strong>FICHA ARTÍSTICA E TÉCNICA</strong></p>
<p>Responsável do projeto / escrita criativa: <strong>Capicua</strong> Escrita criativa: <strong>Nerve</strong> Grupos Locais: <strong>Cant&#8217;Abrantes e Coro Misto do Orfeão de Abrantes + Grupo de Cavaquinhos do Louriçal (Pombal)</strong> Videasta: <strong>André Tentúgal</strong> Captação de som nas recolhas: <strong>Pedro Geraldes e Diego Sousa</strong> Rider e operação de som de frente <strong>Eduardo Maltez</strong> Assistente de projeto <strong>Mário Castro</strong> Produção executiva <strong>Ana Moitinho </strong>Coprodução <strong>Artemrede </strong>no âmbito do projeto<strong> <em>Territórios Pertinentes</em> </strong>com o apoio dos<strong> Municípios de Abrantes e Pombal </strong>Apoio<strong> Centro 2020 | Programa Operacional Regional do Centro e Governo de Portugal &#8211; Ministério da Cultura/Direcção-Geral das Artes</strong></p>
<h2>
		Informações e Bilheteiras
	</h2>
	<p>Lotação limitada (de acordo com o espaço em cada localização).</p>
<p>We would like to thank everyone for their collaboration to follow the rules and recommendations indicated by those responsible for each presentation space.</p>
<p>Bom espetáculo!</p>
<p>&nbsp;</p>
<p>Fotografia: © Pedro Jafuno / Artemrede</p>
	<strong>BILHETEIRAS</strong><br />
Entrada gratuita.
				<img loading="lazy" decoding="async" src="https://www.artemrede.pt/wp-content/uploads/2022/05/Recanto-36-480x270.jpg" alt="Recanto -36" itemprop="image" height="270" width="480" title="Recanto -36" onerror="this.style.display='none'"  />
				<img loading="lazy" decoding="async" src="https://www.artemrede.pt/wp-content/uploads/2022/05/Recanto-42-480x270.jpg" alt="Recanto -42" itemprop="image" height="270" width="480" title="Recanto -42" onerror="this.style.display='none'"  />
				<img loading="lazy" decoding="async" src="https://www.artemrede.pt/wp-content/uploads/2022/05/Recanto-141-480x270.jpg" alt="Recanto-141" itemprop="image" height="270" width="480" title="Recanto-141" onerror="this.style.display='none'"  />
				<img loading="lazy" decoding="async" src="https://www.artemrede.pt/wp-content/uploads/2022/05/Recanto-144-480x270.jpg" alt="Recanto-144" itemprop="image" height="270" width="480" title="Recanto-144" onerror="this.style.display='none'"  />
				<img loading="lazy" decoding="async" src="https://www.artemrede.pt/wp-content/uploads/2022/05/Recanto-35-480x270.jpg" alt="Recanto -35" itemprop="image" height="270" width="480" title="Recanto -35" onerror="this.style.display='none'"  />
				<img loading="lazy" decoding="async" src="https://www.artemrede.pt/wp-content/uploads/2022/05/Recanto-52-480x270.jpg" alt="Recanto -52" itemprop="image" height="270" width="480" title="Recanto -52" onerror="this.style.display='none'"  />
				<img loading="lazy" decoding="async" src="https://www.artemrede.pt/wp-content/uploads/2022/05/Recanto-133-480x270.jpg" alt="Recanto-133" itemprop="image" height="270" width="480" title="Recanto-133" onerror="this.style.display='none'"  />
				<img loading="lazy" decoding="async" src="https://www.artemrede.pt/wp-content/uploads/2022/05/Recanto-150-480x270.jpg" alt="Recanto-150" itemprop="image" height="270" width="480" title="Recanto-150" onerror="this.style.display='none'"  />
				<img loading="lazy" decoding="async" src="https://www.artemrede.pt/wp-content/uploads/2022/05/Recanto-39-480x270.jpg" alt="Recanto -39" itemprop="image" height="270" width="480" title="Recanto -39" onerror="this.style.display='none'"  />
				<img loading="lazy" decoding="async" src="https://www.artemrede.pt/wp-content/uploads/2022/05/Recanto-59-480x270.jpg" alt="Recanto -59" itemprop="image" height="270" width="480" title="Recanto -59" onerror="this.style.display='none'"  />
				<img loading="lazy" decoding="async" src="https://www.artemrede.pt/wp-content/uploads/2022/05/Recanto-128-480x270.jpg" alt="Recanto-128" itemprop="image" height="270" width="480" title="Recanto-128" onerror="this.style.display='none'"  />
				<img loading="lazy" decoding="async" src="https://www.artemrede.pt/wp-content/uploads/2022/05/Recanto-123-480x270.jpg" alt="Recanto-123" itemprop="image" height="270" width="480" title="Recanto-123" onerror="this.style.display='none'"  />
