{"id":2970,"date":"2021-11-12T11:26:20","date_gmt":"2021-11-12T11:26:20","guid":{"rendered":"https:\/\/www.artemrede.pt\/?post_type=wm_projects&#038;p=2970"},"modified":"2021-11-12T11:56:57","modified_gmt":"2021-11-12T11:56:57","slug":"le-voyage-du-balayeur","status":"publish","type":"wm_projects","link":"https:\/\/www.artemrede.pt\/en\/project\/le-voyage-du-balayeur\/","title":{"rendered":"LE VOYAGE DU BALAYEUR"},"content":{"rendered":"<h2><em>Todos os dias, um vulgar varredor encontra muitos objetos perdidos, coisas que as pessoas n\u00e3o querem voltar a tocar, ver ou usar. S\u00e3o deixados para tr\u00e1s por se considerarem despojos.<\/em><br \/>\n<em>Um dia ele encontrou um livro&#8230;<\/em><\/h2>\n<h3>\u00c9 um espet\u00e1culo de Dan\u00e7a e Circo contempor\u00e2neo que retrata o quotidiano de um cantoneiro, do seu olhar atento e da vida que os objetos abandonados podem revelar.<\/h3>\n<hr \/>\n\n\n<p>&nbsp;<\/p>\n<p>&nbsp;<\/p>\n<p>&nbsp;<\/p>\n<p>&nbsp;<\/p>\n<p>&nbsp;<\/p>\n<p>&nbsp;<\/p>\n<p>&nbsp;<\/p>\n<p>&nbsp;<\/p>\n<p>&#8211;<\/p>\n<p>Artista: FIAR<\/p>\n<p>G\u00e9nero Art\u00edstico: Dan\u00e7a e Artes circenses<\/p>\n<p>Classifica\u00e7\u00e3o et\u00e1ria: M\/3<\/p>\n<p>Touring in Artemrede's Territories:<\/p>\n<p><strong>ALCANENA \u00a0<\/strong> Cine-Teatro S\u00e3o Pedro | 13 de novembro de 2021, s\u00e1bado, \u00e0s 21:30<\/p>\nUma escolha de programa\u00e7\u00e3o dos grupos de <strong>Vision\u00e1rios de Alcanena.<br \/>\n<\/strong>\n<p>&nbsp;<\/p>\n\n<p>&nbsp;<\/p>\n\t<h3>Informa\u00e7\u00f5es e bilheteira<\/h3>\n\t<strong>ALCANENA<br \/>\n<\/strong>\n<strong>CINE-TEATRO S\u00c3O PEDRO<\/strong><br \/>\nInforma\u00e7\u00f5es e reservas para (+351) 249 889 010\n\t<p>&nbsp;<\/p>\n<p>Imagem \u00a9Alexandre Nobre<\/p>","protected":false},"excerpt":{"rendered":"<div class=\"entry-summary\">\n<div class=\"entry-summary\">\nUm encontro entre a dan\u00e7a e o circo contempor\u00e2neo\n<\/div>\n<\/div>","protected":false},"author":3,"featured_media":2971,"template":"","meta":{"om_disable_all_campaigns":false,"_monsterinsights_skip_tracking":false,"_monsterinsights_sitenote_active":false,"_monsterinsights_sitenote_note":"","_monsterinsights_sitenote_category":0},"project_category":[181,267,259,256],"project_tag":[177,159],"class_list":["post-2970","wm_projects","type-wm_projects","status-publish","has-post-thumbnail","hentry","project_category-alcanena-visionarios","project_category-artes-circenses","project_category-danca-temporada-2021-2022","project_category-temporada-2021-2022","project_tag-artes-circenses","project_tag-danca","entry"],"aioseo_notices":[],"uagb_featured_image_src":{"full":["https:\/\/www.artemrede.pt\/wp-content\/uploads\/2021\/11\/FIAR2020_LeVoyage-dubalaieur_residenciartisitca_Poceirao_16-10-2020_6\u00a9-ALEXANDRE-NOBRE.jpg",1477,1108,false],"thumbnail":["https:\/\/www.artemrede.pt\/wp-content\/uploads\/2021\/11\/FIAR2020_LeVoyage-dubalaieur_residenciartisitca_Poceirao_16-10-2020_6\u00a9-ALEXANDRE-NOBRE-480x270.jpg",480,270,true],"medium":["https:\/\/www.artemrede.pt\/wp-content\/uploads\/2021\/11\/FIAR2020_LeVoyage-dubalaieur_residenciartisitca_Poceirao_16-10-2020_6\u00a9-ALEXANDRE-NOBRE-744x558.jpg",744,558,true],"medium_large":["https:\/\/www.artemrede.pt\/wp-content\/uploads\/2021\/11\/FIAR2020_LeVoyage-dubalaieur_residenciartisitca_Poceirao_16-10-2020_6\u00a9-ALEXANDRE-NOBRE-1200x900.jpg",1200,900,true],"large":["https:\/\/www.artemrede.pt\/wp-content\/uploads\/2021\/11\/FIAR2020_LeVoyage-dubalaieur_residenciartisitca_Poceirao_16-10-2020_6\u00a9-ALEXANDRE-NOBRE-1200x900.jpg",1200,900,true],"1536x1536":["https:\/\/www.artemrede.pt\/wp-content\/uploads\/2021\/11\/FIAR2020_LeVoyage-dubalaieur_residenciartisitca_Poceirao_16-10-2020_6\u00a9-ALEXANDRE-NOBRE.jpg",1477,1108,false],"2048x2048":["https:\/\/www.artemrede.pt\/wp-content\/uploads\/2021\/11\/FIAR2020_LeVoyage-dubalaieur_residenciartisitca_Poceirao_16-10-2020_6\u00a9-ALEXANDRE-NOBRE.jpg",1477,1108,false],"trp-custom-language-flag":["https:\/\/www.artemrede.pt\/wp-content\/uploads\/2021\/11\/FIAR2020_LeVoyage-dubalaieur_residenciartisitca_Poceirao_16-10-2020_6\u00a9-ALEXANDRE-NOBRE-16x12.jpg",16,12,true],"icelander-thumbnail":["https:\/\/www.artemrede.pt\/wp-content\/uploads\/2021\/11\/FIAR2020_LeVoyage-dubalaieur_residenciartisitca_Poceirao_16-10-2020_6\u00a9-ALEXANDRE-NOBRE-744x372.jpg",744,372,true],"icelander-square":["https:\/\/www.artemrede.pt\/wp-content\/uploads\/2021\/11\/FIAR2020_LeVoyage-dubalaieur_residenciartisitca_Poceirao_16-10-2020_6\u00a9-ALEXANDRE-NOBRE-448x448.jpg",448,448,true],"icelander-intro":["https:\/\/www.artemrede.pt\/wp-content\/uploads\/2021\/11\/FIAR2020_LeVoyage-dubalaieur_residenciartisitca_Poceirao_16-10-2020_6\u00a9-ALEXANDRE-NOBRE-1477x1080.jpg",1477,1080,true]},"uagb_author_info":{"display_name":"In\u00eas Arromba","author_link":"https:\/\/www.artemrede.pt\/en\/author\/artred_arromba\/"},"uagb_comment_info":0,"uagb_excerpt":"Um encontro entre a dan\u00e7a e o circo contempor\u00e2neo","_links":{"self":[{"href":"https:\/\/www.artemrede.pt\/en\/wp-json\/wp\/v2\/wm_projects\/2970","targetHints":{"allow":["GET"]}}],"collection":[{"href":"https:\/\/www.artemrede.pt\/en\/wp-json\/wp\/v2\/wm_projects"}],"about":[{"href":"https:\/\/www.artemrede.pt\/en\/wp-json\/wp\/v2\/types\/wm_projects"}],"author":[{"embeddable":true,"href":"https:\/\/www.artemrede.pt\/en\/wp-json\/wp\/v2\/users\/3"}],"wp:featuredmedia":[{"embeddable":true,"href":"https:\/\/www.artemrede.pt\/en\/wp-json\/wp\/v2\/media\/2971"}],"wp:attachment":[{"href":"https:\/\/www.artemrede.pt\/en\/wp-json\/wp\/v2\/media?parent=2970"}],"wp:term":[{"taxonomy":"project_category","embeddable":true,"href":"https:\/\/www.artemrede.pt\/en\/wp-json\/wp\/v2\/project_category?post=2970"},{"taxonomy":"project_tag","embeddable":true,"href":"https:\/\/www.artemrede.pt\/en\/wp-json\/wp\/v2\/project_tag?post=2970"}],"curies":[{"name":"wp","href":"https:\/\/api.w.org\/{rel}","templated":true}]}}

<h2><em>Todos os dias, um vulgar varredor encontra muitos objetos perdidos, coisas que as pessoas não querem voltar a tocar, ver ou usar. São deixados para trás por se considerarem despojos.</em><br />
<em>Um dia ele encontrou um livro&#8230;</em></h2>
<h3>É um espetáculo de Dança e Circo contemporâneo que retrata o quotidiano de um cantoneiro, do seu olhar atento e da vida que os objetos abandonados podem revelar.</h3>
<hr />


<p>&nbsp;</p>
<p>&nbsp;</p>
<p>&nbsp;</p>
<p>&nbsp;</p>
<p>&nbsp;</p>
<p>&nbsp;</p>
<p>&nbsp;</p>
<p>&nbsp;</p>
<p>&#8211;</p>
<p>Artista: FIAR</p>
<p>Género Artístico: Dança e Artes circenses</p>
<p>Classificação etária: M/3</p>
<p>Touring in Artemrede's Territories:</p>
<p><strong>ALCANENA  </strong> Cine-Teatro São Pedro | 13 de novembro de 2021, sábado, às 21:30</p>
Uma escolha de programação dos grupos de <strong>Visionários de Alcanena.<br />
</strong>
<p>&nbsp;</p>

<p>&nbsp;</p>
	<h3>Informações e bilheteira</h3>
	<strong>ALCANENA<br />
</strong>
<strong>CINE-TEATRO SÃO PEDRO</strong><br />
Informações e reservas para (+351) 249 889 010
	<p>&nbsp;</p>
<p>Imagem ©Alexandre Nobre</p>

<div class="entry-summary">
<div class="entry-summary">
Um encontro entre a dança e o circo contemporâneo
</div>
</div>

Inês Arromba

Um encontro entre a dança e o circo contemporâneo
