{"id":2291,"date":"2021-03-24T17:37:39","date_gmt":"2021-03-24T17:37:39","guid":{"rendered":"https:\/\/www.artemrede.pt\/?post_type=wm_projects&#038;p=2291"},"modified":"2022-01-12T10:37:48","modified_gmt":"2022-01-12T10:37:48","slug":"ninho","status":"publish","type":"wm_projects","link":"https:\/\/www.artemrede.pt\/en\/project\/ninho\/","title":{"rendered":"NINHO"},"content":{"rendered":"<h2>Ninho (Nest) takes its inspiration from one of the simplest poem by the Portuguese author Miguel Torga, Secret, who in just a few short lines reveals that a well kept secret can strengthen true friendship.<\/h2>\n<hr \/>\n<p>Ninho is the latest project by Part\u00edculas Elementares, and also their most adventurous, as the company has set out to tell the story without uttering a single word.<\/p>\n<p>Pure visual poetry, the Nest unfolds in the details. With a minimalist plot, the narrative develops by chance; a child\u2019s curiosity, piqued purely by coincidence, unleashes a web of affection.<\/p>\n<p>On stage, Carlos Silva \u2013 the show\u2019s author and only performer \u2013 features in an unhurried performance, which gains traction through the expressive, emotive and surprising artwork of Leonor Bandeira.<\/p>\n<p>Ninho is an invitation to appreciate the simple things in life\u2014things that are easy to understand and that should be kept as the most important.<\/p>\n<p><iframe loading=\"lazy\" title=\"Ninho\" src=\"https:\/\/player.vimeo.com\/video\/336101914?speed=0&amp;dnt=1&amp;app_id=122963\" width=\"1200\" height=\"675\" frameborder=\"0\" allow=\"autoplay; fullscreen; picture-in-picture\" allowfullscreen><\/iframe><\/p>\n<p>&#8211;<\/p>\n<p>Artista: Part\u00edculas Elementares<\/p>\n<p>Artistic Genre: Puppet theatre<\/p>\n<p>Classifica\u00e7\u00e3o et\u00e1ria: M\/6<\/p>\n<p>Touring in Artemrede's Territories:<\/p>\n<strong>ABRANTES<\/strong> \u00a0 Edif\u00edcio Pir\u00e2mide | 29 de maio de 2021, s\u00e1bado*, \u00e0s 11:00<br \/>\n<strong>ALCOBA\u00c7A<\/strong> \u00a0 Cine-Teatro de Alcoba\u00e7a Jo\u00e3o de D&#8217;Oliva Monteiro | 9 de maio de 2021, domingo*, \u00e0s 10:30 e \u00e0s 11:30<br \/>\n<strong>OEIRAS<\/strong> \u00a0 EB1 Visconde de Leceia | 27 de maio de 2021, quinta-feira, \u00e0s 10:30 (sess\u00e3o para p\u00fablico escolar)<br \/>\n<strong>PALMELA<\/strong> \u00a0 Centro Cultural do Poceir\u00e3o | 23 de maio de 2021, domingo, \u00e0s 16:00<br \/>\n<strong>SANTAR\u00c9M<\/strong> \u00a0 Teatro S\u00e1 da Bandeira | 28 de maio de 2021, sexta-feira, \u00e0s 10:00 (sess\u00e3o para p\u00fablico escolar) e \u00e0s 19:00 (p\u00fablico geral e familiar)<br \/>\n<strong>SOBRAL DE MONTE AGRA\u00c7O<\/strong> \u00a0 Cine-Teatro | 16 de maio de 2021, domingo, \u00e0s 16:00<br \/>\n<strong>TOMAR<\/strong> \u00a0 Cine-Teatro Para\u00edso | 22 de maio de 2021, s\u00e1bado*, \u00e0s 15:00 e \u00e0s 16:30\n\n<p><strong>*<\/strong> A programming chosen by the Visionary from Abrantes, Alcoba\u00e7a and Tomar.<\/p>\n\n<p>&nbsp;<\/p>\n<p>&nbsp;<\/p>\n<p>\u00a9 In\u00eas Samina e Helena Tom\u00e1s<\/p>\n<p>&nbsp;<\/p>","protected":false},"excerpt":{"rendered":"<div class=\"entry-summary\">\n<div class=\"entry-summary\">\n\u201cSei um ninho.<br \/>\nE o ninho tem um ovo.<br \/>\nE o ovo, redondinho,<br \/>\nTem l\u00e1 dentro um passarinho<br \/>\nNovo.\u201d<\/p>\n<p>&#8211; Segredo, Miguel Torga 1956\n<\/p>\n<\/div>\n<\/div>","protected":false},"author":3,"featured_media":2292,"template":"","meta":{"om_disable_all_campaigns":false,"_monsterinsights_skip_tracking":false,"_monsterinsights_sitenote_active":false,"_monsterinsights_sitenote_note":"","_monsterinsights_sitenote_category":0},"project_category":[182,193,194,184,192,107,108,200,240,203,47,185,206,162],"project_tag":[207],"class_list":["post-2291","wm_projects","type-wm_projects","status-publish","has-post-thumbnail","hentry","project_category-abrantes-visionarios","project_category-abrantes-manobras2020_primavera","project_category-alcobaca-manobras2020_primavera","project_category-alcobaca-visionarios","project_category-manobras2020_primavera","project_category-criancas-jovens","project_category-marionetas","project_category-palmela-manobras2020_primavera","project_category-santarem","project_category-sobral-de-monte-agraco","project_category-temporada-2020-2021","project_category-tomar-visionarios","project_category-tomar-manobras2020_primavera","project_category-visionarios","project_tag-teatro-de-marionetas","entry"],"aioseo_notices":[],"uagb_featured_image_src":{"full":["https:\/\/www.artemrede.pt\/wp-content\/uploads\/2021\/03\/ninho-26-scaled.jpg",2560,1707,false],"thumbnail":["https:\/\/www.artemrede.pt\/wp-content\/uploads\/2021\/03\/ninho-26-480x270.jpg",480,270,true],"medium":["https:\/\/www.artemrede.pt\/wp-content\/uploads\/2021\/03\/ninho-26-744x496.jpg",744,496,true],"medium_large":["https:\/\/www.artemrede.pt\/wp-content\/uploads\/2021\/03\/ninho-26-1200x800.jpg",1200,800,true],"large":["https:\/\/www.artemrede.pt\/wp-content\/uploads\/2021\/03\/ninho-26-1200x800.jpg",1200,800,true],"1536x1536":["https:\/\/www.artemrede.pt\/wp-content\/uploads\/2021\/03\/ninho-26-1536x1024.jpg",1536,1024,true],"2048x2048":["https:\/\/www.artemrede.pt\/wp-content\/uploads\/2021\/03\/ninho-26-2048x1365.jpg",2048,1365,true],"trp-custom-language-flag":["https:\/\/www.artemrede.pt\/wp-content\/uploads\/2021\/03\/ninho-26-16x12.jpg",16,12,true],"icelander-thumbnail":["https:\/\/www.artemrede.pt\/wp-content\/uploads\/2021\/03\/ninho-26-744x372.jpg",744,372,true],"icelander-square":["https:\/\/www.artemrede.pt\/wp-content\/uploads\/2021\/03\/ninho-26-448x448.jpg",448,448,true],"icelander-intro":["https:\/\/www.artemrede.pt\/wp-content\/uploads\/2021\/03\/ninho-26-1920x1080.jpg",1920,1080,true]},"uagb_author_info":{"display_name":"In\u00eas Arromba","author_link":"https:\/\/www.artemrede.pt\/en\/author\/artred_arromba\/"},"uagb_comment_info":0,"uagb_excerpt":"\u201cSei um ninho. E o ninho tem um ovo. E o ovo, redondinho, Tem l\u00e1 dentro um passarinho Novo.\u201d - Segredo, Miguel Torga 1956","_links":{"self":[{"href":"https:\/\/www.artemrede.pt\/en\/wp-json\/wp\/v2\/wm_projects\/2291","targetHints":{"allow":["GET"]}}],"collection":[{"href":"https:\/\/www.artemrede.pt\/en\/wp-json\/wp\/v2\/wm_projects"}],"about":[{"href":"https:\/\/www.artemrede.pt\/en\/wp-json\/wp\/v2\/types\/wm_projects"}],"author":[{"embeddable":true,"href":"https:\/\/www.artemrede.pt\/en\/wp-json\/wp\/v2\/users\/3"}],"wp:featuredmedia":[{"embeddable":true,"href":"https:\/\/www.artemrede.pt\/en\/wp-json\/wp\/v2\/media\/2292"}],"wp:attachment":[{"href":"https:\/\/www.artemrede.pt\/en\/wp-json\/wp\/v2\/media?parent=2291"}],"wp:term":[{"taxonomy":"project_category","embeddable":true,"href":"https:\/\/www.artemrede.pt\/en\/wp-json\/wp\/v2\/project_category?post=2291"},{"taxonomy":"project_tag","embeddable":true,"href":"https:\/\/www.artemrede.pt\/en\/wp-json\/wp\/v2\/project_tag?post=2291"}],"curies":[{"name":"wp","href":"https:\/\/api.w.org\/{rel}","templated":true}]}}

<h2>Ninho (Nest) takes its inspiration from one of the simplest poem by the Portuguese author Miguel Torga, Secret, who in just a few short lines reveals that a well kept secret can strengthen true friendship.</h2>
<hr />
<p>Ninho is the latest project by Partículas Elementares, and also their most adventurous, as the company has set out to tell the story without uttering a single word.</p>
<p>Pure visual poetry, the Nest unfolds in the details. With a minimalist plot, the narrative develops by chance; a child’s curiosity, piqued purely by coincidence, unleashes a web of affection.</p>
<p>On stage, Carlos Silva – the show’s author and only performer – features in an unhurried performance, which gains traction through the expressive, emotive and surprising artwork of Leonor Bandeira.</p>
<p>Ninho is an invitation to appreciate the simple things in life—things that are easy to understand and that should be kept as the most important.</p>
<p><iframe loading="lazy" title="Ninho" src="https://player.vimeo.com/video/336101914?speed=0&amp;dnt=1&amp;app_id=122963" width="1200" height="675" frameborder="0" allow="autoplay; fullscreen; picture-in-picture" allowfullscreen></iframe></p>
<p>&#8211;</p>
<p>Artista: Partículas Elementares</p>
<p>Artistic Genre: Puppet theatre</p>
<p>Classificação etária: M/6</p>
<p>Touring in Artemrede's Territories:</p>
<strong>ABRANTES</strong>   Edifício Pirâmide | 29 de maio de 2021, sábado*, às 11:00<br />
<strong>ALCOBAÇA</strong>   Cine-Teatro de Alcobaça João de D&#8217;Oliva Monteiro | 9 de maio de 2021, domingo*, às 10:30 e às 11:30<br />
<strong>OEIRAS</strong>   EB1 Visconde de Leceia | 27 de maio de 2021, quinta-feira, às 10:30 (sessão para público escolar)<br />
<strong>PALMELA</strong>   Centro Cultural do Poceirão | 23 de maio de 2021, domingo, às 16:00<br />
<strong>SANTARÉM</strong>   Teatro Sá da Bandeira | 28 de maio de 2021, sexta-feira, às 10:00 (sessão para público escolar) e às 19:00 (público geral e familiar)<br />
<strong>SOBRAL DE MONTE AGRAÇO</strong>   Cine-Teatro | 16 de maio de 2021, domingo, às 16:00<br />
<strong>TOMAR</strong>   Cine-Teatro Paraíso | 22 de maio de 2021, sábado*, às 15:00 e às 16:30

<p><strong>*</strong> A programming chosen by the Visionary from Abrantes, Alcobaça and Tomar.</p>

<p>&nbsp;</p>
<p>&nbsp;</p>
<p>© Inês Samina e Helena Tomás</p>
<p>&nbsp;</p>

<div class="entry-summary">
<div class="entry-summary">
“Sei um ninho.<br />
E o ninho tem um ovo.<br />
E o ovo, redondinho,<br />
Tem lá dentro um passarinho<br />
Novo.”</p>
<p>&#8211; Segredo, Miguel Torga 1956
</p>
</div>
</div>

Inês Arromba

“Sei um ninho. E o ninho tem um ovo. E o ovo, redondinho, Tem lá dentro um passarinho Novo.” - Segredo, Miguel Torga 1956
