{"id":1737,"date":"2020-08-02T17:17:31","date_gmt":"2020-08-02T17:17:31","guid":{"rendered":"https:\/\/www.artemrede.pt\/?post_type=wm_projects&#038;p=1737"},"modified":"2020-08-17T11:04:23","modified_gmt":"2020-08-17T11:04:23","slug":"sesimbra-2","status":"publish","type":"wm_projects","link":"https:\/\/www.artemrede.pt\/en\/project\/sesimbra-2\/","title":{"rendered":"Sesimbra"},"content":{"rendered":"<img decoding=\"async\" src=\"https:\/\/www.artemrede.pt\/wp-content\/uploads\/2020\/08\/sesimbra-scaled.jpg\" alt=\"mural de arte urbana\" itemprop=\"image\" title=\"sesimbra\" onerror=\"this.style.display='none'\"  \/>\n\t<h1>Sesimbra<\/h1>\n<div class=\"wm-content-module wm-posts-wrap clearfix wm-content-module-singular\"><div class=\"wm-content-module-item wm-content-module-item-1714\"><div class=\"wm-content-module-element wm-html-element title\"><h2>Sesimbra on the map<\/h2><\/div><div class=\"wm-content-module-element wm-html-element content\"><p><div class=\"leaflet-map WPLeafletMap\" style=\"height:250px; width:100%;\"><\/div><script>\nwindow.WPLeafletMapPlugin = window.WPLeafletMapPlugin || [];\nwindow.WPLeafletMapPlugin.push(function WPLeafletMapShortcode() {\/*<script>*\/\nvar baseUrl = atob('aHR0cHM6Ly97c30udGlsZS5vcGVuc3RyZWV0bWFwLm9yZy97en0ve3h9L3t5fS5wbmc=');\nvar base = (!baseUrl && window.MQ) ? \n    window.MQ.mapLayer() : L.tileLayer(baseUrl, \n        L.Util.extend({}, {\n            detectRetina: 0,\n        }, \n        {\"subdomains\":\"abc\",\"noWrap\":false}        )\n    );\n    var options = L.Util.extend({}, {\n        layers: [base],\n        attributionControl: false\n    }, \n    {\"zoomControl\":false,\"scrollWheelZoom\":false,\"doubleClickZoom\":false,\"fitBounds\":false,\"minZoom\":0,\"maxZoom\":20,\"maxBounds\":null,\"attribution\":\"<a href=\\\"http:\\\/\\\/leafletjs.com\\\" title=\\\"A JS library for interactive maps\\\">Leaflet<\\\/a>; \\\\r\\\\n\\u00a9 <a href=\\\"http:\\\/\\\/www.openstreetmap.org\\\/copyright\\\">OpenStreetMap<\\\/a> contributors\"}, \n    {});\nwindow.WPLeafletMapPlugin.createMap(options).setView([38.4442,-9.1015],12);});<\/script><\/p>\n<p><script>\nwindow.WPLeafletMapPlugin = window.WPLeafletMapPlugin || [];\nwindow.WPLeafletMapPlugin.push(function WPLeafletMarkerShortcode() {\/*<script>*\/\nvar map = window.WPLeafletMapPlugin.getCurrentMap();\nvar group = window.WPLeafletMapPlugin.getCurrentGroup();\nvar marker_options = window.WPLeafletMapPlugin.getIconOptions({});\nvar marker = L.marker(\n    [0,0], \n    marker_options\n);\nvar is_image = map.is_image_map;\n    marker.setLatLng( map.getCenter() );\nif (marker_options.draggable) {\n    marker.on('dragend', function () {\n        var latlng = this.getLatLng();\n        var lat = latlng.lat;\n        var lng = latlng.lng;\n        if (is_image) {\n            console.log('leaflet-marker y=' + lat + ' x=' + lng);\n        } else {\n            console.log('leaflet-marker lat=' + lat + ' lng=' + lng);\n        }\n    });\n}\nmarker.addTo( group );\nmarker.bindPopup(window.WPLeafletMapPlugin.unescape(' Sesimbra '));window.WPLeafletMapPlugin.markers.push( marker );\n        });<\/script><\/p>\n<p>&nbsp;<\/p>\n<p>&nbsp;<\/p>\n<\/div><\/div><\/div>\n\t<h3>TERRITORY AND COMMUNITY<\/h3>\n<p>The municipality of Sesimbra is located in the southwest of Peninsula de Set\u00fabal and has an area of 195 km2. It is limited to the north by the municipalities of Almada and Seixal, to the northeast by Barreiro, to the east by Set\u00fabal and to the south and west by the Atlantic Ocean. Its coastline, with multiple landscapes, extends from Lagoa de Albufeira to Serra da Arr\u00e1bida.<\/p>\n<p>Sesimbra has many diverse landscapes, from the mountains to the beach, the coast having the shape of a cliff, the difficulty of access to the interior, with exceptions that provide small anchorages corresponding to valleys and gorges with steep slopes.<\/p>\n\t<h3>ACTIVE PROJECTS IN ARTEMREDE<\/h3>\n<p>&nbsp;<\/p>\n<ul>\n<li>Manobras Festival<\/li>\n<li>Vision\u00e1rios<\/li>\n<li>BeSpecACTive!<\/li>\n<\/ul>","protected":false},"excerpt":{"rendered":"<div class=\"entry-summary\">\n<div class=\"entry-summary\">\n&nbsp; &nbsp;\n<\/div>\n<\/div>","protected":false},"author":2,"featured_media":1738,"template":"","meta":{"om_disable_all_campaigns":false,"_monsterinsights_skip_tracking":false,"_monsterinsights_sitenote_active":false,"_monsterinsights_sitenote_note":"","_monsterinsights_sitenote_category":0},"project_category":[67],"project_tag":[],"class_list":["post-1737","wm_projects","type-wm_projects","status-publish","has-post-thumbnail","hentry","project_category-territorio","entry"],"aioseo_notices":[],"uagb_featured_image_src":{"full":["https:\/\/www.artemrede.pt\/wp-content\/uploads\/2020\/08\/sesimbra-scaled-e1596407799101.jpg",2553,1433,false],"thumbnail":["https:\/\/www.artemrede.pt\/wp-content\/uploads\/2020\/08\/sesimbra-scaled-e1596407799101-480x270.jpg",480,270,true],"medium":["https:\/\/www.artemrede.pt\/wp-content\/uploads\/2020\/08\/sesimbra-scaled-e1596407799101-744x418.jpg",744,418,true],"medium_large":["https:\/\/www.artemrede.pt\/wp-content\/uploads\/2020\/08\/sesimbra-scaled-e1596407799101-1200x674.jpg",1200,674,true],"large":["https:\/\/www.artemrede.pt\/wp-content\/uploads\/2020\/08\/sesimbra-scaled-e1596407799101-1200x674.jpg",1200,674,true],"1536x1536":["https:\/\/www.artemrede.pt\/wp-content\/uploads\/2020\/08\/sesimbra-scaled-e1596407799101-1536x862.jpg",1536,862,true],"2048x2048":["https:\/\/www.artemrede.pt\/wp-content\/uploads\/2020\/08\/sesimbra-scaled-e1596407799101-2048x1150.jpg",2048,1150,true],"trp-custom-language-flag":["https:\/\/www.artemrede.pt\/wp-content\/uploads\/2020\/08\/sesimbra-scaled-e1596407799101.jpg",18,10,false],"icelander-thumbnail":["https:\/\/www.artemrede.pt\/wp-content\/uploads\/2020\/08\/sesimbra-scaled-e1596407799101-744x372.jpg",744,372,true],"icelander-square":["https:\/\/www.artemrede.pt\/wp-content\/uploads\/2020\/08\/sesimbra-scaled-e1596407799101-448x448.jpg",448,448,true],"icelander-intro":["https:\/\/www.artemrede.pt\/wp-content\/uploads\/2020\/08\/sesimbra-scaled-e1596407799101-1920x1080.jpg",1920,1080,true]},"uagb_author_info":{"display_name":"Bruno Castro","author_link":"https:\/\/www.artemrede.pt\/en\/author\/artred_bruno\/"},"uagb_comment_info":0,"uagb_excerpt":"Sesimbra TERRIT\u00d3RIO E COMUNIDADE O concelho de Sesimbra situa-se no sudoeste da Pen\u00ednsula de Set\u00fabal e possui uma \u00e1rea de 195 km2. \u00c9 limitado a norte pelos munic\u00edpios de Almada e Seixal, a nordeste pelo Barreiro, a leste por Set\u00fabal&hellip;","_links":{"self":[{"href":"https:\/\/www.artemrede.pt\/en\/wp-json\/wp\/v2\/wm_projects\/1737","targetHints":{"allow":["GET"]}}],"collection":[{"href":"https:\/\/www.artemrede.pt\/en\/wp-json\/wp\/v2\/wm_projects"}],"about":[{"href":"https:\/\/www.artemrede.pt\/en\/wp-json\/wp\/v2\/types\/wm_projects"}],"author":[{"embeddable":true,"href":"https:\/\/www.artemrede.pt\/en\/wp-json\/wp\/v2\/users\/2"}],"wp:featuredmedia":[{"embeddable":true,"href":"https:\/\/www.artemrede.pt\/en\/wp-json\/wp\/v2\/media\/1738"}],"wp:attachment":[{"href":"https:\/\/www.artemrede.pt\/en\/wp-json\/wp\/v2\/media?parent=1737"}],"wp:term":[{"taxonomy":"project_category","embeddable":true,"href":"https:\/\/www.artemrede.pt\/en\/wp-json\/wp\/v2\/project_category?post=1737"},{"taxonomy":"project_tag","embeddable":true,"href":"https:\/\/www.artemrede.pt\/en\/wp-json\/wp\/v2\/project_tag?post=1737"}],"curies":[{"name":"wp","href":"https:\/\/api.w.org\/{rel}","templated":true}]}}

<img decoding="async" src="https://www.artemrede.pt/wp-content/uploads/2020/08/sesimbra-scaled.jpg" alt="mural de arte urbana" itemprop="image" title="sesimbra" onerror="this.style.display='none'"  />
	<h1>Sesimbra</h1>
<div class="wm-content-module wm-posts-wrap clearfix wm-content-module-singular"><div class="wm-content-module-item wm-content-module-item-1714"><div class="wm-content-module-element wm-html-element title"><h2>Sesimbra on the map</h2></div><div class="wm-content-module-element wm-html-element content"><p><div class="leaflet-map WPLeafletMap" style="height:250px; width:100%;"></div><script>
window.WPLeafletMapPlugin = window.WPLeafletMapPlugin || [];
window.WPLeafletMapPlugin.push(function WPLeafletMapShortcode() {/*<script>*/
var baseUrl = atob('aHR0cHM6Ly97c30udGlsZS5vcGVuc3RyZWV0bWFwLm9yZy97en0ve3h9L3t5fS5wbmc=');
var base = (!baseUrl && window.MQ) ? 
    window.MQ.mapLayer() : L.tileLayer(baseUrl, 
        L.Util.extend({}, {
            detectRetina: 0,
        }, 
        {"subdomains":"abc","noWrap":false}        )
    );
    var options = L.Util.extend({}, {
        layers: [base],
        attributionControl: false
    }, 
    {"zoomControl":false,"scrollWheelZoom":false,"doubleClickZoom":false,"fitBounds":false,"minZoom":0,"maxZoom":20,"maxBounds":null,"attribution":"<a href=\"http:\/\/leafletjs.com\" title=\"A JS library for interactive maps\">Leaflet<\/a>; \\r\\n\u00a9 <a href=\"http:\/\/www.openstreetmap.org\/copyright\">OpenStreetMap<\/a> contributors"}, 
    {});
window.WPLeafletMapPlugin.createMap(options).setView([38.4442,-9.1015],12);});</script></p>
<p><script>
window.WPLeafletMapPlugin = window.WPLeafletMapPlugin || [];
window.WPLeafletMapPlugin.push(function WPLeafletMarkerShortcode() {/*<script>*/
var map = window.WPLeafletMapPlugin.getCurrentMap();
var group = window.WPLeafletMapPlugin.getCurrentGroup();
var marker_options = window.WPLeafletMapPlugin.getIconOptions({});
var marker = L.marker(
    [0,0], 
    marker_options
);
var is_image = map.is_image_map;
    marker.setLatLng( map.getCenter() );
if (marker_options.draggable) {
    marker.on('dragend', function () {
        var latlng = this.getLatLng();
        var lat = latlng.lat;
        var lng = latlng.lng;
        if (is_image) {
            console.log('leaflet-marker y=' + lat + ' x=' + lng);
        } else {
            console.log('leaflet-marker lat=' + lat + ' lng=' + lng);
        }
    });
}
marker.addTo( group );
marker.bindPopup(window.WPLeafletMapPlugin.unescape(' Sesimbra '));window.WPLeafletMapPlugin.markers.push( marker );
        });</script></p>
<p>&nbsp;</p>
<p>&nbsp;</p>
</div></div></div>
	<h3>TERRITORY AND COMMUNITY</h3>
<p>The municipality of Sesimbra is located in the southwest of Peninsula de Setúbal and has an area of 195 km2. It is limited to the north by the municipalities of Almada and Seixal, to the northeast by Barreiro, to the east by Setúbal and to the south and west by the Atlantic Ocean. Its coastline, with multiple landscapes, extends from Lagoa de Albufeira to Serra da Arrábida.</p>
<p>Sesimbra has many diverse landscapes, from the mountains to the beach, the coast having the shape of a cliff, the difficulty of access to the interior, with exceptions that provide small anchorages corresponding to valleys and gorges with steep slopes.</p>
	<h3>ACTIVE PROJECTS IN ARTEMREDE</h3>
<p>&nbsp;</p>
<ul>
<li>Manobras Festival</li>
<li>Visionários</li>
<li>BeSpecACTive!</li>
</ul>

Sesimbra TERRITÓRIO E COMUNIDADE O concelho de Sesimbra situa-se no sudoeste da Península de Setúbal e possui uma área de 195 km2. É limitado a norte pelos municípios de Almada e Seixal, a nordeste pelo Barreiro, a leste por Setúbal&hellip;
