{"id":1731,"date":"2020-08-02T17:03:44","date_gmt":"2020-08-02T17:03:44","guid":{"rendered":"https:\/\/www.artemrede.pt\/?post_type=wm_projects&#038;p=1731"},"modified":"2020-08-17T11:07:21","modified_gmt":"2020-08-17T11:07:21","slug":"palmela-2","status":"publish","type":"wm_projects","link":"https:\/\/www.artemrede.pt\/en\/project\/palmela-2\/","title":{"rendered":"Palmela"},"content":{"rendered":"<img decoding=\"async\" src=\"https:\/\/www.artemrede.pt\/wp-content\/uploads\/2020\/08\/palmela.jpg\" alt=\"mural de arte urbana\" itemprop=\"image\" title=\"palmela\" onerror=\"this.style.display='none'\"  \/>\n\t<h1>Palmela<\/h1>\n<div class=\"wm-content-module wm-posts-wrap clearfix wm-content-module-singular\"><div class=\"wm-content-module-item wm-content-module-item-1710\"><div class=\"wm-content-module-element wm-html-element title\"><h2>Palmela on the map<\/h2><\/div><div class=\"wm-content-module-element wm-html-element content\"><p><div class=\"leaflet-map WPLeafletMap\" style=\"height:250px; width:100%;\"><\/div><script>\nwindow.WPLeafletMapPlugin = window.WPLeafletMapPlugin || [];\nwindow.WPLeafletMapPlugin.push(function WPLeafletMapShortcode() {\/*<script>*\/\nvar baseUrl = atob('aHR0cHM6Ly97c30udGlsZS5vcGVuc3RyZWV0bWFwLm9yZy97en0ve3h9L3t5fS5wbmc=');\nvar base = (!baseUrl && window.MQ) ? \n    window.MQ.mapLayer() : L.tileLayer(baseUrl, \n        L.Util.extend({}, {\n            detectRetina: 0,\n        }, \n        {\"subdomains\":\"abc\",\"noWrap\":false}        )\n    );\n    var options = L.Util.extend({}, {\n        layers: [base],\n        attributionControl: false\n    }, \n    {\"zoomControl\":false,\"scrollWheelZoom\":false,\"doubleClickZoom\":false,\"fitBounds\":false,\"minZoom\":0,\"maxZoom\":20,\"maxBounds\":null,\"attribution\":\"<a href=\\\"http:\\\/\\\/leafletjs.com\\\" title=\\\"A JS library for interactive maps\\\">Leaflet<\\\/a>; \\\\r\\\\n\\u00a9 <a href=\\\"http:\\\/\\\/www.openstreetmap.org\\\/copyright\\\">OpenStreetMap<\\\/a> contributors\"}, \n    {});\nwindow.WPLeafletMapPlugin.createMap(options).setView([38.5694,-8.9017],12);});<\/script><\/p>\n<p><script>\nwindow.WPLeafletMapPlugin = window.WPLeafletMapPlugin || [];\nwindow.WPLeafletMapPlugin.push(function WPLeafletMarkerShortcode() {\/*<script>*\/\nvar map = window.WPLeafletMapPlugin.getCurrentMap();\nvar group = window.WPLeafletMapPlugin.getCurrentGroup();\nvar marker_options = window.WPLeafletMapPlugin.getIconOptions({});\nvar marker = L.marker(\n    [0,0], \n    marker_options\n);\nvar is_image = map.is_image_map;\n    marker.setLatLng( map.getCenter() );\nif (marker_options.draggable) {\n    marker.on('dragend', function () {\n        var latlng = this.getLatLng();\n        var lat = latlng.lat;\n        var lng = latlng.lng;\n        if (is_image) {\n            console.log('leaflet-marker y=' + lat + ' x=' + lng);\n        } else {\n            console.log('leaflet-marker lat=' + lat + ' lng=' + lng);\n        }\n    });\n}\nmarker.addTo( group );\nmarker.bindPopup(window.WPLeafletMapPlugin.unescape(' Palmela '));window.WPLeafletMapPlugin.markers.push( marker );\n        });<\/script><\/p>\n<p>&nbsp;<\/p>\n<p>&nbsp;<\/p>\n<\/div><\/div><\/div>\n\t<h3>TERRITORY AND COMMUNITY<\/h3>\n<p>Land of contrasts, the municipality of Palmela extends between the Arr\u00e1bida Natural Park and the Reserva Natural do Estu\u00e1rio do Sado, between the hectares of vineyards and the hospitable villages, between the metropolitan life and the monuments that mark the landscape and speak to us from other times.<\/p>\n<p>Nature, gastronomy, wines of excellence, horseback riding, handicrafts and a full festive and cultural calendar. These are some of the proposals that Palmela keeps for itself, without forgetting the golf courses and the wonderful beaches of Arr\u00e1bida.<\/p>\n\t<h3>ACTIVE PROJECTS IN ARTEMREDE<\/h3>\n<p>&nbsp;<\/p>\n<ul>\n<li>Manobras Festival<\/li>\n<\/ul>","protected":false},"excerpt":{"rendered":"<div class=\"entry-summary\">\n<div class=\"entry-summary\">\n&nbsp; &nbsp;\n<\/div>\n<\/div>","protected":false},"author":2,"featured_media":1732,"template":"","meta":{"om_disable_all_campaigns":false,"_monsterinsights_skip_tracking":false,"_monsterinsights_sitenote_active":false,"_monsterinsights_sitenote_note":"","_monsterinsights_sitenote_category":0},"project_category":[67],"project_tag":[],"class_list":["post-1731","wm_projects","type-wm_projects","status-publish","has-post-thumbnail","hentry","project_category-territorio","entry"],"aioseo_notices":[],"uagb_featured_image_src":{"full":["https:\/\/www.artemrede.pt\/wp-content\/uploads\/2020\/08\/palmela-e1596407878290.jpg",1024,576,false],"thumbnail":["https:\/\/www.artemrede.pt\/wp-content\/uploads\/2020\/08\/palmela-e1596407878290-480x270.jpg",480,270,true],"medium":["https:\/\/www.artemrede.pt\/wp-content\/uploads\/2020\/08\/palmela-e1596407878290-744x419.jpg",744,419,true],"medium_large":["https:\/\/www.artemrede.pt\/wp-content\/uploads\/2020\/08\/palmela-e1596407878290.jpg",1024,576,false],"large":["https:\/\/www.artemrede.pt\/wp-content\/uploads\/2020\/08\/palmela-e1596407878290.jpg",1024,576,false],"1536x1536":["https:\/\/www.artemrede.pt\/wp-content\/uploads\/2020\/08\/palmela-e1596407878290.jpg",1024,576,false],"2048x2048":["https:\/\/www.artemrede.pt\/wp-content\/uploads\/2020\/08\/palmela-e1596407878290.jpg",1024,576,false],"trp-custom-language-flag":["https:\/\/www.artemrede.pt\/wp-content\/uploads\/2020\/08\/palmela-e1596407878290.jpg",18,10,false],"icelander-thumbnail":["https:\/\/www.artemrede.pt\/wp-content\/uploads\/2020\/08\/palmela-e1596407878290-744x372.jpg",744,372,true],"icelander-square":["https:\/\/www.artemrede.pt\/wp-content\/uploads\/2020\/08\/palmela-e1596407878290-448x448.jpg",448,448,true],"icelander-intro":["https:\/\/www.artemrede.pt\/wp-content\/uploads\/2020\/08\/palmela-e1596407878290.jpg",1024,576,false]},"uagb_author_info":{"display_name":"Bruno Castro","author_link":"https:\/\/www.artemrede.pt\/en\/author\/artred_bruno\/"},"uagb_comment_info":0,"uagb_excerpt":"Palmela TERRIT\u00d3RIO E COMUNIDADE Terra de contrastes, o concelho de Palmela estende-se entre o Parque Natural da Arr\u00e1bida e a Reserva Natural do Estu\u00e1rio do Sado, entre os hectares de vinha e as povoa\u00e7\u00f5es hospitaleiras, entre a vida metropolitana e&hellip;","_links":{"self":[{"href":"https:\/\/www.artemrede.pt\/en\/wp-json\/wp\/v2\/wm_projects\/1731","targetHints":{"allow":["GET"]}}],"collection":[{"href":"https:\/\/www.artemrede.pt\/en\/wp-json\/wp\/v2\/wm_projects"}],"about":[{"href":"https:\/\/www.artemrede.pt\/en\/wp-json\/wp\/v2\/types\/wm_projects"}],"author":[{"embeddable":true,"href":"https:\/\/www.artemrede.pt\/en\/wp-json\/wp\/v2\/users\/2"}],"wp:featuredmedia":[{"embeddable":true,"href":"https:\/\/www.artemrede.pt\/en\/wp-json\/wp\/v2\/media\/1732"}],"wp:attachment":[{"href":"https:\/\/www.artemrede.pt\/en\/wp-json\/wp\/v2\/media?parent=1731"}],"wp:term":[{"taxonomy":"project_category","embeddable":true,"href":"https:\/\/www.artemrede.pt\/en\/wp-json\/wp\/v2\/project_category?post=1731"},{"taxonomy":"project_tag","embeddable":true,"href":"https:\/\/www.artemrede.pt\/en\/wp-json\/wp\/v2\/project_tag?post=1731"}],"curies":[{"name":"wp","href":"https:\/\/api.w.org\/{rel}","templated":true}]}}

<img decoding="async" src="https://www.artemrede.pt/wp-content/uploads/2020/08/palmela.jpg" alt="mural de arte urbana" itemprop="image" title="palmela" onerror="this.style.display='none'"  />
	<h1>Palmela</h1>
<div class="wm-content-module wm-posts-wrap clearfix wm-content-module-singular"><div class="wm-content-module-item wm-content-module-item-1710"><div class="wm-content-module-element wm-html-element title"><h2>Palmela on the map</h2></div><div class="wm-content-module-element wm-html-element content"><p><div class="leaflet-map WPLeafletMap" style="height:250px; width:100%;"></div><script>
window.WPLeafletMapPlugin = window.WPLeafletMapPlugin || [];
window.WPLeafletMapPlugin.push(function WPLeafletMapShortcode() {/*<script>*/
var baseUrl = atob('aHR0cHM6Ly97c30udGlsZS5vcGVuc3RyZWV0bWFwLm9yZy97en0ve3h9L3t5fS5wbmc=');
var base = (!baseUrl && window.MQ) ? 
    window.MQ.mapLayer() : L.tileLayer(baseUrl, 
        L.Util.extend({}, {
            detectRetina: 0,
        }, 
        {"subdomains":"abc","noWrap":false}        )
    );
    var options = L.Util.extend({}, {
        layers: [base],
        attributionControl: false
    }, 
    {"zoomControl":false,"scrollWheelZoom":false,"doubleClickZoom":false,"fitBounds":false,"minZoom":0,"maxZoom":20,"maxBounds":null,"attribution":"<a href=\"http:\/\/leafletjs.com\" title=\"A JS library for interactive maps\">Leaflet<\/a>; \\r\\n\u00a9 <a href=\"http:\/\/www.openstreetmap.org\/copyright\">OpenStreetMap<\/a> contributors"}, 
    {});
window.WPLeafletMapPlugin.createMap(options).setView([38.5694,-8.9017],12);});</script></p>
<p><script>
window.WPLeafletMapPlugin = window.WPLeafletMapPlugin || [];
window.WPLeafletMapPlugin.push(function WPLeafletMarkerShortcode() {/*<script>*/
var map = window.WPLeafletMapPlugin.getCurrentMap();
var group = window.WPLeafletMapPlugin.getCurrentGroup();
var marker_options = window.WPLeafletMapPlugin.getIconOptions({});
var marker = L.marker(
    [0,0], 
    marker_options
);
var is_image = map.is_image_map;
    marker.setLatLng( map.getCenter() );
if (marker_options.draggable) {
    marker.on('dragend', function () {
        var latlng = this.getLatLng();
        var lat = latlng.lat;
        var lng = latlng.lng;
        if (is_image) {
            console.log('leaflet-marker y=' + lat + ' x=' + lng);
        } else {
            console.log('leaflet-marker lat=' + lat + ' lng=' + lng);
        }
    });
}
marker.addTo( group );
marker.bindPopup(window.WPLeafletMapPlugin.unescape(' Palmela '));window.WPLeafletMapPlugin.markers.push( marker );
        });</script></p>
<p>&nbsp;</p>
<p>&nbsp;</p>
</div></div></div>
	<h3>TERRITORY AND COMMUNITY</h3>
<p>Land of contrasts, the municipality of Palmela extends between the Arrábida Natural Park and the Reserva Natural do Estuário do Sado, between the hectares of vineyards and the hospitable villages, between the metropolitan life and the monuments that mark the landscape and speak to us from other times.</p>
<p>Nature, gastronomy, wines of excellence, horseback riding, handicrafts and a full festive and cultural calendar. These are some of the proposals that Palmela keeps for itself, without forgetting the golf courses and the wonderful beaches of Arrábida.</p>
	<h3>ACTIVE PROJECTS IN ARTEMREDE</h3>
<p>&nbsp;</p>
<ul>
<li>Manobras Festival</li>
</ul>

Palmela TERRITÓRIO E COMUNIDADE Terra de contrastes, o concelho de Palmela estende-se entre o Parque Natural da Arrábida e a Reserva Natural do Estuário do Sado, entre os hectares de vinha e as povoações hospitaleiras, entre a vida metropolitana e&hellip;
