{"id":1729,"date":"2020-08-02T16:58:41","date_gmt":"2020-08-02T16:58:41","guid":{"rendered":"https:\/\/www.artemrede.pt\/?post_type=wm_projects&#038;p=1729"},"modified":"2020-08-17T11:07:57","modified_gmt":"2020-08-17T11:07:57","slug":"oeiras-2","status":"publish","type":"wm_projects","link":"https:\/\/www.artemrede.pt\/en\/project\/oeiras-2\/","title":{"rendered":"Oeiras"},"content":{"rendered":"<img decoding=\"async\" src=\"https:\/\/www.artemrede.pt\/wp-content\/uploads\/2020\/08\/oeiras.jpeg\" alt=\"mural de arte urbana\" itemprop=\"image\" title=\"oeiras\" onerror=\"this.style.display='none'\"  \/>\n\t<h1>Oeiras<\/h1>\n<div class=\"wm-content-module wm-posts-wrap clearfix wm-content-module-singular\"><div class=\"wm-content-module-item wm-content-module-item-1709\"><div class=\"wm-content-module-element wm-html-element title\"><h2>Oeiras on the map<\/h2><\/div><div class=\"wm-content-module-element wm-html-element content\"><p><div class=\"leaflet-map WPLeafletMap\" style=\"height:250px; width:100%;\"><\/div><script>\nwindow.WPLeafletMapPlugin = window.WPLeafletMapPlugin || [];\nwindow.WPLeafletMapPlugin.push(function WPLeafletMapShortcode() {\/*<script>*\/\nvar baseUrl = atob('aHR0cHM6Ly97c30udGlsZS5vcGVuc3RyZWV0bWFwLm9yZy97en0ve3h9L3t5fS5wbmc=');\nvar base = (!baseUrl && window.MQ) ? \n    window.MQ.mapLayer() : L.tileLayer(baseUrl, \n        L.Util.extend({}, {\n            detectRetina: 0,\n        }, \n        {\"subdomains\":\"abc\",\"noWrap\":false}        )\n    );\n    var options = L.Util.extend({}, {\n        layers: [base],\n        attributionControl: false\n    }, \n    {\"zoomControl\":false,\"scrollWheelZoom\":false,\"doubleClickZoom\":false,\"fitBounds\":false,\"minZoom\":0,\"maxZoom\":20,\"maxBounds\":null,\"attribution\":\"<a href=\\\"http:\\\/\\\/leafletjs.com\\\" title=\\\"A JS library for interactive maps\\\">Leaflet<\\\/a>; \\\\r\\\\n\\u00a9 <a href=\\\"http:\\\/\\\/www.openstreetmap.org\\\/copyright\\\">OpenStreetMap<\\\/a> contributors\"}, \n    {});\nwindow.WPLeafletMapPlugin.createMap(options).setView([38.6969,-9.3146],12);});<\/script><\/p>\n<p><script>\nwindow.WPLeafletMapPlugin = window.WPLeafletMapPlugin || [];\nwindow.WPLeafletMapPlugin.push(function WPLeafletMarkerShortcode() {\/*<script>*\/\nvar map = window.WPLeafletMapPlugin.getCurrentMap();\nvar group = window.WPLeafletMapPlugin.getCurrentGroup();\nvar marker_options = window.WPLeafletMapPlugin.getIconOptions({});\nvar marker = L.marker(\n    [0,0], \n    marker_options\n);\nvar is_image = map.is_image_map;\n    marker.setLatLng( map.getCenter() );\nif (marker_options.draggable) {\n    marker.on('dragend', function () {\n        var latlng = this.getLatLng();\n        var lat = latlng.lat;\n        var lng = latlng.lng;\n        if (is_image) {\n            console.log('leaflet-marker y=' + lat + ' x=' + lng);\n        } else {\n            console.log('leaflet-marker lat=' + lat + ' lng=' + lng);\n        }\n    });\n}\nmarker.addTo( group );\nmarker.bindPopup(window.WPLeafletMapPlugin.unescape(' Oeiras '));window.WPLeafletMapPlugin.markers.push( marker );\n        });<\/script><\/p>\n<p>&nbsp;<\/p>\n<p>&nbsp;<\/p>\n<\/div><\/div><\/div>\n\t<h3>TERRITORY AND COMMUNITY<\/h3>\n<p>Oeiras \u201cnasce\u201d atrav\u00e9s de Carta R\u00e9gia de 7 de Junho de 1759. A jurisdi\u00e7\u00e3o das terras \u00e9 atribu\u00edda pelo Rei D. Jos\u00e9 I a Sebasti\u00e3o Jos\u00e9 de Carvalho e Melo, feito Conde de Oeiras antes de ser Primeiro-ministro e Marqu\u00eas de Pombal. O grande momento de viragem de Oeiras ocorre em finais dos anos 80, quando se constitui como polo econ\u00f3mico aut\u00f3nomo, apostado no desenvolvimento do terci\u00e1rio (Ci\u00eancia e Investiga\u00e7\u00e3o e Tecnologias de Informa\u00e7\u00e3o e Comunica\u00e7\u00e3o). O Concelho tem um dos mais elevados \u00edndices de qualidade de vida em Portugal e assume-se como sede de importantes empresas ligadas \u00e0s novas tecnologias e \u00e0 presta\u00e7\u00e3o de servi\u00e7os. Tem ganho sucessivos pr\u00e9mios nos \u00faltimos anos, entre outros: &#8220;Melhor Concelho para trabalhar&#8221;, &#8220;Munic\u00edpio de excel\u00eancia&#8221;, &#8220;European Entreprise Awards&#8221; e o&#8221;ECOXXI&#8221;<\/p>\n\t<h3>ACTIVE PROJECTS IN ARTEMREDE<\/h3>\n<p>&nbsp;<\/p>\n<ul>\n<li>updating<\/li>\n<\/ul>","protected":false},"excerpt":{"rendered":"<div class=\"entry-summary\">\n<div class=\"entry-summary\">\n&nbsp; &nbsp;\n<\/div>\n<\/div>","protected":false},"author":2,"featured_media":1730,"template":"","meta":{"om_disable_all_campaigns":false,"_monsterinsights_skip_tracking":false,"_monsterinsights_sitenote_active":false,"_monsterinsights_sitenote_note":"","_monsterinsights_sitenote_category":0},"project_category":[67],"project_tag":[],"class_list":["post-1729","wm_projects","type-wm_projects","status-publish","has-post-thumbnail","hentry","project_category-territorio","entry"],"aioseo_notices":[],"uagb_featured_image_src":{"full":["https:\/\/www.artemrede.pt\/wp-content\/uploads\/2020\/08\/oeiras-e1596407901994.jpeg",570,320,false],"thumbnail":["https:\/\/www.artemrede.pt\/wp-content\/uploads\/2020\/08\/oeiras-e1596407901994-480x270.jpeg",480,270,true],"medium":["https:\/\/www.artemrede.pt\/wp-content\/uploads\/2020\/08\/oeiras-e1596407901994.jpeg",570,320,false],"medium_large":["https:\/\/www.artemrede.pt\/wp-content\/uploads\/2020\/08\/oeiras-e1596407901994.jpeg",570,320,false],"large":["https:\/\/www.artemrede.pt\/wp-content\/uploads\/2020\/08\/oeiras-e1596407901994.jpeg",570,320,false],"1536x1536":["https:\/\/www.artemrede.pt\/wp-content\/uploads\/2020\/08\/oeiras-e1596407901994.jpeg",570,320,false],"2048x2048":["https:\/\/www.artemrede.pt\/wp-content\/uploads\/2020\/08\/oeiras-e1596407901994.jpeg",570,320,false],"trp-custom-language-flag":["https:\/\/www.artemrede.pt\/wp-content\/uploads\/2020\/08\/oeiras-e1596407901994.jpeg",18,10,false],"icelander-thumbnail":["https:\/\/www.artemrede.pt\/wp-content\/uploads\/2020\/08\/oeiras-e1596407901994.jpeg",570,320,false],"icelander-square":["https:\/\/www.artemrede.pt\/wp-content\/uploads\/2020\/08\/oeiras-e1596407901994-448x320.jpeg",448,320,true],"icelander-intro":["https:\/\/www.artemrede.pt\/wp-content\/uploads\/2020\/08\/oeiras-e1596407901994.jpeg",570,320,false]},"uagb_author_info":{"display_name":"Bruno Castro","author_link":"https:\/\/www.artemrede.pt\/en\/author\/artred_bruno\/"},"uagb_comment_info":0,"uagb_excerpt":"Oeiras TERRIT\u00d3RIO E COMUNIDADE Oeiras \u201cnasce\u201d atrav\u00e9s de Carta R\u00e9gia de 7 de Junho de 1759. A jurisdi\u00e7\u00e3o das terras \u00e9 atribu\u00edda pelo Rei D. Jos\u00e9 I a Sebasti\u00e3o Jos\u00e9 de Carvalho e Melo, feito Conde de Oeiras antes de&hellip;","_links":{"self":[{"href":"https:\/\/www.artemrede.pt\/en\/wp-json\/wp\/v2\/wm_projects\/1729","targetHints":{"allow":["GET"]}}],"collection":[{"href":"https:\/\/www.artemrede.pt\/en\/wp-json\/wp\/v2\/wm_projects"}],"about":[{"href":"https:\/\/www.artemrede.pt\/en\/wp-json\/wp\/v2\/types\/wm_projects"}],"author":[{"embeddable":true,"href":"https:\/\/www.artemrede.pt\/en\/wp-json\/wp\/v2\/users\/2"}],"wp:featuredmedia":[{"embeddable":true,"href":"https:\/\/www.artemrede.pt\/en\/wp-json\/wp\/v2\/media\/1730"}],"wp:attachment":[{"href":"https:\/\/www.artemrede.pt\/en\/wp-json\/wp\/v2\/media?parent=1729"}],"wp:term":[{"taxonomy":"project_category","embeddable":true,"href":"https:\/\/www.artemrede.pt\/en\/wp-json\/wp\/v2\/project_category?post=1729"},{"taxonomy":"project_tag","embeddable":true,"href":"https:\/\/www.artemrede.pt\/en\/wp-json\/wp\/v2\/project_tag?post=1729"}],"curies":[{"name":"wp","href":"https:\/\/api.w.org\/{rel}","templated":true}]}}

<img decoding="async" src="https://www.artemrede.pt/wp-content/uploads/2020/08/oeiras.jpeg" alt="mural de arte urbana" itemprop="image" title="oeiras" onerror="this.style.display='none'"  />
	<h1>Oeiras</h1>
<div class="wm-content-module wm-posts-wrap clearfix wm-content-module-singular"><div class="wm-content-module-item wm-content-module-item-1709"><div class="wm-content-module-element wm-html-element title"><h2>Oeiras on the map</h2></div><div class="wm-content-module-element wm-html-element content"><p><div class="leaflet-map WPLeafletMap" style="height:250px; width:100%;"></div><script>
window.WPLeafletMapPlugin = window.WPLeafletMapPlugin || [];
window.WPLeafletMapPlugin.push(function WPLeafletMapShortcode() {/*<script>*/
var baseUrl = atob('aHR0cHM6Ly97c30udGlsZS5vcGVuc3RyZWV0bWFwLm9yZy97en0ve3h9L3t5fS5wbmc=');
var base = (!baseUrl && window.MQ) ? 
    window.MQ.mapLayer() : L.tileLayer(baseUrl, 
        L.Util.extend({}, {
            detectRetina: 0,
        }, 
        {"subdomains":"abc","noWrap":false}        )
    );
    var options = L.Util.extend({}, {
        layers: [base],
        attributionControl: false
    }, 
    {"zoomControl":false,"scrollWheelZoom":false,"doubleClickZoom":false,"fitBounds":false,"minZoom":0,"maxZoom":20,"maxBounds":null,"attribution":"<a href=\"http:\/\/leafletjs.com\" title=\"A JS library for interactive maps\">Leaflet<\/a>; \\r\\n\u00a9 <a href=\"http:\/\/www.openstreetmap.org\/copyright\">OpenStreetMap<\/a> contributors"}, 
    {});
window.WPLeafletMapPlugin.createMap(options).setView([38.6969,-9.3146],12);});</script></p>
<p><script>
window.WPLeafletMapPlugin = window.WPLeafletMapPlugin || [];
window.WPLeafletMapPlugin.push(function WPLeafletMarkerShortcode() {/*<script>*/
var map = window.WPLeafletMapPlugin.getCurrentMap();
var group = window.WPLeafletMapPlugin.getCurrentGroup();
var marker_options = window.WPLeafletMapPlugin.getIconOptions({});
var marker = L.marker(
    [0,0], 
    marker_options
);
var is_image = map.is_image_map;
    marker.setLatLng( map.getCenter() );
if (marker_options.draggable) {
    marker.on('dragend', function () {
        var latlng = this.getLatLng();
        var lat = latlng.lat;
        var lng = latlng.lng;
        if (is_image) {
            console.log('leaflet-marker y=' + lat + ' x=' + lng);
        } else {
            console.log('leaflet-marker lat=' + lat + ' lng=' + lng);
        }
    });
}
marker.addTo( group );
marker.bindPopup(window.WPLeafletMapPlugin.unescape(' Oeiras '));window.WPLeafletMapPlugin.markers.push( marker );
        });</script></p>
<p>&nbsp;</p>
<p>&nbsp;</p>
</div></div></div>
	<h3>TERRITORY AND COMMUNITY</h3>
<p>Oeiras “nasce” através de Carta Régia de 7 de Junho de 1759. A jurisdição das terras é atribuída pelo Rei D. José I a Sebastião José de Carvalho e Melo, feito Conde de Oeiras antes de ser Primeiro-ministro e Marquês de Pombal. O grande momento de viragem de Oeiras ocorre em finais dos anos 80, quando se constitui como polo económico autónomo, apostado no desenvolvimento do terciário (Ciência e Investigação e Tecnologias de Informação e Comunicação). O Concelho tem um dos mais elevados índices de qualidade de vida em Portugal e assume-se como sede de importantes empresas ligadas às novas tecnologias e à prestação de serviços. Tem ganho sucessivos prémios nos últimos anos, entre outros: &#8220;Melhor Concelho para trabalhar&#8221;, &#8220;Município de excelência&#8221;, &#8220;European Entreprise Awards&#8221; e o&#8221;ECOXXI&#8221;</p>
	<h3>ACTIVE PROJECTS IN ARTEMREDE</h3>
<p>&nbsp;</p>
<ul>
<li>updating</li>
</ul>

Oeiras TERRITÓRIO E COMUNIDADE Oeiras “nasce” através de Carta Régia de 7 de Junho de 1759. A jurisdição das terras é atribuída pelo Rei D. José I a Sebastião José de Carvalho e Melo, feito Conde de Oeiras antes de&hellip;
