{"id":1247,"date":"2020-03-01T23:46:43","date_gmt":"2020-03-01T23:46:43","guid":{"rendered":"https:\/\/www.artemrede.pt\/?post_type=wm_projects&#038;p=1247"},"modified":"2023-12-19T11:52:30","modified_gmt":"2023-12-19T11:52:30","slug":"visionarios","status":"publish","type":"wm_projects","link":"https:\/\/www.artemrede.pt\/en\/project\/visionarios\/","title":{"rendered":"Vision\u00e1rios"},"content":{"rendered":"<img decoding=\"async\" src=\"https:\/\/www.artemrede.pt\/wp-content\/uploads\/2017\/05\/artermrede_logo-projeto_VS_txt.png\" alt=\"logotipo projeto visionarios\" itemprop=\"image\" title=\"artermrede_logo-projeto_VS_txt\" onerror=\"this.style.display='none'\"  \/>\n\t<p><strong>Vision\u00e1rios: de espectadores a programadores<\/strong><\/p>\n<p>No outono de 2017, a Artemrede lan\u00e7ou o seu novo projeto: Vision\u00e1rios. Esta iniciativa de desenvolvimento de p\u00fablicos, inspirada no projeto italiano <em>Visionari<\/em>, \u00e9 transversal a 10 associados, assumindo contornos ligeiramente diferentes em munic\u00edpios de diferentes escalas.<\/p>\n<p>Os munic\u00edpios que aderiram a este projeto s\u00e3o\u00a0<strong>Abrantes,\u00a0Alcanena, Alcoba\u00e7a,\u00a0Barreiro, Lisboa, Moita, Pombal,\u00a0<\/strong><strong>Sesimbra<\/strong>\u00a0e\u00a0<strong>Tomar<\/strong>.<\/p>\n<p>Vision\u00e1rios\u00a0prop\u00f5e um novo modelo de aproxima\u00e7\u00e3o entre espectadores, artistas e institui\u00e7\u00f5es culturais. Subjacente a ela est\u00e1 a cria\u00e7\u00e3o de uma plataforma de debate que fomenta a livre express\u00e3o, a aprendizagem informal e o empoderamento do espectador, que abandona o seu papel tendencialmente passivo para participar ativamente nos processos de programa\u00e7\u00e3o.<\/p>\n<p>Os primeiros grupos de Vision\u00e1rios portugueses\u00a0reuniram-se\u00a0pela primeira vez a 18 de novembro em diversos munic\u00edpios durante o\u00a0<em><a href=\"http:\/\/www.bespectactive.eu\/european-spectators-day-2017\/\">European Spectators Day<\/a><\/em>, um evento promovido pelo projeto\u00a0<a href=\"http:\/\/www.bespectactive.eu\/\"><em>Be SpecACTive!<\/em><\/a>\u00a0que aconteceu simultaneamente em v\u00e1rias cidade da Europa.<\/p>\n<p>No primeiro semestre de 2018, os grupos de Vision\u00e1rios foram coordenados por t\u00e9cnicos dos munic\u00edpios. Assistiram a v\u00eddeos de espet\u00e1culos, debateram os seus conte\u00fados, discutiram or\u00e7amentos e refletiram sobre as v\u00e1rias quest\u00f5es ligadas ao processo de programa\u00e7\u00e3o.<\/p>\n<p>As edi\u00e7\u00f5es de 2018 e 2019 do Manobras \u2013 Festival Internacional de Marionetas e Formas Animadas incluiu uma sele\u00e7\u00e3o destes Vision\u00e1rios, naquela que foi uma iniciativa in\u00e9dita em Portugal. Em 2020, os Vision\u00e1rios mant\u00eam a sua participa\u00e7\u00e3o no festival.<\/p>","protected":false},"excerpt":{"rendered":"<div class=\"entry-summary\">\n<div class=\"entry-summary\">\nIniciativa de desenvolvimento de p\u00fablicos que prop\u00f5e um novo modelo de aproxima\u00e7\u00e3o entre espectadores, artistas e institui\u00e7\u00f5es culturais.\n<\/div>\n<\/div>","protected":false},"author":1,"featured_media":1778,"template":"","meta":{"om_disable_all_campaigns":false,"_monsterinsights_skip_tracking":false,"_monsterinsights_sitenote_active":false,"_monsterinsights_sitenote_note":"","_monsterinsights_sitenote_category":0},"project_category":[44],"project_tag":[],"class_list":["post-1247","wm_projects","type-wm_projects","status-publish","has-post-thumbnail","hentry","project_category-projetos-activos","entry"],"aioseo_notices":[],"uagb_featured_image_src":{"full":["https:\/\/www.artemrede.pt\/wp-content\/uploads\/2017\/05\/artermrede_logo-projeto_VS_txt-e1702986734326.png",668,447,false],"thumbnail":["https:\/\/www.artemrede.pt\/wp-content\/uploads\/2017\/05\/artermrede_logo-projeto_VS_txt-e1702986734326-480x270.png",480,270,true],"medium":["https:\/\/www.artemrede.pt\/wp-content\/uploads\/2017\/05\/artermrede_logo-projeto_VS_txt-744x744.png",744,744,true],"medium_large":["https:\/\/www.artemrede.pt\/wp-content\/uploads\/2017\/05\/artermrede_logo-projeto_VS_txt-e1702986734326.png",668,447,false],"large":["https:\/\/www.artemrede.pt\/wp-content\/uploads\/2017\/05\/artermrede_logo-projeto_VS_txt-e1702986734326.png",668,447,false],"1536x1536":["https:\/\/www.artemrede.pt\/wp-content\/uploads\/2017\/05\/artermrede_logo-projeto_VS_txt-e1702986734326.png",668,447,false],"2048x2048":["https:\/\/www.artemrede.pt\/wp-content\/uploads\/2017\/05\/artermrede_logo-projeto_VS_txt-e1702986734326.png",668,447,false],"trp-custom-language-flag":["https:\/\/www.artemrede.pt\/wp-content\/uploads\/2017\/05\/artermrede_logo-projeto_VS_txt-e1702986734326-18x12.png",18,12,true],"icelander-thumbnail":["https:\/\/www.artemrede.pt\/wp-content\/uploads\/2017\/05\/artermrede_logo-projeto_VS_txt-e1702986734326-668x372.png",668,372,true],"icelander-square":["https:\/\/www.artemrede.pt\/wp-content\/uploads\/2017\/05\/artermrede_logo-projeto_VS_txt-e1702986734326-448x447.png",448,447,true],"icelander-intro":["https:\/\/www.artemrede.pt\/wp-content\/uploads\/2017\/05\/artermrede_logo-projeto_VS_txt-1182x1080.png",1182,1080,true]},"uagb_author_info":{"display_name":"invisiblepgt","author_link":"https:\/\/www.artemrede.pt\/en\/author\/invisiblepgt\/"},"uagb_comment_info":0,"uagb_excerpt":"Iniciativa de desenvolvimento de p\u00fablicos que prop\u00f5e um novo modelo de aproxima\u00e7\u00e3o entre espectadores, artistas e institui\u00e7\u00f5es culturais.","_links":{"self":[{"href":"https:\/\/www.artemrede.pt\/en\/wp-json\/wp\/v2\/wm_projects\/1247","targetHints":{"allow":["GET"]}}],"collection":[{"href":"https:\/\/www.artemrede.pt\/en\/wp-json\/wp\/v2\/wm_projects"}],"about":[{"href":"https:\/\/www.artemrede.pt\/en\/wp-json\/wp\/v2\/types\/wm_projects"}],"author":[{"embeddable":true,"href":"https:\/\/www.artemrede.pt\/en\/wp-json\/wp\/v2\/users\/1"}],"wp:featuredmedia":[{"embeddable":true,"href":"https:\/\/www.artemrede.pt\/en\/wp-json\/wp\/v2\/media\/1778"}],"wp:attachment":[{"href":"https:\/\/www.artemrede.pt\/en\/wp-json\/wp\/v2\/media?parent=1247"}],"wp:term":[{"taxonomy":"project_category","embeddable":true,"href":"https:\/\/www.artemrede.pt\/en\/wp-json\/wp\/v2\/project_category?post=1247"},{"taxonomy":"project_tag","embeddable":true,"href":"https:\/\/www.artemrede.pt\/en\/wp-json\/wp\/v2\/project_tag?post=1247"}],"curies":[{"name":"wp","href":"https:\/\/api.w.org\/{rel}","templated":true}]}}

Visionários

<img decoding="async" src="https://www.artemrede.pt/wp-content/uploads/2017/05/artermrede_logo-projeto_VS_txt.png" alt="logotipo projeto visionarios" itemprop="image" title="artermrede_logo-projeto_VS_txt" onerror="this.style.display='none'"  />
	<p><strong>Visionários: de espectadores a programadores</strong></p>
<p>No outono de 2017, a Artemrede lançou o seu novo projeto: Visionários. Esta iniciativa de desenvolvimento de públicos, inspirada no projeto italiano <em>Visionari</em>, é transversal a 10 associados, assumindo contornos ligeiramente diferentes em municípios de diferentes escalas.</p>
<p>Os municípios que aderiram a este projeto são <strong>Abrantes, Alcanena, Alcobaça, Barreiro, Lisboa, Moita, Pombal, </strong><strong>Sesimbra</strong> e <strong>Tomar</strong>.</p>
<p>Visionários propõe um novo modelo de aproximação entre espectadores, artistas e instituições culturais. Subjacente a ela está a criação de uma plataforma de debate que fomenta a livre expressão, a aprendizagem informal e o empoderamento do espectador, que abandona o seu papel tendencialmente passivo para participar ativamente nos processos de programação.</p>
<p>Os primeiros grupos de Visionários portugueses reuniram-se pela primeira vez a 18 de novembro em diversos municípios durante o <em><a href="http://www.bespectactive.eu/european-spectators-day-2017/">European Spectators Day</a></em>, um evento promovido pelo projeto <a href="http://www.bespectactive.eu/"><em>Be SpecACTive!</em></a> que aconteceu simultaneamente em várias cidade da Europa.</p>
<p>No primeiro semestre de 2018, os grupos de Visionários foram coordenados por técnicos dos municípios. Assistiram a vídeos de espetáculos, debateram os seus conteúdos, discutiram orçamentos e refletiram sobre as várias questões ligadas ao processo de programação.</p>
<p>As edições de 2018 e 2019 do Manobras – Festival Internacional de Marionetas e Formas Animadas incluiu uma seleção destes Visionários, naquela que foi uma iniciativa inédita em Portugal. Em 2020, os Visionários mantêm a sua participação no festival.</p>

<div class="entry-summary">
<div class="entry-summary">
Iniciativa de desenvolvimento de públicos que propõe um novo modelo de aproximação entre espectadores, artistas e instituições culturais.
</div>
</div>

Iniciativa de desenvolvimento de públicos que propõe um novo modelo de aproximação entre espectadores, artistas e instituições culturais.
