{"id":4736,"date":"2026-05-22T11:01:42","date_gmt":"2026-05-22T11:01:42","guid":{"rendered":"https:\/\/www.artemrede.pt\/?page_id=4736"},"modified":"2026-05-22T11:01:42","modified_gmt":"2026-05-22T11:01:42","slug":"visionarios-convocatoria","status":"publish","type":"page","link":"https:\/\/www.artemrede.pt\/en\/visionarios-convocatoria\/","title":{"rendered":"VISION\u00c1RIOS | CONVOCAT\u00d3RIA"},"content":{"rendered":"","protected":false},"excerpt":{"rendered":"<div class=\"entry-summary\">\n<div class=\"entry-summary\">\nOportunidade para participar na programa\u00e7\u00e3o cultural do seu territ\u00f3rio &#8211; inscreva-se!\n<\/div>\n<div class=\"link-more\"><a href=\"https:\/\/www.artemrede.pt\/en\/visionarios-convocatoria\/\" class=\"more-link\">Continue reading<span class=\"screen-reader-text\"> &ldquo;VISION\u00c1RIOS | CONVOCAT\u00d3RIA&rdquo;<\/span>&hellip;<\/a><\/div>\n<\/div>\n<div class=\"link-more\"><a href=\"https:\/\/www.artemrede.pt\/en\/visionarios-convocatoria\/\" class=\"more-link\">Continue reading<span class=\"screen-reader-text\"> &ldquo;VISION\u00c1RIOS | CONVOCAT\u00d3RIA&rdquo;<\/span>&hellip;<\/a><\/div>","protected":false},"author":3,"featured_media":4731,"parent":0,"menu_order":0,"comment_status":"closed","ping_status":"closed","template":"","meta":{"om_disable_all_campaigns":false,"_monsterinsights_skip_tracking":false,"footnotes":""},"class_list":["post-4736","page","type-page","status-publish","has-post-thumbnail","hentry","entry"],"aioseo_notices":[],"uagb_featured_image_src":{"full":["https:\/\/www.artemrede.pt\/wp-content\/uploads\/2026\/05\/Isto_e_PARTIS_Carlos_Porfirio_Day_2_1097-scaled.jpg",2560,1706,false],"thumbnail":["https:\/\/www.artemrede.pt\/wp-content\/uploads\/2026\/05\/Isto_e_PARTIS_Carlos_Porfirio_Day_2_1097-480x270.jpg",480,270,true],"medium":["https:\/\/www.artemrede.pt\/wp-content\/uploads\/2026\/05\/Isto_e_PARTIS_Carlos_Porfirio_Day_2_1097-744x496.jpg",744,496,true],"medium_large":["https:\/\/www.artemrede.pt\/wp-content\/uploads\/2026\/05\/Isto_e_PARTIS_Carlos_Porfirio_Day_2_1097-1200x800.jpg",1200,800,true],"large":["https:\/\/www.artemrede.pt\/wp-content\/uploads\/2026\/05\/Isto_e_PARTIS_Carlos_Porfirio_Day_2_1097-1200x800.jpg",1200,800,true],"1536x1536":["https:\/\/www.artemrede.pt\/wp-content\/uploads\/2026\/05\/Isto_e_PARTIS_Carlos_Porfirio_Day_2_1097-1536x1024.jpg",1536,1024,true],"2048x2048":["https:\/\/www.artemrede.pt\/wp-content\/uploads\/2026\/05\/Isto_e_PARTIS_Carlos_Porfirio_Day_2_1097-2048x1365.jpg",2048,1365,true],"trp-custom-language-flag":["https:\/\/www.artemrede.pt\/wp-content\/uploads\/2026\/05\/Isto_e_PARTIS_Carlos_Porfirio_Day_2_1097-18x12.jpg",18,12,true],"icelander-thumbnail":["https:\/\/www.artemrede.pt\/wp-content\/uploads\/2026\/05\/Isto_e_PARTIS_Carlos_Porfirio_Day_2_1097-744x372.jpg",744,372,true],"icelander-square":["https:\/\/www.artemrede.pt\/wp-content\/uploads\/2026\/05\/Isto_e_PARTIS_Carlos_Porfirio_Day_2_1097-448x448.jpg",448,448,true],"icelander-intro":["https:\/\/www.artemrede.pt\/wp-content\/uploads\/2026\/05\/Isto_e_PARTIS_Carlos_Porfirio_Day_2_1097-1920x1080.jpg",1920,1080,true]},"uagb_author_info":{"display_name":"In\u00eas Arromba","author_link":"https:\/\/www.artemrede.pt\/en\/author\/artred_arromba\/"},"uagb_comment_info":0,"uagb_excerpt":"Oportunidade para participar na programa\u00e7\u00e3o cultural do seu territ\u00f3rio - inscreva-se! Continue reading &ldquo;VISION\u00c1RIOS | CONVOCAT\u00d3RIA&rdquo;&hellip;","_links":{"self":[{"href":"https:\/\/www.artemrede.pt\/en\/wp-json\/wp\/v2\/pages\/4736","targetHints":{"allow":["GET"]}}],"collection":[{"href":"https:\/\/www.artemrede.pt\/en\/wp-json\/wp\/v2\/pages"}],"about":[{"href":"https:\/\/www.artemrede.pt\/en\/wp-json\/wp\/v2\/types\/page"}],"author":[{"embeddable":true,"href":"https:\/\/www.artemrede.pt\/en\/wp-json\/wp\/v2\/users\/3"}],"replies":[{"embeddable":true,"href":"https:\/\/www.artemrede.pt\/en\/wp-json\/wp\/v2\/comments?post=4736"}],"version-history":[{"count":2,"href":"https:\/\/www.artemrede.pt\/en\/wp-json\/wp\/v2\/pages\/4736\/revisions"}],"predecessor-version":[{"id":4739,"href":"https:\/\/www.artemrede.pt\/en\/wp-json\/wp\/v2\/pages\/4736\/revisions\/4739"}],"wp:featuredmedia":[{"embeddable":true,"href":"https:\/\/www.artemrede.pt\/en\/wp-json\/wp\/v2\/media\/4731"}],"wp:attachment":[{"href":"https:\/\/www.artemrede.pt\/en\/wp-json\/wp\/v2\/media?parent=4736"}],"curies":[{"name":"wp","href":"https:\/\/api.w.org\/{rel}","templated":true}]}}

VISIONÁRIOS | CONVOCATÓRIA

<div class="entry-summary">
<div class="entry-summary">
Oportunidade para participar na programação cultural do seu território &#8211; inscreva-se!
</div>
<div class="link-more"><a href="https://www.artemrede.pt/en/visionarios-convocatoria/" class="more-link">Continue reading<span class="screen-reader-text"> &ldquo;VISIONÁRIOS | CONVOCATÓRIA&rdquo;</span>&hellip;</a></div>
</div>
<div class="link-more"><a href="https://www.artemrede.pt/en/visionarios-convocatoria/" class="more-link">Continue reading<span class="screen-reader-text"> &ldquo;VISIONÁRIOS | CONVOCATÓRIA&rdquo;</span>&hellip;</a></div>

Inês Arromba

Oportunidade para participar na programação cultural do seu território - inscreva-se! Continue reading &ldquo;VISIONÁRIOS | CONVOCATÓRIA&rdquo;&hellip;
